000
CXUS56 KPDT 011640
CLMPDT
CLIMATE REPORT
NATIONAL WEATHER SERVICE PENDLETON, OR
840 AM PST THU FEB 01 2024
...................................
...THE PENDLETON OR CLIMATE SUMMARY FOR THE MONTH OF JANUARY 2024...
CLIMATE NORMAL PERIOD 1991 TO 2020
CLIMATE RECORD PERIOD 1890 TO 2024
WEATHER OBSERVED NORMAL DEPART LAST YEAR`S
VALUE DATE(S) VALUE FROM VALUE DATE(S)
NORMAL
................................................................
TEMPERATURE (F)
RECORD
HIGH 71 01/24/1935
LOW -26 01/22/1930
HIGHEST 65 01/28 59 01/13
LOWEST -5 01/13 10 01/30
AVG. MAXIMUM 37.4 41.7 -4.3 46.9
AVG. MINIMUM 24.4 28.0 -3.6 31.1
MEAN 30.9 34.9 -4.0 39.0
DAYS MAX >= 90 0 0.0 0.0 0
DAYS MAX <= 32 10 6.6 3.4 3
DAYS MIN <= 32 23 20.6 2.4 19
DAYS MIN <= 0 3 0.6 2.4 0
PRECIPITATION (INCHES)
RECORD
MAXIMUM 4.18 1912
MINIMUM 0.21 1949
TOTALS 2.44 1.52 0.92 0.61
DAILY AVG. 0.08 0.05 0.03 0.02
DAYS >= .01 20 12.3 7.7 9
DAYS >= .10 9 5.4 3.6 1
DAYS >= .50 0 0.4 -0.4 0
DAYS >= 1.00 0 0.0 0.0 0
GREATEST
24 HR. TOTAL 0.45 01/18 TO 01/19 0.30 01/12 TO 01/12
DEGREE DAYS
HEATING TOTAL 1051 935 116 799
SINCE 7/1 2960 3170 -210
COOLING TOTAL 0 0 0 0
SINCE 1/1 0 0 0
................................................................
WIND (MPH)
AVERAGE WIND SPEED 7.8
RESULTANT WIND SPEED/DIRECTION 3/260
HIGHEST WIND SPEED/DIRECTION 45/250 DATE 01/10
HIGHEST GUST SPEED/DIRECTION 58/250 DATE 01/09
AVERAGE RH (PERCENT) 79
WEATHER CONDITIONS. NUMBER OF DAYS WITH
THUNDERSTORM 0 MIXED PRECIP 0
HEAVY RAIN 1 RAIN 4
LIGHT RAIN 14 FREEZING RAIN 2
LT FREEZING RAIN 8 HAIL 0
HEAVY SNOW 1 SNOW 4
LIGHT SNOW 11 SLEET 2
FOG 25 FOG W/VIS <= 1/4 MILE 14
HAZE 11
- INDICATES NEGATIVE NUMBERS.
R INDICATES RECORD WAS SET OR TIED.
MM INDICATES DATA IS MISSING.
T INDICATES TRACE AMOUNT.
$$