927
CXUS52 KTBW 040335
CF6PGD
PRELIMINARY LOCAL CLIMATOLOGICAL DATA (WS FORM: F-6)
STATION: Punta Gorda
MONTH: APRIL
YEAR: 2020
LATITUDE: 26 55 N
LONGITUDE: 82 0 W
TEMPERATURE IN F: :PCPN: SNOW: WIND :SUNSHINE: SKY :PK WND
================================================================================
1 2 3 4 5 6A 6B 7 8 9 10 11 12 13 14 15 16 17 18
12Z AVG MX 2MIN
DY MAX MIN AVG DEP HDD CDD WTR SNW DPTH SPD SPD DIR MIN PSBL S-S WX SPD DR
================================================================================
1 82 56 69 -1 0 4 0.47 0.0 0 10.6 29 300 M M 1 1 37 310
2 82 51 67 -3 0 2 0.00 0.0 0 7.2 17 290 M M 0 21 300
3 85 53 69 -1 0 4 0.00 0.0 0 7.0 18 250 M M 0 22 240
4 85 58 72 2 0 7 0.00 0.0 0 5.0 16 230 M M 1 1 20 220
5 80 64 72 2 0 7 0.42 0.0 0 7.4 17 40 M M 8 1 20 40
6 85 65 75 4 0 10 0.00 0.0 0 9.2 21 70 M M 6 24 90
7 89 62 76 5 0 11 0.00 0.0 0 5.7 17 260 M M 2 1 21 260
8 88 65 77 6 0 12 0.00 0.0 0 6.9 16 260 M M 1 1 20 290
9 88 73 81 10 0 16 0.00 0.0 0 10.5 20 280 M M 4 24 260
10 89 69 79 8 0 14 0.00 0.0 0 10.7 18 270 M M 4 1 23 270
11 87 63 75 4 0 10 0.00 0.0 0 8.0 17 160 M M 4 20 140
12 95 73 84 13 0 19 0.00 0.0 0 12.7 20 150 M M 4 18 26 140
13 91 73 82 11 0 17 0.00 0.0 0 13.0 23 190 M M 3 18 30 210
14 93 70 82 10 0 17 0.00 0.0 0 9.4 20 240 M M 3 128 23 240
15 91 73 82 10 0 17 0.00 0.0 0 10.4 23 220 M M 3 1 29 240
16 79 65 72 0 0 7 0.41 0.0 0 10.4 22 60 M M 8 1 28 50
17 89 66 78 6 0 13 0.00 0.0 0 8.1 16 240 M M 6 1 19 250
18 86 67 77 5 0 12 0.01 0.0 0 4.8 26 340 M M 3 12 30 340
19 92 65 79 7 0 14 0.00 0.0 0 8.8 21 250 M M 1 12 25 260
20 86 71 79 7 0 14 0.18 0.0 0 12.2 29 230 M M 5 1 37 220
21 90 68 79 7 0 14 0.00 0.0 0 7.0 18 270 M M 2 22 270
22 91 59 75 2 0 10 0.00 0.0 0 7.3 14 50 M M 0 1 18 50
23 94 63 79 6 0 14 0.00 0.0 0 11.2 24 190 M M 0 30 160
24 83 68 76 3 0 11 1.01 0.0 0 8.2 22 30 M M 8 13 27 50
25 86 68 77 4 0 12 T 0.0 0 7.6 20 190 M M 2 1 25 190
26 85 70 78 5 0 13 T 0.0 0 7.2 16 220 M M 6 1 21 220
27 83 57 70 -4 0 5 0.00 0.0 0 7.7 16 60 M M 0 22 20
28 87 53 70 -4 0 5 0.00 0.0 0 8.4 17 110 M M 0 25 70
29 89 59 74 0 0 9 0.00 0.0 0 8.1 22 240 M M 1 8 26 250
30 82 61 72 -2 0 7 1.52 0.0 0 8.9 21 310 M M 3 13 26 300
================================================================================
SM 2612 1928 0 327 4.02 0.0 259.6 M 89
================================================================================
AV 87.1 64.3 8.7 FASTST M M 3 MAX(MPH)
MISC ----> # 29 300 # 37 310
================================================================================
NOTES:
# LAST OF SEVERAL OCCURRENCES
COLUMN 17 PEAK WIND IN M.P.H.
PRELIMINARY LOCAL CLIMATOLOGICAL DATA (WS FORM: F-6) , PAGE 2
STATION: Punta Gorda
MONTH: APRIL
YEAR: 2020
LATITUDE: 26 55 N
LONGITUDE: 82 0 W
[TEMPERATURE DATA] [PRECIPITATION DATA] SYMBOLS USED IN COLUMN 16
AVERAGE MONTHLY: 75.7 TOTAL FOR MONTH: 4.02 1 = FOG OR MIST
DPTR FM NORMAL: 3.9 DPTR FM NORMAL: 1.59 2 = FOG REDUCING VISIBILITY
HIGHEST: 95 ON 12 GRTST 24HR 1.52 ON 30-30 TO 1/4 MILE OR LESS
LOWEST: 51 ON 2 3 = THUNDER
SNOW, ICE PELLETS, HAIL 4 = ICE PELLETS
TOTAL MONTH: 0.0 INCH 5 = HAIL
GRTST 24HR 0.0 6 = FREEZING RAIN OR DRIZZLE
GRTST DEPTH: 0 7 = DUSTSTORM OR SANDSTORM:
VSBY 1/2 MILE OR LESS
8 = SMOKE OR HAZE
[NO. OF DAYS WITH] [WEATHER - DAYS WITH] 9 = BLOWING SNOW
X = TORNADO
MAX 32 OR BELOW: 0 0.01 INCH OR MORE: 7
MAX 90 OR ABOVE: 8 0.10 INCH OR MORE: 6
MIN 32 OR BELOW: 0 0.50 INCH OR MORE: 2
MIN 0 OR BELOW: 0 1.00 INCH OR MORE: 2
[HDD (BASE 65) ]
TOTAL THIS MO. 0 CLEAR (SCALE 0-3) 19
DPTR FM NORMAL -7 PTCLDY (SCALE 4-7) 11
TOTAL FM JUL 1 238 CLOUDY (SCALE 8-10) 0
DPTR FM NORMAL -158
[CDD (BASE 65) ]
TOTAL THIS MO. 327
DPTR FM NORMAL 114 [PRESSURE DATA]
TOTAL FM JAN 1 814 HIGHEST SLP 30.19 ON 28
DPTR FM NORMAL 324 LOWEST SLP 29.73 ON 1
[REMARKS]
#FINAL-04-20#