000
CXUS53 KUNR 011727
CF6PHP
PRELIMINARY LOCAL CLIMATOLOGICAL DATA (WS FORM: F-6)
STATION: PHILIP SD
MONTH: FEBRUARY
YEAR: 2023
LATITUDE: 44 3 N
LONGITUDE: 101 36 W
TEMPERATURE IN F: :PCPN: SNOW: WIND :SUNSHINE: SKY :PK WND
================================================================================
1 2 3 4 5 6A 6B 7 8 9 10 11 12 13 14 15 16 17 18
12Z AVG MX 2MIN
DY MAX MIN AVG DEP HDD CDD WTR SNW DPTH SPD SPD DIR MIN PSBL S-S WX SPD DR
================================================================================
1 33 9 21 -2 44 0 0.00 M M 9.6 17 260 M M 0 22 250
2 31 7 19 -4 46 0 T M M 10.9 22 10 M M 9 18 27 10
3 32 0 16 -7 49 0 0.00 M M 4.1 13 270 M M 0 15 270
4 50 25 38 15 27 0 0.00 M M 9.5 21 310 M M 0 26 320
5 48 27 38 15 27 0 0.00 M M 8.4 18 210 M M 0 27 200
6 47 27 37 14 28 0 0.00 M M 14.3 31 310 M M 2 40 310
7 53 26 40 16 25 0 0.00 M M 7.7 21 280 M M 0 26 280
8 54 26 40 16 25 0 0.00 M M 9.0 22 330 M M 2 26 330
9 37 18 28 4 37 0 0.01 M M 14.0 28 350 M M 5 1 37 340
10 49 19 34 10 31 0 0.00 M M 9.5 20 230 M M 0 26 240
11 55 24 40 16 25 0 0.00 M M 7.1 13 30 M M 0 17 30
12 54 23 39 15 26 0 0.00 M M 8.5 20 320 M M 0 29 310
13 62 23 43 19 22 0 0.00 M M 7.3 22 230 M M 0 27 230
14 40 15 28 3 37 0 0.01 M M 21.2 40 320 M M 6 1 55 320
15 27 8 18 -7 47 0 T M M 14.6 35 330 M M 3 1 47 320
16 37 6 22 -3 43 0 0.00 M M 6.2 15 280 M M 0 18 280
17 54 12 33 8 32 0 0.00 M M 8.9 22 300 M M 0 29 290
18 50 12 31 5 34 0 0.00 M M 4.6 15 310 M M 0 19 300
19 45 22 34 8 31 0 0.00 M M 6.8 22 340 M M 4 31 340
20 44 18 31 5 34 0 0.00 M M 11.5 28 330 M M 3 35 330
21 45 5 25 -1 40 0 0.18 M M 15.7 25 30 M M 9 1 34 30
22 5 -7 -1 -28 66 0 0.49 M M 18.8 30 360 M M 10 1 39 360
23 -1 -20 -10 -37 75 0 0.03 M M 11.0 24 330 M M 4 18 29 340
24 10 -19 -4 -32 69 0 0.00 M M 7.6 20 160 M M 5 1 25 130
25 38 -13 13 -15 52 0 0.00 M M 6.1 22 250 M M 0 29 250
26 50 5 28 0 37 0 0.00 M M 5.0 18 360 M M 0 1 22 360
27 43 26 35 6 30 0 0.00 M M 10.5 30 320 M M 4 43 320
28 46 24 35 6 30 0 0.01 M M 15.0 38 280 M M 3 1 48 290
================================================================================
SM 1138 348 1069 0 0.73 M 283.4 M 69
================================================================================
AV 40.6 12.4 10.1 FASTST M M 2 MAX(MPH)
MISC ----> 40 320 55 320
================================================================================
NOTES:
# LAST OF SEVERAL OCCURRENCES
COLUMN 17 PEAK WIND IN M.P.H.
PRELIMINARY LOCAL CLIMATOLOGICAL DATA (WS FORM: F-6) , PAGE 2
STATION: PHILIP SD
MONTH: FEBRUARY
YEAR: 2023
LATITUDE: 44 3 N
LONGITUDE: 101 36 W
[TEMPERATURE DATA] [PRECIPITATION DATA] SYMBOLS USED IN COLUMN 16
AVERAGE MONTHLY: 26.5 TOTAL FOR MONTH: 0.73 1 = FOG OR MIST
DPTR FM NORMAL: 1.3 DPTR FM NORMAL: 0.26 2 = FOG REDUCING VISIBILITY
HIGHEST: 62 ON 13 GRTST 24HR 0.49 ON 22-22 TO 1/4 MILE OR LESS
LOWEST: -20 ON 23 3 = THUNDER
SNOW, ICE PELLETS, HAIL 4 = ICE PELLETS
TOTAL MONTH: M 5 = HAIL
GRTST 24HR M ON M 6 = FREEZING RAIN OR DRIZZLE
GRTST DEPTH: M ON M 7 = DUSTSTORM OR SANDSTORM:
VSBY 1/2 MILE OR LESS
8 = SMOKE OR HAZE
[NO. OF DAYS WITH] [WEATHER - DAYS WITH] 9 = BLOWING SNOW
X = TORNADO
MAX 32 OR BELOW: 6 0.01 INCH OR MORE: 6
MAX 90 OR ABOVE: 0 0.10 INCH OR MORE: 2
MIN 32 OR BELOW: 28 0.50 INCH OR MORE: 0
MIN 0 OR BELOW: 5 1.00 INCH OR MORE: 0
[HDD (BASE 65) ]
TOTAL THIS MO. 1069 CLEAR (SCALE 0-3) 19
DPTR FM NORMAL -45 PTCLDY (SCALE 4-7) 6
TOTAL FM JUL 1 5286 CLOUDY (SCALE 8-10) 3
DPTR FM NORMAL -4
[CDD (BASE 65) ]
TOTAL THIS MO. 0
DPTR FM NORMAL 0 [PRESSURE DATA]
TOTAL FM JAN 1 0 HIGHEST SLP 30.75 ON 24
DPTR FM NORMAL 0 LOWEST SLP 29.16 ON 14
[REMARKS]
#FINAL-02-23#