000
CXUS53 KILX 010900
CF6PIA
PRELIMINARY LOCAL CLIMATOLOGICAL DATA (WS FORM: F-6)
STATION: PEORIA IL
MONTH: JUNE
YEAR: 2021
LATITUDE: 40 40 N
LONGITUDE: 89 41 W
TEMPERATURE IN F: :PCPN: SNOW: WIND :SUNSHINE: SKY :PK WND
================================================================================
1 2 3 4 5 6A 6B 7 8 9 10 11 12 13 14 15 16 17 18
12Z AVG MX 2MIN
DY MAX MIN AVG DEP HDD CDD WTR SNW DPTH SPD SPD DIR MIN PSBL S-S WX SPD DR
================================================================================
1 76 51 64 -5 1 0 0.00 0.0 0 2.3 9 130 M M 5 1 13 150
2 79 55 67 -2 0 2 0.00 0.0 0 2.6 13 60 M M 2 1 18 30
3 85 55 70 1 0 5 0.00 0.0 0 4.6 10 280 M M 0 1 17 270
4 86 61 74 4 0 9 0.00 0.0 0 7.5 17 240 M M 0 26 240
5 88 64 76 6 0 11 0.00 0.0 0 9.9 18 220 M M 1 28 210
6 87 65 76 6 0 11 0.00 0.0 0 9.7 20 210 M M 3 26 200
7 83 71 77 6 0 12 0.25 0.0 0 6.7 16 180 M M 5 13 21 170
8 88 68 78 7 0 13 0.00 0.0 0 5.8 15 200 M M 2 24 200
9 89 67 78 7 0 13 0.00 0.0 0 3.6 13 70 M M 3 1 20 60
10 91 70 81 9 0 16 0.00 0.0 0 2.9 13 80 M M 0 18 80
11 95 70 83 11 0 18 0.01 0.0 0 2.4 13 350 M M 1 18 290
12 95 72 84 12 0 19 0.00 0.0 0 4.4 14 340 M M 1 23 350
13 89 66 78 6 0 13 0.00 0.0 0 4.5 13 40 M M 0 19 40
14 86 64 75 2 0 10 0.00 0.0 0 6.1 14 40 M M 0 22 350
15 88 59 74 1 0 9 0.00 0.0 0 4.9 17 80 M M 2 24 80
16 85 62 74 1 0 9 0.00 0.0 0 5.3 13 70 M M 2 17 90
17 91 64 78 4 0 13 0.00 0.0 0 9.3 18 180 M M 0 27 180
18 88 71 80 6 0 15 0.23 0.0 0 7.7 36 260 M M 1 13 52 260
19 86 67 77 3 0 12 0.67 0.0 0 9.9 32 180 M M 5 13 43 190
20 83 69 76 2 0 11 0.15 0.0 0 8.5 30 270 M M 2 3 42 190
21 73 55 64 -10 1 0 0.00 0.0 0 8.0 18 300 M M 5 33 300
22 76 49 63 -12 2 0 0.05 0.0 0 5.2 15 210 M M 2 20 200
23 83 60 72 -3 0 7 0.27 0.0 0 12.3 24 190 M M 5 1 35 190
24 76 67 72 -3 0 7 0.75 0.0 0 11.1 17 170 M M 8 13 26 160
25 83 71 77 2 0 12 1.12 0.0 0 9.1 22 190 M M 7 13 33 170
26 83 71 77 2 0 12 0.73 0.0 0 9.4 23 230 M M 8 13 32 220
27 85 73 79 4 0 14 0.02 0.0 0 7.1 15 240 M M 7 22 190
28 84 72 78 2 0 13 0.36 0.0 0 4.8 23 220 M M 6 13 33 220
29 87 72 80 4 0 15 0.76 0.0 0 4.2 16 330 M M 4 13 26 330
30 82 72 77 1 0 12 T 0.0 0 5.6 12 210 M M 8 12 15 240
================================================================================
SM 2550 1953 4 313 5.37 0.0 195.4 M 95
================================================================================
AV 85.0 65.1 6.5 FASTST M M 3 MAX(MPH)
MISC ----> 36 260 52 260
================================================================================
NOTES:
# LAST OF SEVERAL OCCURRENCES
COLUMN 17 PEAK WIND IN M.P.H.
PRELIMINARY LOCAL CLIMATOLOGICAL DATA (WS FORM: F-6) , PAGE 2
STATION: PEORIA IL
MONTH: JUNE
YEAR: 2021
LATITUDE: 40 40 N
LONGITUDE: 89 41 W
[TEMPERATURE DATA] [PRECIPITATION DATA] SYMBOLS USED IN COLUMN 16
AVERAGE MONTHLY: 75.1 TOTAL FOR MONTH: 5.37 1 = FOG OR MIST
DPTR FM NORMAL: 2.3 DPTR FM NORMAL: 1.64 2 = FOG REDUCING VISIBILITY
HIGHEST: 95 ON 12,11 GRTST 24HR 1.35 ON 25-26 TO 1/4 MILE OR LESS
LOWEST: 49 ON 22 3 = THUNDER
SNOW, ICE PELLETS, HAIL 4 = ICE PELLETS
TOTAL MONTH: 0.0 INCH 5 = HAIL
GRTST 24HR 0.0 6 = FREEZING RAIN OR DRIZZLE
GRTST DEPTH: 0 7 = DUSTSTORM OR SANDSTORM:
VSBY 1/2 MILE OR LESS
8 = SMOKE OR HAZE
[NO. OF DAYS WITH] [WEATHER - DAYS WITH] 9 = BLOWING SNOW
X = TORNADO
MAX 32 OR BELOW: 0 0.01 INCH OR MORE: 13
MAX 90 OR ABOVE: 4 0.10 INCH OR MORE: 10
MIN 32 OR BELOW: 0 0.50 INCH OR MORE: 5
MIN 0 OR BELOW: 0 1.00 INCH OR MORE: 1
[HDD (BASE 65) ]
TOTAL THIS MO. 4 CLEAR (SCALE 0-3) 18
DPTR FM NORMAL -9 PTCLDY (SCALE 4-7) 12
TOTAL FM JUL 1 5596 CLOUDY (SCALE 8-10) 0
DPTR FM NORMAL -15
[CDD (BASE 65) ]
TOTAL THIS MO. 313
DPTR FM NORMAL 66 [PRESSURE DATA]
TOTAL FM JAN 1 408 HIGHEST SLP 30.23 ON 1
DPTR FM NORMAL 59 LOWEST SLP 29.43 ON 20
[REMARKS]
#FINAL-06-21#