000
CXUS53 KILX 010900
CF6PIA
PRELIMINARY LOCAL CLIMATOLOGICAL DATA (WS FORM: F-6)
STATION: PEORIA IL
MONTH: OCTOBER
YEAR: 2023
LATITUDE: 40 40 N
LONGITUDE: 89 41 W
TEMPERATURE IN F: :PCPN: SNOW: WIND :SUNSHINE: SKY :PK WND
================================================================================
1 2 3 4 5 6A 6B 7 8 9 10 11 12 13 14 15 16 17 18
12Z AVG MX 2MIN
DY MAX MIN AVG DEP HDD CDD WTR SNW DPTH SPD SPD DIR MIN PSBL S-S WX SPD DR
================================================================================
1 86 60 73 12 0 8 0.00 0.0 0 3.4 12 110 M M 0 17 80
2 86 60 73 12 0 8 0.00 0.0 0 2.7 13 190 M M 0 20 200
3 88 59 74 14 0 9 0.00 0.0 0 6.8 17 200 M M 0 23 180
4 80 67 74 14 0 9 0.01 0.0 0 9.6 20 210 M M 6 27 210
5 76 56 66 6 0 1 0.11 0.0 0 4.1 12 210 M M 5 1 17 300
6 59 47 53 -6 12 0 0.01 0.0 0 9.6 25 270 M M 5 8 37 270
7 61 43 52 -7 13 0 0.00 0.0 0 6.1 16 300 M M 3 24 300
8 63 47 55 -3 10 0 0.00 0.0 0 3.6 12 70 M M 7 15 60
9 63 41 52 -6 13 0 0.00 0.0 0 4.4 16 290 M M 3 25 280
10 66 37 52 -5 13 0 0.00 0.0 0 3.2 16 270 M M 0 24 250
11 70 40 55 -2 10 0 T 0.0 0 6.2 22 50 M M 4 31 50
12 79 55 67 10 0 2 0.00 0.0 0 8.8 21 70 M M 3 29 60
13 64 55 60 4 5 0 0.82 0.0 0 9.1 21 280 M M 8 1 27 270
14 57 50 54 -2 11 0 0.05 0.0 0 9.2 17 10 M M 10 1 31 20
15 55 46 51 -4 14 0 T 0.0 0 6.9 16 340 M M 4 26 350
16 63 42 53 -2 12 0 0.00 0.0 0 3.6 10 10 M M 1 16 20
17 66 38 52 -2 13 0 0.00 0.0 0 2.0 10 260 M M 1 1 15 310
18 72 44 58 4 7 0 0.03 0.0 0 8.5 24 200 M M 3 35 190
19 61 54 58 4 7 0 0.16 0.0 0 7.9 18 270 M M 9 1 27 260
20 68 47 58 5 7 0 0.00 0.0 0 6.8 18 300 M M 0 33 320
21 72 47 60 7 5 0 0.00 0.0 0 8.6 23 310 M M 1 37 290
22 62 41 52 0 13 0 0.00 0.0 0 3.2 8 130 M M 0 12 130
23 75 47 61 9 4 0 0.00 0.0 0 10.3 22 180 M M 0 33 200
24 80 57 69 17 0 4 T 0.0 0 9.7 21 220 M M 4 30 210
25 73 61 67 16 0 2 0.82 0.0 0 8.9 17 210 M M 10 1 24 210
26 72 64 68 17 0 3 0.65 0.0 0 9.3 18 180 M M 6 1 25 180
27 69 40 55 5 10 0 0.34 0.0 0 9.1 16 290 M M 8 1 27 350
28 49 38 44 -6 21 0 0.17 0.0 0 6.5 13 50 M M 9 20 340
29 45 37 41 -8 24 0 0.06 0.0 0 6.9 13 350 M M 10 1 22 350
30 42 28 35 -14 30 0 0.00 0.0 0 5.8 16 260 M M 3 23 260
31 37 26 32 -17 33 0 0.00 0.0 0 11.6 25 280 M M 6 41 280
================================================================================
SM 2059 1474 287 46 3.23 0.0 212.4 M 129
================================================================================
AV 66.4 47.5 6.9 FASTST M M 4 MAX(MPH)
MISC ----> # 25 270 41 280
================================================================================
NOTES:
# LAST OF SEVERAL OCCURRENCES
COLUMN 17 PEAK WIND IN M.P.H.
PRELIMINARY LOCAL CLIMATOLOGICAL DATA (WS FORM: F-6) , PAGE 2
STATION: PEORIA IL
MONTH: OCTOBER
YEAR: 2023
LATITUDE: 40 40 N
LONGITUDE: 89 41 W
[TEMPERATURE DATA] [PRECIPITATION DATA] SYMBOLS USED IN COLUMN 16
AVERAGE MONTHLY: 57.0 TOTAL FOR MONTH: 3.23 1 = FOG OR MIST
DPTR FM NORMAL: 2.1 DPTR FM NORMAL: 0.06 2 = FOG REDUCING VISIBILITY
HIGHEST: 88 ON 3 GRTST 24HR 1.07 ON 25-26 TO 1/4 MILE OR LESS
LOWEST: 26 ON 31 3 = THUNDER
SNOW, ICE PELLETS, HAIL 4 = ICE PELLETS
TOTAL MONTH: 0.0 INCH 5 = HAIL
GRTST 24HR 0.0 6 = FREEZING RAIN OR DRIZZLE
GRTST DEPTH: 0 7 = DUSTSTORM OR SANDSTORM:
VSBY 1/2 MILE OR LESS
8 = SMOKE OR HAZE
[NO. OF DAYS WITH] [WEATHER - DAYS WITH] 9 = BLOWING SNOW
X = TORNADO
MAX 32 OR BELOW: 0 0.01 INCH OR MORE: 12
MAX 90 OR ABOVE: 0 0.10 INCH OR MORE: 7
MIN 32 OR BELOW: 2 0.50 INCH OR MORE: 3
MIN 0 OR BELOW: 0 1.00 INCH OR MORE: 0
[HDD (BASE 65) ]
TOTAL THIS MO. 287 CLEAR (SCALE 0-3) 13
DPTR FM NORMAL -48 PTCLDY (SCALE 4-7) 13
TOTAL FM JUL 1 290 CLOUDY (SCALE 8-10) 5
DPTR FM NORMAL -115
[CDD (BASE 65) ]
TOTAL THIS MO. 46
DPTR FM NORMAL 24 [PRESSURE DATA]
TOTAL FM JAN 1 1246 HIGHEST SLP 30.41 ON 31
DPTR FM NORMAL 90 LOWEST SLP 29.63 ON 13
[REMARKS]
#FINAL-10-23#