000
CXUS53 KABR 011435
CF6PIR
PRELIMINARY LOCAL CLIMATOLOGICAL DATA (WS FORM: F-6)
STATION: PIERRE SD
MONTH: NOVEMBER
YEAR: 2022
LATITUDE: 44 22 N
LONGITUDE: 100 17 W
TEMPERATURE IN F: :PCPN: SNOW: WIND :SUNSHINE: SKY :PK WND
================================================================================
1 2 3 4 5 6A 6B 7 8 9 10 11 12 13 14 15 16 17 18
12Z AVG MX 2MIN
DY MAX MIN AVG DEP HDD CDD WTR SNW DPTH SPD SPD DIR MIN PSBL S-S WX SPD DR
================================================================================
1 75 31 53 13 12 0 0.00 0.0 0 6.3 15 130 M M 0 22 150
2 79 42 61 21 4 0 0.00 0.0 0 10.9 23 340 M M 0 32 190
3 52 34 43 3 22 0 T T 0 19.6 36 350 M M 4 54 340
4 45 20 33 -6 32 0 0.00 0.0 0 5.6 14 340 M M 2 19 330
5 55 19 37 -2 28 0 T 0.0 0 10.2 28 310 M M 3 39 300
6 48 20 34 -4 31 0 0.00 0.0 0 18.6 36 300 M M 0 50 300
7 39 15 27 -11 38 0 T T 0 15.7 32 130 M M 7 43 120
8 61 33 47 10 18 0 0.00 0.0 0 16.5 26 140 M M 8 35 130
9 33 28 31 -6 34 0 0.33 0.0 0 13.0 23 350 M M 10 136 30 350
10 32 15 24 -12 41 0 0.03 T 0 21.3 31 310 M M 10 16 40 300
11 18 11 15 -21 50 0 T T T 15.4 28 320 M M 7 1 39 330
12 23 7 15 -21 50 0 0.00 0.0 T 5.6 16 130 M M 6 1 20 130
13 26 13 20 -15 45 0 0.02 T T 10.9 22 120 M M 5 1 28 120
14 25 9 17 -18 48 0 0.05 0.8 T 6.6 17 340 M M 9 1 22 330
15 23 11 17 -17 48 0 0.01 0.2 1 14.4 21 340 M M 9 18 29 330
16 33 10 22 -12 43 0 0.05 0.6 1 10.7 24 310 M M 9 18 30 310
17 32 12 22 -11 43 0 T T 1 24.3 39 330 M M 10 1 51 310
18 29 9 19 -14 46 0 T T 1 20.1 41 320 M M 8 189 54 310
19 25 12 19 -13 46 0 0.00 0.0 1 15.6 30 320 M M 5 41 320
20 44 12 28 -4 37 0 0.00 0.0 T 11.0 25 310 M M 0 31 310
21 41 21 31 -1 34 0 0.00 0.0 T 5.2 16 310 M M 0 22 310
22 52 18 35 4 30 0 0.00 0.0 0 5.2 15 290 M M 1 20 300
23 51 25 38 7 27 0 0.00 0.0 0 9.0 26 330 M M 0 33 330
24 47 30 39 9 26 0 0.00 0.0 0 15.2 26 330 M M 0 36 330
25 62 29 46 16 19 0 0.00 0.0 0 8.8 17 240 M M 0 20 240
26 53 28 41 11 24 0 0.00 0.0 0 15.4 30 350 M M 1 42 350
27 44 20 32 3 33 0 0.00 0.0 0 9.4 22 150 M M 0 29 160
28 40 25 33 4 32 0 0.00 0.0 0 11.5 25 320 M M 6 32 320
29 28 16 22 -6 43 0 0.00 0.0 0 23.0 36 310 M M 2 45 310
30 24 12 18 -10 47 0 0.00 0.0 0 14.7 30 300 M M 2 41 310
================================================================================
SM 1239 587 1031 0 0.49 1.6 389.7 M 124
================================================================================
AV 41.3 19.6 13.0 FASTST M M 4 MAX(MPH)
MISC ----> 41 320 # 54 340
================================================================================
NOTES:
# LAST OF SEVERAL OCCURRENCES
COLUMN 17 PEAK WIND IN M.P.H.
PRELIMINARY LOCAL CLIMATOLOGICAL DATA (WS FORM: F-6) , PAGE 2
STATION: PIERRE SD
MONTH: NOVEMBER
YEAR: 2022
LATITUDE: 44 22 N
LONGITUDE: 100 17 W
[TEMPERATURE DATA] [PRECIPITATION DATA] SYMBOLS USED IN COLUMN 16
AVERAGE MONTHLY: 30.4 TOTAL FOR MONTH: 0.49 1 = FOG OR MIST
DPTR FM NORMAL: -3.7 DPTR FM NORMAL: -0.28 2 = FOG REDUCING VISIBILITY
HIGHEST: 79 ON 2 GRTST 24HR 0.36 ON 9-10 TO 1/4 MILE OR LESS
LOWEST: 7 ON 12 3 = THUNDER
SNOW, ICE PELLETS, HAIL 4 = ICE PELLETS
TOTAL MONTH: 1.6 INCHES 5 = HAIL
GRTST 24HR 0.8 ON 14-14 6 = FREEZING RAIN OR DRIZZLE
GRTST DEPTH: 1 ON 19,18 7 = DUSTSTORM OR SANDSTORM:
VSBY 1/2 MILE OR LESS
8 = SMOKE OR HAZE
[NO. OF DAYS WITH] [WEATHER - DAYS WITH] 9 = BLOWING SNOW
X = TORNADO
MAX 32 OR BELOW: 11 0.01 INCH OR MORE: 6
MAX 90 OR ABOVE: 0 0.10 INCH OR MORE: 1
MIN 32 OR BELOW: 27 0.50 INCH OR MORE: 0
MIN 0 OR BELOW: 0 1.00 INCH OR MORE: 0
[HDD (BASE 65) ]
TOTAL THIS MO. 1031 CLEAR (SCALE 0-3) 15
DPTR FM NORMAL 103 PTCLDY (SCALE 4-7) 9
TOTAL FM JUL 1 1517 CLOUDY (SCALE 8-10) 6
DPTR FM NORMAL -86
[CDD (BASE 65) ]
TOTAL THIS MO. 0
DPTR FM NORMAL 0 [PRESSURE DATA]
TOTAL FM JAN 1 991 HIGHEST SLP 30.53 ON 17
DPTR FM NORMAL 155 LOWEST SLP 29.25 ON 5
[REMARKS]
#FINAL-11-22#