907
CXUS55 KABR 011200
CF6PIR
PRELIMINARY LOCAL CLIMATOLOGICAL DATA (WS FORM: F-6)
STATION: PIERRE SD
MONTH: OCTOBER
YEAR: 2020
LATITUDE: 44 22 N
LONGITUDE: 100 17 W
TEMPERATURE IN F: :PCPN: SNOW: WIND :SUNSHINE: SKY :PK WND
================================================================================
1 2 3 4 5 6A 6B 7 8 9 10 11 12 13 14 15 16 17 18
12Z AVG MX 2MIN
DY MAX MIN AVG DEP HDD CDD WTR SNW DPTH SPD SPD DIR MIN PSBL S-S WX SPD DR
================================================================================
1 58 38 48 -7 17 0 0.00 0.0 0 11.4 21 340 M M 2 31 290
2 58 36 47 -8 18 0 0.03 0.0 0 5.7 14 110 M M 4 19 120
3 63 38 51 -3 14 0 0.00 0.0 0 3.8 12 300 M M 6 1 15 300
4 73 35 54 0 11 0 0.00 0.0 0 11.1 22 140 M M 0 30 150
5 77 41 59 5 6 0 0.00 0.0 0 11.5 28 320 M M 0 35 310
6 86 43 65 12 0 0 0.00 0.0 0 9.8 22 280 M M 0 29 310
7 76 42 59 6 6 0 0.00 0.0 0 6.7 14 10 M M 0 20 350
8 78 41 60 8 5 0 0.00 0.0 0 13.1 32 140 M M 0 39 140
9 85 42 64 12 1 0 0.00 0.0 0 8.8 21 350 M M 0 27 360
10 75 37 56 5 9 0 0.00 0.0 0 13.0 28 140 M M 0 37 140
11 74 50 62 11 3 0 T 0.0 0 16.7 35 320 M M 3 48 310
12 72 38 55 5 10 0 T 0.0 0 11.9 31 310 M M 3 42 300
13 64 42 53 3 12 0 0.00 0.0 0 13.7 30 300 M M 0 41 300
14 63 37 50 0 15 0 0.00 0.0 0 19.3 35 320 M M 5 48 320
15 53 31 42 -7 23 0 T 0.0 0 13.7 32 310 M M 2 43 320
16 55 31 43 -6 22 0 T 0.0 0 10.4 25 300 M M 4 35 300
17 50 32 41 -7 24 0 T 0.0 0 13.3 31 340 M M 6 42 330
18 38 22 30 -18 35 0 T T 0 9.0 20 340 M M 3 25 330
19 42 32 37 -10 28 0 T T 0 10.3 17 120 M M 9 23 130
20 51 32 42 -5 23 0 0.17 0.0 0 13.0 28 310 M M 7 1 39 300
21 35 31 33 -13 32 0 0.49 1.1 0 10.6 21 60 M M 9 126 27 60
22 31 28 30 -16 35 0 0.40 3.4 2 15.3 24 80 M M 10 16 31 70
23 30 15 23 -23 42 0 T T 4 9.6 22 350 M M 5 1 30 350
24 24 20 22 -23 43 0 0.03 0.6 4 15.0 23 120 M M 9 1 30 130
25 22 12 17 -28 48 0 0.11 1.3 6 12.0 18 340 M M 7 1 22 340
26 19 3 11 -33 54 0 0.00 0.0 6 6.7 12 160 M M 1 16 330
27 34 2 18 -26 47 0 0.00 0.0 6 11.7 20 260 M M 0 26 270
28 43 29 36 -7 29 0 0.00 0.0 5 10.3 22 320 M M 2 26 320
29 42 25 34 -9 31 0 0.00 0.0 3 6.3 15 130 M M 7 1 19 140
30 52 29 41 -1 24 0 0.00 0.0 1 10.0 20 140 M M 2 12 26 130
31 56 31 44 2 21 0 0.00 0.0 T 19.7 44 310 M M 0 60 300
================================================================================
SM 1679 965 688 0 1.23 6.4 353.4 M 106
================================================================================
AV 54.2 31.1 11.4 FASTST M M 3 MAX(MPH)
MISC ----> 44 310 60 300
================================================================================
NOTES:
# LAST OF SEVERAL OCCURRENCES
COLUMN 17 PEAK WIND IN M.P.H.
PRELIMINARY LOCAL CLIMATOLOGICAL DATA (WS FORM: F-6) , PAGE 2
STATION: PIERRE SD
MONTH: OCTOBER
YEAR: 2020
LATITUDE: 44 22 N
LONGITUDE: 100 17 W
[TEMPERATURE DATA] [PRECIPITATION DATA] SYMBOLS USED IN COLUMN 16
AVERAGE MONTHLY: 42.6 TOTAL FOR MONTH: 1.23 1 = FOG OR MIST
DPTR FM NORMAL: -6.1 DPTR FM NORMAL: -0.42 2 = FOG REDUCING VISIBILITY
HIGHEST: 86 ON 6 GRTST 24HR 0.55 ON 21-22 TO 1/4 MILE OR LESS
LOWEST: 2 ON 27 3 = THUNDER
SNOW, ICE PELLETS, HAIL 4 = ICE PELLETS
TOTAL MONTH: 6.4 INCHES 5 = HAIL
GRTST 24HR 3.4 ON 22-22 6 = FREEZING RAIN OR DRIZZLE
GRTST DEPTH: 6 ON 27,26 7 = DUSTSTORM OR SANDSTORM:
VSBY 1/2 MILE OR LESS
8 = SMOKE OR HAZE
[NO. OF DAYS WITH] [WEATHER - DAYS WITH] 9 = BLOWING SNOW
X = TORNADO
MAX 32 OR BELOW: 5 0.01 INCH OR MORE: 6
MAX 90 OR ABOVE: 0 0.10 INCH OR MORE: 4
MIN 32 OR BELOW: 17 0.50 INCH OR MORE: 0
MIN 0 OR BELOW: 0 1.00 INCH OR MORE: 0
[HDD (BASE 65) ]
TOTAL THIS MO. 688 CLEAR (SCALE 0-3) 17
DPTR FM NORMAL 178 PTCLDY (SCALE 4-7) 10
TOTAL FM JUL 1 820 CLOUDY (SCALE 8-10) 4
DPTR FM NORMAL 139
[CDD (BASE 65) ]
TOTAL THIS MO. 0
DPTR FM NORMAL -5 [PRESSURE DATA]
TOTAL FM JAN 1 955 HIGHEST SLP 30.60 ON 23
DPTR FM NORMAL 87 LOWEST SLP 29.36 ON 11
[REMARKS]
#FINAL-10-20#