000
CXUS51 KRLX 011942
CLMPKB
CLIMATE REPORT
NATIONAL WEATHER SERVICE CHARLESTON WV
342 PM EDT SAT APR 01 2023
...................................
...THE PARKERSBURG WV CLIMATE SUMMARY FOR THE MONTH OF MARCH 2023...
CLIMATE NORMAL PERIOD: 1991 TO 2020
CLIMATE RECORD PERIOD: 1926 TO 2023
WEATHER OBSERVED NORMAL DEPART LAST YEAR`S
VALUE DATE(S) VALUE FROM VALUE
NORMAL
..............................................................
TEMPERATURE (F)
RECORD
HIGH 89 03/25/1929
LOW -5 03/03/1980
HIGHEST 77 03/01 83
LOWEST 18 03/19 10
AVG. MAXIMUM 55.7 54.2 1.5 59.1
AVG. MINIMUM 32.1 32.9 -0.8 33.5
MEAN 43.9 43.6 0.3 46.3
DAYS MAX >= 90 0 0.0 0.0 0
DAYS MAX <= 32 0 1.0 -1.0 1
DAYS MAX >= 80 0 1
DAYS MIN <= 32 19 16.2 2.8 15
DAYS MIN <= 0 0 0.0 0.0 0
DAYS MIN <= 10 0 0
PRECIPITATION (INCHES)
RECORD
MAXIMUM 9.39 1963
MINIMUM 0.10 1910
TOTALS 3.53 3.67 -0.14 3.22
DAILY AVG. 0.11 0.12 -0.01 0.10
DAYS >= .01 13 13.4 -0.4 14
DAYS >= .10 7 7.9 -0.9 7
DAYS >= .50 3 2.7 0.3 2
DAYS >= 1.00 1 0.6 0.4 1
GREATEST
24 HR. TOTAL 1.51 03/23 TO 03/24 1.19
DEGREE DAYS
HEATING TOTAL 648 667 -19 570
SINCE 7/1 3921 4411 -490 MM
COOLING TOTAL 0 2 -2 0
SINCE 1/1 0 2 -2 MM
..............................................................
WIND (MPH)
AVERAGE WIND SPEED 6.8
HIGHEST WIND SPEED/DIRECTION 33/230 DATE 03/25
HIGHEST GUST SPEED/DIRECTION 57/280 DATE 03/25
SKY COVER
AVERAGE SKY COVER 0.48
NUMBER OF DAYS FAIR 15
NUMBER OF DAYS PC 7
NUMBER OF DAYS CLOUDY 9
AVERAGE RH (PERCENT) 60
WEATHER CONDITIONS. NUMBER OF DAYS WITH
THUNDERSTORM 2 MIXED PRECIP 0
HEAVY RAIN 2 RAIN 6
LIGHT RAIN 14 FREEZING RAIN 0
LT FREEZING RAIN 0 HAIL 0
HEAVY SNOW 0 SNOW 2
LIGHT SNOW 5 SLEET 0
FOG 13 FOG W/VIS <= 1/4 MILE 0
HAZE 2
- INDICATES NEGATIVE NUMBERS.
R INDICATES RECORD WAS SET OR TIED.
MM INDICATES DATA IS MISSING.
T INDICATES TRACE AMOUNT.
$$