000
CXUS56 KLOX 011255
CF6PMD
PRELIMINARY LOCAL CLIMATOLOGICAL DATA (WS FORM: F-6)
STATION: PALMDALE AIRPORT CA
MONTH: DECEMBER
YEAR: 2021
LATITUDE: 34 37 N
LONGITUDE: 118 5 W
TEMPERATURE IN F: :PCPN: SNOW: WIND :SUNSHINE: SKY :PK WND
================================================================================
1 2 3 4 5 6A 6B 7 8 9 10 11 12 13 14 15 16 17 18
12Z AVG MX 2MIN
DY MAX MIN AVG DEP HDD CDD WTR SNW DPTH SPD SPD DIR MIN PSBL S-S WX SPD DR
================================================================================
1 76 38 57 10 8 0 0.00 M M 5.4 13 30 M M 0 16 30
2 73 35 54 8 11 0 0.00 M M 4.5 10 190 M M 0 17 190
3 72 36 54 8 11 0 0.00 M M 2.3 10 190 M M 0 10 190
4 70 36 53 7 12 0 0.00 M M 2.8 10 190 M M 0 13 20
5 73 35 54 8 11 0 0.00 M M 3.5 10 190 M M 0 10 190
6 74 35 55 9 10 0 0.00 M M 6.5 22 230 M M 0 26 220
7 66 45 56 11 9 0 0.01 M M 6.4 16 30 M M 5 8 26 330
8 67 37 52 7 13 0 0.00 M M 10.9 25 220 M M 0 31 220
9 53 42 48 3 17 0 T M M 18.9 33 270 M M 6 40 270
10 54 30 42 -3 23 0 0.00 M M 5.6 16 280 M M 0 18 19 290
11 52 23 38 -7 27 0 0.00 M M 3.3 9 190 M M 0 10 270
12 60 23 42 -2 23 0 0.00 M M 5.6 17 210 M M 0 22 220
13 54 34 44 0 21 0 0.00 M M 12.7 31 220 M M 2 35 210
14 53 33 43 -1 22 0 0.68 M M 21.0 44 240 M M 8 1 54 230
15 48 32 40 -4 25 0 0.00 M M 7.0 17 270 M M 0 20 270
16 58 31 45 1 20 0 0.00 M M 10.7 23 220 M M 1 28 220
17 53 30 42 -2 23 0 0.00 M M 5.7 16 50 M M 0 18 50
18 51 25 38 -6 27 0 0.00 M M 3.5 8 190 M M 0 11 30
19 52 25 39 -5 26 0 0.00 M M 2.3 28 210 M M 0 28 210
20 50 24 37 -7 28 0 0.00 M M 3.1 8 190 M M 0 9 350
21 51 33 42 -2 23 0 0.00 M M 2.0 7 190 M M 0 9 320
22 60 32 46 2 19 0 0.00 M M 6.0 24 230 M M 2 29 230
23 55 48 52 8 13 0 0.54 M M 8.9 18 330 M M 10 1 25 320
24 53 44 49 5 16 0 0.08 M M 15.2 32 260 M M 5 1 40 260
25 54 38 46 2 19 0 0.14 M M 12.5 30 210 M M 4 1 36 210
26 49 36 43 -1 22 0 T M M 13.4 29 220 M M 2 34 220
27 47 36 42 -2 23 0 0.04 M M 17.6 41 220 M M 4 1 48 220
28 48 36 42 -2 23 0 0.00 M M 14.0 31 270 M M 3 37 270
29 53 36 45 1 20 0 0.02 M M 11.8 28 170 M M 6 33 170
30 44 39 42 -2 23 0 0.85 M M 5.4 10 280 M M 9 1 13 300
31 51 35 43 -1 22 0 0.00 M M 16.0 44 270 M M 0 1 52 270
================================================================================
SM 1774 1062 590 0 2.36 M 264.5 M 67
================================================================================
AV 57.2 34.3 8.5 FASTST M M 2 MAX(MPH)
MISC ----> # 44 240 54 230
================================================================================
NOTES:
# LAST OF SEVERAL OCCURRENCES
COLUMN 17 PEAK WIND IN M.P.H.
PRELIMINARY LOCAL CLIMATOLOGICAL DATA (WS FORM: F-6) , PAGE 2
STATION: PALMDALE AIRPORT CA
MONTH: DECEMBER
YEAR: 2021
LATITUDE: 34 37 N
LONGITUDE: 118 5 W
[TEMPERATURE DATA] [PRECIPITATION DATA] SYMBOLS USED IN COLUMN 16
AVERAGE MONTHLY: 45.7 TOTAL FOR MONTH: 2.36 1 = FOG OR MIST
DPTR FM NORMAL: 1.0 DPTR FM NORMAL: 1.34 2 = FOG REDUCING VISIBILITY
HIGHEST: 76 ON 1 GRTST 24HR 0.87 ON 29-30 TO 1/4 MILE OR LESS
LOWEST: 23 ON 12,11 3 = THUNDER
SNOW, ICE PELLETS, HAIL 4 = ICE PELLETS
TOTAL MONTH: M 5 = HAIL
GRTST 24HR M ON M 6 = FREEZING RAIN OR DRIZZLE
GRTST DEPTH: M ON M 7 = DUSTSTORM OR SANDSTORM:
VSBY 1/2 MILE OR LESS
8 = SMOKE OR HAZE
[NO. OF DAYS WITH] [WEATHER - DAYS WITH] 9 = BLOWING SNOW
X = TORNADO
MAX 32 OR BELOW: 0 0.01 INCH OR MORE: 8
MAX 90 OR ABOVE: 0 0.10 INCH OR MORE: 4
MIN 32 OR BELOW: 10 0.50 INCH OR MORE: 3
MIN 0 OR BELOW: 0 1.00 INCH OR MORE: 0
[HDD (BASE 65) ]
TOTAL THIS MO. 590 CLEAR (SCALE 0-3) 21
DPTR FM NORMAL -41 PTCLDY (SCALE 4-7) 8
TOTAL FM JUL 1 959 CLOUDY (SCALE 8-10) 2
DPTR FM NORMAL -155
[CDD (BASE 65) ]
TOTAL THIS MO. 0
DPTR FM NORMAL 0 [PRESSURE DATA]
TOTAL FM JAN 1 2412 HIGHEST SLP 30.37 ON 18
DPTR FM NORMAL 468 LOWEST SLP 29.64 ON 14
[REMARKS]
#FINAL-12-21#