000
CXUS56 KLOX 291155
CF6PMD
PRELIMINARY LOCAL CLIMATOLOGICAL DATA (WS FORM: F-6)
STATION: PALMDALE AIRPORT CA
MONTH: MARCH
YEAR: 2024
LATITUDE: 34 37 N
LONGITUDE: 118 5 W
TEMPERATURE IN F: :PCPN: SNOW: WIND :SUNSHINE: SKY :PK WND
================================================================================
1 2 3 4 5 6A 6B 7 8 9 10 11 12 13 14 15 16 17 18
12Z AVG MX 2MIN
DY MAX MIN AVG DEP HDD CDD WTR SNW DPTH SPD SPD DIR MIN PSBL S-S WX SPD DR
================================================================================
1 60 45 53 2 12 0 0.01 M M 16.1 28 230 M M 5 35 220
2 54 45 50 -2 15 0 0.06 M M 20.6 33 220 M M 6 8 45 220
3 56 44 50 -2 15 0 T M M 19.9 29 220 M M 6 41 250
4 58 40 49 -3 16 0 0.00 M M 17.7 33 290 M M 0 42 280
5 66 34 50 -2 15 0 0.00 M M 7.6 21 220 M M 0 25 210
6 59 44 52 0 13 0 0.08 M M 11.9 25 200 M M 5 32 250
7 59 40 50 -2 15 0 T M M 12.9 28 290 M M 3 33 290
8 65 35 50 -3 15 0 0.00 M M 7.2 16 30 M M 0 21 20
9 69 32 51 -2 14 0 0.00 M M 5.7 17 220 M M 0 23 220
10 67 36 52 -1 13 0 0.00 M M 8.6 21 220 M M 0 28 240
11 63 40 52 -1 13 0 0.00 M M 12.1 25 220 M M 0 32 230
12 66 45 56 3 9 0 0.00 M M 19.0 36 290 M M 0 46 300
13 59 39 49 -5 16 0 0.00 M M 15.0 28 290 M M 0 35 280
14 60 33 47 -7 18 0 0.00 M M 17.2 36 60 M M 2 48 30
15 59 38 49 -5 16 0 T M M 8.2 18 70 M M 7 30 50
16 62 39 51 -3 14 0 0.00 M M 7.9 16 110 M M 5 22 50
17 69 37 53 -1 12 0 0.00 M M 5.8 17 70 M M 1 22 70
18 72 39 56 2 9 0 0.00 M M 7.0 24 50 M M 2 32 70
19 76 39 58 4 7 0 0.00 M M 6.8 18 290 M M 0 24 290
20 77 44 61 7 4 0 0.00 M M 8.5 22 280 M M 0 31 290
21 74 43 59 4 6 0 0.00 M M 10.2 21 230 M M 0 30 240
22 73 44 59 4 6 0 0.00 M M 13.0 29 220 M M 0 36 220
23 62 42 52 -3 13 0 0.23 M M 17.7 26 300 M M 5 13 34 250
24 57 41 49 -6 16 0 0.00 M M 17.5 36 280 M M 1 45 280
25 61 37 49 -6 16 0 0.00 M M 17.2 36 310 M M 0 45 310
26 67 43 55 0 10 0 0.00 M M 14.9 30 290 M M 0 39 300
27 72 37 55 -1 10 0 0.00 M M 8.5 18 240 M M 0 26 250
28 68 46 57 1 8 0 0.00 M M 10.7 24 220 M M 0 33 210
================================================================================
SM 1810 1121 346 0 0.38 M 345.4 M 48
================================================================================
AV 64.6 40.0 12.3 FASTST M M 2 MAX(MPH)
MISC ----> # 36 290 48 30
================================================================================
NOTES:
# LAST OF SEVERAL OCCURRENCES
COLUMN 17 PEAK WIND IN M.P.H.
PRELIMINARY LOCAL CLIMATOLOGICAL DATA (WS FORM: F-6) , PAGE 2
STATION: PALMDALE AIRPORT CA
MONTH: MARCH
YEAR: 2024
LATITUDE: 34 37 N
LONGITUDE: 118 5 W
[TEMPERATURE DATA] [PRECIPITATION DATA] SYMBOLS USED IN COLUMN 16
AVERAGE MONTHLY: 52.3 TOTAL FOR MONTH: 0.38 1 = FOG OR MIST
DPTR FM NORMAL: -1.3 DPTR FM NORMAL: -0.43 2 = FOG REDUCING VISIBILITY
HIGHEST: 77 ON 20 GRTST 24HR 0.23 ON 23-23 TO 1/4 MILE OR LESS
LOWEST: 32 ON 9 3 = THUNDER
SNOW, ICE PELLETS, HAIL 4 = ICE PELLETS
TOTAL MONTH: M 5 = HAIL
GRTST 24HR M ON M 6 = FREEZING RAIN OR DRIZZLE
GRTST DEPTH: M ON M 7 = DUSTSTORM OR SANDSTORM:
VSBY 1/2 MILE OR LESS
8 = SMOKE OR HAZE
[NO. OF DAYS WITH] [WEATHER - DAYS WITH] 9 = BLOWING SNOW
X = TORNADO
MAX 32 OR BELOW: 0 0.01 INCH OR MORE: 4
MAX 90 OR ABOVE: 0 0.10 INCH OR MORE: 1
MIN 32 OR BELOW: 1 0.50 INCH OR MORE: 0
MIN 0 OR BELOW: 0 1.00 INCH OR MORE: 0
[HDD (BASE 65) ]
TOTAL THIS MO. 346 CLEAR (SCALE 0-3) 21
DPTR FM NORMAL 26 PTCLDY (SCALE 4-7) 7
TOTAL FM JUL 1 2318 CLOUDY (SCALE 8-10) 0
DPTR FM NORMAL -159
[CDD (BASE 65) ]
TOTAL THIS MO. 0
DPTR FM NORMAL 0 [PRESSURE DATA]
TOTAL FM JAN 1 0 HIGHEST SLP M ON M
DPTR FM NORMAL 0 LOWEST SLP 29.69 ON 24
[REMARKS]