000
CXUS52 KMFL 011130
CF6PMP
PRELIMINARY LOCAL CLIMATOLOGICAL DATA (WS FORM: F-6)
STATION: POMPANO BEACH ARPK
MONTH: FEBRUARY
YEAR: 2022
LATITUDE: 26 14 N
LONGITUDE: 80 7 W
TEMPERATURE IN F: :PCPN: SNOW: WIND :SUNSHINE: SKY :PK WND
================================================================================
1 2 3 4 5 6A 6B 7 8 9 10 11 12 13 14 15 16 17 18
12Z AVG MX 2MIN
DY MAX MIN AVG DEP HDD CDD WTR SNW DPTH SPD SPD DIR MIN PSBL S-S WX SPD DR
================================================================================
1 75 65 70 1 0 5 0.00 M M 13.0 21 80 M M 5 25 70
2 79 70 75 6 0 10 T 0.0 0 15.0 22 120 M M 4 28 110
3 81 72 77 8 0 12 0.00 M M 15.3 22 130 M M 3 28 130
4 81 73 77 8 0 12 0.00 M M 11.6 18 140 M M 3 26 150
5 81 65 73 4 0 8 0.20 M M 7.2 17 30 M M 4 1 22 30
6 80 68 74 4 0 9 0.32 M M 5.0 14 120 M M 5 1 18 130
7 81 64 73 3 0 8 0.00 M M 5.6 15 150 M M 4 12 19 140
8 79 66 73 3 0 8 0.05 M M 6.4 15 350 M M 7 20 280
9 66 61 64 -6 1 0 0.20 M M 8.2 14 320 M M 9 1 18 310
10 77 56 67 -3 0 2 0.00 M M 9.2 15 40 M M 2 20 50
11 80 63 72 2 0 7 0.00 0.0 0 8.3 14 100 M M 6 17 100
12 82 66 74 4 0 9 0.00 0.0 0 5.7 12 90 M M 2 15 130
13 76 62 69 -1 0 4 0.75 0.0 M 7.2 20 310 M M 5 13 26 310
14 70 54 62 -8 3 0 0.00 0.0 0 12.7 20 30 M M 2 28 10
15 74 57 66 -4 0 1 0.00 0.0 0 17.1 26 70 M M 6 33 70
16 79 71 75 5 0 10 0.28 0.0 0 17.6 25 90 M M 8 1 34 90
17 82 72 77 7 0 12 0.09 0.0 0 15.2 22 130 M M 9 1 27 90
18 84 70 77 6 0 12 0.00 0.0 0 9.2 18 160 M M 4 24 130
19 84 68 76 5 0 11 0.12 0.0 0 6.2 16 30 M M 7 18 20 40
20 77 67 72 1 0 7 0.00 0.0 0 12.7 18 60 M M 8 25 50
21 78 72 75 4 0 10 0.00 M M 9.6 15 70 M M 6 21 80
22 81 73 77 6 0 12 0.03 M M 12.6 17 70 M M 6 24 80
23 81 74 78 7 0 13 T 0.0 0 9.9 16 110 M M 4 21 100
24 82 74 78 7 0 13 0.00 0.0 0 10.4 16 130 M M 4 20 120
25 81 74 78 7 0 13 0.00 0.0 0 9.5 16 110 M M 2 18 110
26 81 73 77 6 0 12 0.00 M M 9.2 15 90 M M 2 19 90
27 83 71 77 6 0 12 0.08 0.0 0 9.9 17 260 M M 5 1 21 260
28 84 69 77 6 0 12 0.00 0.0 0 6.7 16 290 M M 5 23 280
================================================================================
SM 2219 1890 4 244 2.12 0.0 286.2 M 137
================================================================================
AV 79.3 67.5 10.2 FASTST M M 5 MAX(MPH)
MISC ----> 26 70 34 90
================================================================================
NOTES:
# LAST OF SEVERAL OCCURRENCES
COLUMN 17 PEAK WIND IN M.P.H.
PRELIMINARY LOCAL CLIMATOLOGICAL DATA (WS FORM: F-6) , PAGE 2
STATION: POMPANO BEACH ARPK
MONTH: FEBRUARY
YEAR: 2022
LATITUDE: 26 14 N
LONGITUDE: 80 7 W
[TEMPERATURE DATA] [PRECIPITATION DATA] SYMBOLS USED IN COLUMN 16
AVERAGE MONTHLY: 73.4 TOTAL FOR MONTH: 2.12 1 = FOG OR MIST
DPTR FM NORMAL: 3.1 DPTR FM NORMAL: 0.11 2 = FOG REDUCING VISIBILITY
HIGHEST: 84 ON 28,19 GRTST 24HR 0.75 ON 13-13 TO 1/4 MILE OR LESS
LOWEST: 54 ON 14 3 = THUNDER
SNOW, ICE PELLETS, HAIL 4 = ICE PELLETS
TOTAL MONTH: 0.0 INCH 5 = HAIL
GRTST 24HR 0.0 6 = FREEZING RAIN OR DRIZZLE
GRTST DEPTH: 0 7 = DUSTSTORM OR SANDSTORM:
VSBY 1/2 MILE OR LESS
8 = SMOKE OR HAZE
[NO. OF DAYS WITH] [WEATHER - DAYS WITH] 9 = BLOWING SNOW
X = TORNADO
MAX 32 OR BELOW: 0 0.01 INCH OR MORE: 10
MAX 90 OR ABOVE: 0 0.10 INCH OR MORE: 6
MIN 32 OR BELOW: 0 0.50 INCH OR MORE: 1
MIN 0 OR BELOW: 0 1.00 INCH OR MORE: 0
[HDD (BASE 65) ]
TOTAL THIS MO. 4 CLEAR (SCALE 0-3) 7
DPTR FM NORMAL -24 PTCLDY (SCALE 4-7) 18
TOTAL FM JUL 1 65 CLOUDY (SCALE 8-10) 3
DPTR FM NORMAL -55
[CDD (BASE 65) ]
TOTAL THIS MO. 244
DPTR FM NORMAL 69 [PRESSURE DATA]
TOTAL FM JAN 1 410 HIGHEST SLP 30.38 ON 15
DPTR FM NORMAL 77 LOWEST SLP 29.94 ON 28
[REMARKS]
#FINAL-02-22#