000
CXUS54 KOUN 010700
CF6PNC
PRELIMINARY LOCAL CLIMATOLOGICAL DATA (WS FORM: F-6)
STATION: PONCA CITY
MONTH: JULY
YEAR: 2020
LATITUDE: 36 44 N
LONGITUDE: 97 6 W
TEMPERATURE IN F: :PCPN: SNOW: WIND :SUNSHINE: SKY :PK WND
================================================================================
1 2 3 4 5 6A 6B 7 8 9 10 11 12 13 14 15 16 17 18
12Z AVG MX 2MIN
DY MAX MIN AVG DEP HDD CDD WTR SNW DPTH SPD SPD DIR MIN PSBL S-S WX SPD DR
================================================================================
1 99 76 88 8 0 23 0.00 0.0 0 9.8 20 150 M M 0 25 150
2 97 73 85 5 0 20 0.19 0.0 0 9.8 26 50 M M 0 13 35 60
3 94 72 83 2 0 18 0.01 0.0 0 8.4 28 360 M M 1 3 33 360
4 95 69 82 1 0 17 0.00 0.0 0 8.5 23 110 M M 2 3 29 80
5 94 71 83 2 0 18 0.00 0.0 0 6.2 17 110 M M 1 22 80
6 95 71 83 2 0 18 0.00 0.0 0 7.4 15 150 M M 0 19 130
7 95 72 84 3 0 19 0.00 0.0 0 6.2 16 150 M M 1 21 120
8 97 76 87 6 0 22 0.00 0.0 0 9.9 21 140 M M 1 28 150
9 94 68 81 0 0 16 0.27 0.0 0 13.8 37 360 M M 3 13 48 360
10 87 67 77 -4 0 12 1.91 0.0 0 10.1 35 140 M M 2 13 45 30
11 100 72 86 4 0 21 1.22 0.0 0 7.3 28 260 M M 2 13 44 270
12 94 71 83 1 0 18 0.00 0.0 0 6.6 16 100 M M 0 21 110
13 91 70 81 -1 0 16 0.41 0.0 0 10.4 17 130 M M 2 3 21 170
14 96 77 87 5 0 22 0.01 0.0 0 12.8 23 160 M M 1 31 140
15 93 75 84 2 0 19 0.01 0.0 0 7.0 17 350 M M 1 28 330
16 89 71 80 -2 0 15 0.42 0.0 0 8.3 20 270 M M 3 13 29 290
17 95 78 87 5 0 22 0.13 0.0 0 10.6 22 160 M M 1 1 29 200
18 95 77 86 4 0 21 0.00 0.0 0 9.3 23 160 M M 0 29 160
19 93 74 84 2 0 19 0.00 0.0 0 6.7 16 150 M M 0 19 140
20 95 76 86 4 0 21 0.00 0.0 0 6.5 18 280 M M 1 3 28 260
21 90 71 81 -1 0 16 0.50 0.0 0 4.1 14 310 M M 2 13 24 30
22 93 75 84 2 0 19 0.00 0.0 0 5.7 13 150 M M 1 8 16 150
23 90 74 82 0 0 17 0.00 0.0 0 8.1 15 130 M M 2 20 110
24 93 76 85 3 0 20 0.00 0.0 0 9.2 14 150 M M 1 19 130
25 93 77 85 3 0 20 0.00 0.0 0 8.2 16 150 M M 1 20 160
26 94 76 85 3 0 20 0.00 0.0 0 8.1 18 150 M M 1 28 110
27 83 71 77 -5 0 12 0.70 0.0 0 4.3 17 10 M M 5 1 21 360
28 82 74 78 -4 0 13 0.02 0.0 0 6.9 13 140 M M 9 13 17 150
29 89 69 79 -3 0 14 1.04 0.0 0 5.2 24 20 M M 7 13 37 20
30 87 69 78 -4 0 13 1.00 0.0 0 8.4 28 350 M M 4 13 36 350
31 85 68 77 -5 0 12 0.06 0.0 0 8.4 20 10 M M 3 24 340
================================================================================
SM 2867 2256 0 553 7.90 0.0 252.2 M 58
================================================================================
AV 92.5 72.8 8.1 FASTST M M 2 MAX(MPH)
MISC ----> # 37 360 # 48 360
================================================================================
NOTES:
# LAST OF SEVERAL OCCURRENCES
COLUMN 17 PEAK WIND IN M.P.H.
PRELIMINARY LOCAL CLIMATOLOGICAL DATA (WS FORM: F-6) , PAGE 2
STATION: PONCA CITY
MONTH: JULY
YEAR: 2020
LATITUDE: 36 44 N
LONGITUDE: 97 6 W
[TEMPERATURE DATA] [PRECIPITATION DATA] SYMBOLS USED IN COLUMN 16
AVERAGE MONTHLY: 82.6 TOTAL FOR MONTH: 7.90 1 = FOG OR MIST
DPTR FM NORMAL: 0.9 DPTR FM NORMAL: 4.57 2 = FOG REDUCING VISIBILITY
HIGHEST: 100 ON 11 GRTST 24HR 1.91 ON 10-10 TO 1/4 MILE OR LESS
LOWEST: 67 ON 10 3 = THUNDER
SNOW, ICE PELLETS, HAIL 4 = ICE PELLETS
TOTAL MONTH: 0.0 INCH 5 = HAIL
GRTST 24HR 0.0 6 = FREEZING RAIN OR DRIZZLE
GRTST DEPTH: 0 7 = DUSTSTORM OR SANDSTORM:
VSBY 1/2 MILE OR LESS
8 = SMOKE OR HAZE
[NO. OF DAYS WITH] [WEATHER - DAYS WITH] 9 = BLOWING SNOW
X = TORNADO
MAX 32 OR BELOW: 0 0.01 INCH OR MORE: 16
MAX 90 OR ABOVE: 24 0.10 INCH OR MORE: 11
MIN 32 OR BELOW: 0 0.50 INCH OR MORE: 6
MIN 0 OR BELOW: 0 1.00 INCH OR MORE: 4
[HDD (BASE 65) ]
TOTAL THIS MO. 0 CLEAR (SCALE 0-3) 26
DPTR FM NORMAL 0 PTCLDY (SCALE 4-7) 4
TOTAL FM JUL 1 0 CLOUDY (SCALE 8-10) 1
DPTR FM NORMAL 0
[CDD (BASE 65) ]
TOTAL THIS MO. 553
DPTR FM NORMAL 37 [PRESSURE DATA]
TOTAL FM JAN 1 1197 HIGHEST SLP M ON M
DPTR FM NORMAL 143 LOWEST SLP 29.70 ON 1
[REMARKS]
#FINAL-07-20#