000
CXUS53 KPAH 010700
CF6POF
PRELIMINARY LOCAL CLIMATOLOGICAL DATA (WS FORM: F-6)
STATION: POPLAR BLUFF MO
MONTH: JULY
YEAR: 2022
LATITUDE: 36 46 N
LONGITUDE: 90 19 W
TEMPERATURE IN F: :PCPN: SNOW: WIND :SUNSHINE: SKY :PK WND
================================================================================
1 2 3 4 5 6A 6B 7 8 9 10 11 12 13 14 15 16 17 18
12Z AVG MX 2MIN
DY MAX MIN AVG DEP HDD CDD WTR SNW DPTH SPD SPD DIR MIN PSBL S-S WX SPD DR
================================================================================
1 95 73 84 5 0 19 0.00 M M 5.8 13 160 M M 0 17 210
2 95 72 84 5 0 19 0.00 M M 6.0 16 20 M M 0 23 360
3 92 75 84 4 0 19 0.01 M M 4.3 14 130 M M 4 13 19 150
4 96 73 85 5 0 20 0.00 M M 4.4 10 200 M M 1 1 16 200
5 100 76 88 8 0 23 0.00 M M 6.3 13 190 M M 0 3 19 150
6 99 78 89 9 0 24 0.00 M M 4.3 12 210 M M 0 15 230
7 99 76 88 8 0 23 0.00 M M 4.5 18 360 M M 1 3 24 360
8 97 77 87 7 0 22 0.16 M M 7.1 22 260 M M 1 138 33 260
9 92 73 83 3 0 18 0.00 M M 7.7 20 10 M M 6 27 360
10 91 69 80 0 0 15 0.00 M M 5.7 14 30 M M 0 20 30
11 94 66 80 0 0 15 0.00 M M 4.5 12 190 M M 0 17 210
12 93 72 83 3 0 18 T M M 4.4 13 330 M M 0 18 10
13 92 69 81 1 0 16 0.00 M M 3.9 12 130 M M 2 15 130
14 94 65 80 0 0 15 0.00 M M 2.7 9 90 M M 0 14 110
15 94 66 80 0 0 15 0.00 M M 4.7 14 170 M M 0 19 190
16 98 71 85 5 0 20 0.00 M M 7.0 17 190 M M 1 23 190
17 89 70 80 0 0 15 0.89 M M 5.2 31 300 M M 2 13 44 320
18 88 71 80 0 0 15 0.00 M M 2.3 8 100 M M 5 1 12 130
19 90 69 80 0 0 15 0.00 M M 4.8 12 150 M M 3 128 15 160
20 96 78 87 7 0 22 0.00 M M 8.5 16 210 M M 0 3 22 200
21 95 70 83 3 0 18 0.00 M M 3.1 8 160 M M 0 8 14 80
22 97 70 84 4 0 19 0.00 M M 6.0 14 180 M M 0 18 19 180
23 96 70 83 3 0 18 0.00 M M 6.7 14 190 M M 0 1 23 150
24 97 75 86 6 0 21 0.00 M M 8.4 16 190 M M 1 22 180
25 88 74 81 1 0 16 0.17 M M 4.9 18 350 M M 5 1 23 360
26 92 74 83 3 0 18 0.39 M M 6.1 17 50 M M 1 13 25 50
27 93 73 83 3 0 18 0.42 M M 8.8 26 260 M M 2 13 36 270
28 88 73 81 1 0 16 0.01 M M 4.8 18 200 M M 3 13 24 200
29 85 72 79 -1 0 14 0.06 M M 3.8 8 20 M M 7 1 13 80
30 75 67 71 -9 0 6 0.59 M M 3.1 12 10 M M 8 1 15 360
31 83 70 77 -3 0 12 T M M 6.4 13 200 M M 7 1 19 190
================================================================================
SM 2873 2227 0 544 2.70 M 166.2 M 60
================================================================================
AV 92.7 71.8 5.4 FASTST M M 2 MAX(MPH)
MISC ----> 31 300 44 320
================================================================================
NOTES:
# LAST OF SEVERAL OCCURRENCES
COLUMN 17 PEAK WIND IN M.P.H.
PRELIMINARY LOCAL CLIMATOLOGICAL DATA (WS FORM: F-6) , PAGE 2
STATION: POPLAR BLUFF MO
MONTH: JULY
YEAR: 2022
LATITUDE: 36 46 N
LONGITUDE: 90 19 W
[TEMPERATURE DATA] [PRECIPITATION DATA] SYMBOLS USED IN COLUMN 16
AVERAGE MONTHLY: 82.3 TOTAL FOR MONTH: 2.70 1 = FOG OR MIST
DPTR FM NORMAL: 2.6 DPTR FM NORMAL: -1.04 2 = FOG REDUCING VISIBILITY
HIGHEST: 100 ON 5 GRTST 24HR 0.89 ON 17-17 TO 1/4 MILE OR LESS
LOWEST: 65 ON 14 3 = THUNDER
SNOW, ICE PELLETS, HAIL 4 = ICE PELLETS
TOTAL MONTH: M 5 = HAIL
GRTST 24HR M ON M 6 = FREEZING RAIN OR DRIZZLE
GRTST DEPTH: M ON M 7 = DUSTSTORM OR SANDSTORM:
VSBY 1/2 MILE OR LESS
8 = SMOKE OR HAZE
[NO. OF DAYS WITH] [WEATHER - DAYS WITH] 9 = BLOWING SNOW
X = TORNADO
MAX 32 OR BELOW: 0 0.01 INCH OR MORE: 9
MAX 90 OR ABOVE: 24 0.10 INCH OR MORE: 6
MIN 32 OR BELOW: 0 0.50 INCH OR MORE: 2
MIN 0 OR BELOW: 0 1.00 INCH OR MORE: 0
[HDD (BASE 65) ]
TOTAL THIS MO. 0 CLEAR (SCALE 0-3) 24
DPTR FM NORMAL 0 PTCLDY (SCALE 4-7) 6
TOTAL FM JUL 1 0 CLOUDY (SCALE 8-10) 1
DPTR FM NORMAL 0
[CDD (BASE 65) ]
TOTAL THIS MO. 544
DPTR FM NORMAL 88 [PRESSURE DATA]
TOTAL FM JAN 1 1167 HIGHEST SLP M ON M
DPTR FM NORMAL 171 LOWEST SLP 29.68 ON 20
[REMARKS]
#FINAL-07-22#