000
CXUS53 KPAH 010700
CF6POF
PRELIMINARY LOCAL CLIMATOLOGICAL DATA (WS FORM: F-6)
STATION: POPLAR BLUFF MO
MONTH: MAY
YEAR: 2022
LATITUDE: 36 46 N
LONGITUDE: 90 19 W
TEMPERATURE IN F: :PCPN: SNOW: WIND :SUNSHINE: SKY :PK WND
================================================================================
1 2 3 4 5 6A 6B 7 8 9 10 11 12 13 14 15 16 17 18
12Z AVG MX 2MIN
DY MAX MIN AVG DEP HDD CDD WTR SNW DPTH SPD SPD DIR MIN PSBL S-S WX SPD DR
================================================================================
1 81 51 66 2 0 1 0.00 M M 6.8 21 230 M M 0 32 220
2 68 48 58 -6 7 0 1.44 M M 4.9 12 140 M M 5 13 20 270
3 78 51 65 1 0 0 0.20 M M 10.9 21 220 M M 3 13 32 210
4 61 47 54 -11 11 0 0.02 M M 5.5 14 10 M M 8 3 18 10
5 67 56 62 -3 3 0 0.54 M M 5.6 23 290 M M 10 13 36 280
6 68 54 61 -4 4 0 0.33 M M 8.7 21 320 M M 10 13 30 290
7 77 53 65 -1 0 0 0.00 M M 7.4 17 360 M M 4 25 360
8 75 50 63 -3 2 0 0.00 M M 7.1 16 130 M M 2 23 110
9 85 65 75 9 0 10 0.00 M M 10.0 21 180 M M 7 32 170
10 91 66 79 13 0 14 0.00 M M 9.6 22 200 M M 2 30 200
11 93 66 80 13 0 15 0.00 M M 3.4 10 220 M M 0 18 13 240
12 95 66 81 14 0 16 0.00 M M 1.9 8 130 M M 1 18 13 200
13 88 67 78 11 0 13 0.12 M M 4.9 17 280 M M 1 138 23 290
14 90 65 78 10 0 13 0.00 M M 2.6 18 330 M M 0 29 340
15 87 63 75 7 0 10 T M M 4.7 31 280 M M 0 13 48 270
16 84 57 71 3 0 6 0.00 M M 4.5 13 20 M M 0 19 10
17 87 54 71 3 0 6 0.00 M M 4.3 16 180 M M 0 22 150
18 90 60 75 6 0 10 T M M 4.9 17 170 M M 1 26 200
19 90 65 78 9 0 13 0.00 M M 9.4 28 200 M M 1 18 38 220
20 91 74 83 14 0 18 0.00 M M 18.0 32 200 M M 2 48 220
21 83 59 71 1 0 6 2.77 M M 9.5 24 310 M M 5 13 33 180
22 66 56 61 -9 4 0 0.08 M M 10.6 17 10 M M 8 1 23 360
23 69 56 63 -7 2 0 0.00 M M 8.4 15 50 M M 7 22 20
24 71 57 64 -7 1 0 0.46 M M 7.0 21 120 M M 10 13 41 160
25 80 65 73 2 0 8 0.45 M M 12.7 26 170 M M 7 13 38 170
26 71 58 65 -6 0 0 0.55 M M 11.2 23 210 M M 7 1 35 220
27 68 53 61 -11 4 0 0.08 M M 6.3 14 290 M M 7 1 22 280
28 79 50 65 -7 0 0 0.00 M M 3.7 12 210 M M 0 8 18 150
29 86 59 73 1 0 8 0.00 M M 8.7 16 200 M M 0 24 200
30 89 67 78 6 0 13 0.00 M M 10.4 24 200 M M 2 34 200
31 92 70 81 8 0 16 0.00 M M 8.5 17 210 M M 0 24 220
================================================================================
SM 2500 1828 38 196 7.04 M 232.1 M 110
================================================================================
AV 80.6 59.0 7.5 FASTST M M 4 MAX(MPH)
MISC ----> 32 200 # 48 270
================================================================================
NOTES:
# LAST OF SEVERAL OCCURRENCES
COLUMN 17 PEAK WIND IN M.P.H.
PRELIMINARY LOCAL CLIMATOLOGICAL DATA (WS FORM: F-6) , PAGE 2
STATION: POPLAR BLUFF MO
MONTH: MAY
YEAR: 2022
LATITUDE: 36 46 N
LONGITUDE: 90 19 W
[TEMPERATURE DATA] [PRECIPITATION DATA] SYMBOLS USED IN COLUMN 16
AVERAGE MONTHLY: 69.8 TOTAL FOR MONTH: 7.04 1 = FOG OR MIST
DPTR FM NORMAL: 1.6 DPTR FM NORMAL: 1.97 2 = FOG REDUCING VISIBILITY
HIGHEST: 95 ON 12 GRTST 24HR 2.85 ON 21-22 TO 1/4 MILE OR LESS
LOWEST: 47 ON 4 3 = THUNDER
SNOW, ICE PELLETS, HAIL 4 = ICE PELLETS
TOTAL MONTH: M 5 = HAIL
GRTST 24HR M ON M 6 = FREEZING RAIN OR DRIZZLE
GRTST DEPTH: M ON M 7 = DUSTSTORM OR SANDSTORM:
VSBY 1/2 MILE OR LESS
8 = SMOKE OR HAZE
[NO. OF DAYS WITH] [WEATHER - DAYS WITH] 9 = BLOWING SNOW
X = TORNADO
MAX 32 OR BELOW: 0 0.01 INCH OR MORE: 12
MAX 90 OR ABOVE: 8 0.10 INCH OR MORE: 9
MIN 32 OR BELOW: 0 0.50 INCH OR MORE: 4
MIN 0 OR BELOW: 0 1.00 INCH OR MORE: 2
[HDD (BASE 65) ]
TOTAL THIS MO. 38 CLEAR (SCALE 0-3) 17
DPTR FM NORMAL -13 PTCLDY (SCALE 4-7) 11
TOTAL FM JUL 1 3668 CLOUDY (SCALE 8-10) 3
DPTR FM NORMAL -264
[CDD (BASE 65) ]
TOTAL THIS MO. 196
DPTR FM NORMAL 45 [PRESSURE DATA]
TOTAL FM JAN 1 237 HIGHEST SLP M ON M
DPTR FM NORMAL 48 LOWEST SLP 29.52 ON 20
[REMARKS]
#FINAL-05-22#