000
CXUS51 KALY 010839
CLMPOU
CLIMATE REPORT
NATIONAL WEATHER SERVICE ALBANY NY
439 AM EDT FRI SEP 01 2023
...................................
...THE POUGHKEEPSIE NY CLIMATE SUMMARY FOR THE MONTH OF AUGUST 2023...
CLIMATE NORMAL PERIOD: 1991 TO 2020
CLIMATE RECORD PERIOD: 1931 TO 2023
WEATHER OBSERVED NORMAL DEPART LAST YEAR`S
VALUE DATE(S) VALUE FROM VALUE DATE(S)
NORMAL
................................................................
TEMPERATURE (F)
RECORD
HIGH 104 08/01/1933
LOW 38 08/30/1986
08/29/1986
08/31/1965
HIGHEST 87 08/21 99 08/04
LOWEST 51 08/02 51 08/13
08/14
AVG. MAXIMUM 80.1 82.8 -2.7 89.6
AVG. MINIMUM 60.8 60.7 0.1 64.0
MEAN 70.5 71.7 -1.2 76.8
DAYS MAX >= 90 0 4.9 -4.9 16
DAYS MAX <= 32 0 0.0 0.0 0
DAYS MIN <= 32 0 0.0 0.0 0
DAYS MIN <= 0 0 0.0 0.0 0
PRECIPITATION (INCHES)
RECORD
MAXIMUM 13.23 2011
MINIMUM 0.61 1944
TOTALS 4.89 4.28 0.61 1.08
DAILY AVG. 0.16 0.03
DAYS >= .01 13 11.7 1.3 6
DAYS >= .10 9 7.0 2.0 4
DAYS >= .50 3 3.1 -0.1 0
DAYS >= 1.00 2 1.0 1.0 0
GREATEST
24 HR. TOTAL 1.72 08/12 TO 08/13
DEGREE DAYS
HEATING TOTAL 2 8 -6 0
SINCE 7/1 2 8 -6 MM
COOLING TOTAL 177 217 -40 374
SINCE 1/1 634 664 -30 MM
................................................................
WIND (MPH)
AVERAGE WIND SPEED 4.2
HIGHEST WIND SPEED/DIRECTION 25/300 DATE 08/12
HIGHEST GUST SPEED/DIRECTION 35/290 DATE 08/12
SKY COVER
AVERAGE SKY COVER 0.41
AVERAGE RH (PERCENT) 74
WEATHER CONDITIONS. NUMBER OF DAYS WITH
THUNDERSTORM 6 MIXED PRECIP 0
HEAVY RAIN 7 RAIN 4
LIGHT RAIN 13 FREEZING RAIN 0
LT FREEZING RAIN 0 HAIL 0
HEAVY SNOW 0 SNOW 0
LIGHT SNOW 0 SLEET 0
FOG 17 FOG W/VIS <= 1/4 MILE 3
HAZE 3
- INDICATES NEGATIVE NUMBERS.
R INDICATES RECORD WAS SET OR TIED.
MM INDICATES DATA IS MISSING.
T INDICATES TRACE AMOUNT.
$$