000
CXUS56 KFGZ 010910
CF6PRC
PRELIMINARY LOCAL CLIMATOLOGICAL DATA (WS FORM: F-6)
STATION: PRESCOTT AZ AIRPORT
MONTH: SEPTEMBER
YEAR: 2022
LATITUDE: 34 39 N
LONGITUDE: 112 26 W
TEMPERATURE IN F: :PCPN: SNOW: WIND :SUNSHINE: SKY :PK WND
================================================================================
1 2 3 4 5 6A 6B 7 8 9 10 11 12 13 14 15 16 17 18
12Z AVG MX 2MIN
DY MAX MIN AVG DEP HDD CDD WTR SNW DPTH SPD SPD DIR MIN PSBL S-S WX SPD DR
================================================================================
1 90 61 76 3 0 11 0.00 M M 5.0 17 310 M M 0 22 320
2 92 63 78 5 0 13 0.16 M M 4.8 30 160 M M 1 35 40 160
3 89 59 74 2 0 9 0.00 M M 6.3 20 150 M M 0 27 150
4 92 62 77 5 0 12 0.00 M M 4.9 15 30 M M 0 22 110
5 93 60 77 5 0 12 0.00 M M 4.3 10 180 M M 0 14 210
6 92 63 78 6 0 13 0.00 M M 6.0 14 130 M M 0 19 130
7 90 61 76 4 0 11 0.00 M M 5.1 14 230 M M 0 17 230
8 90 63 77 6 0 12 0.00 M M 5.3 86 300 M M 0 3 86 300
9 82 65 74 3 0 9 0.00 M M 5.4 14 200 M M 1 18 180
10 80 59 70 -1 0 5 0.18 M M 5.4 16 40 M M 4 13 20 40
11 86 55 71 1 0 6 T M M 4.8 24 160 M M 2 3 31 160
12 80 59 70 0 0 5 0.31 M M 6.1 31 160 M M 5 13 39 170
13 74 56 65 -5 0 0 0.49 M M 5.7 20 140 M M 6 13 24 130
14 77 54 66 -4 0 1 0.00 M M 7.1 20 230 M M 1 1 24 250
15 79 53 66 -3 0 1 0.00 M M 4.8 13 200 M M 2 16 230
16 79 54 67 -2 0 2 0.00 M M 7.5 15 210 M M 0 20 210
17 80 53 67 -2 0 2 0.00 M M 8.0 16 170 M M 0 22 190
18 82 46 64 -4 1 0 0.00 M M 7.2 18 160 M M 0 25 140
19 84 53 69 1 0 4 0.00 M M 7.0 18 200 M M 0 24 190
20 79 60 70 2 0 5 0.12 M M 6.2 15 140 M M 6 13 19 130
21 68 62 65 -2 0 0 0.58 M M 4.8 12 120 M M 8 1 16 130
22 78 60 69 2 0 4 T M M 4.7 15 210 M M 6 3 18 210
23 81 56 69 3 0 4 T M M 6.0 22 210 M M 2 3 30 220
24 83 54 69 3 0 4 0.00 M M 4.5 14 360 M M 1 17 10
25 82 50 66 0 0 1 0.00 M M 5.5 16 30 M M 0 19 40
26 84 50 67 2 0 2 0.00 M M 6.6 18 150 M M 1 22 150
27 82 55 69 4 0 4 0.00 M M 4.8 14 160 M M 0 18 150
28 81 54 68 4 0 3 0.00 M M 5.6 17 140 M M 0 3 22 150
29 82 53 68 4 0 3 0.00 M M 4.8 15 150 M M 0 19 160
30 81 52 67 3 0 2 0.00 M M 6.4 16 230 M M 1 21 270
================================================================================
SM 2492 1705 1 160 1.84 M 170.6 M 47
================================================================================
AV 83.1 56.8 5.7 FASTST M M 2 MAX(MPH)
MISC ----> 86 300 86 300
================================================================================
NOTES:
# LAST OF SEVERAL OCCURRENCES
COLUMN 17 PEAK WIND IN M.P.H.
PRELIMINARY LOCAL CLIMATOLOGICAL DATA (WS FORM: F-6) , PAGE 2
STATION: PRESCOTT AZ AIRPORT
MONTH: SEPTEMBER
YEAR: 2022
LATITUDE: 34 39 N
LONGITUDE: 112 26 W
[TEMPERATURE DATA] [PRECIPITATION DATA] SYMBOLS USED IN COLUMN 16
AVERAGE MONTHLY: 70.0 TOTAL FOR MONTH: 1.84 1 = FOG OR MIST
DPTR FM NORMAL: 1.3 DPTR FM NORMAL: 0.57 2 = FOG REDUCING VISIBILITY
HIGHEST: 93 ON 5 GRTST 24HR 0.68 ON 20-21 TO 1/4 MILE OR LESS
LOWEST: 46 ON 18 3 = THUNDER
SNOW, ICE PELLETS, HAIL 4 = ICE PELLETS
TOTAL MONTH: M 5 = HAIL
GRTST 24HR M ON M 6 = FREEZING RAIN OR DRIZZLE
GRTST DEPTH: M ON M 7 = DUSTSTORM OR SANDSTORM:
VSBY 1/2 MILE OR LESS
8 = SMOKE OR HAZE
[NO. OF DAYS WITH] [WEATHER - DAYS WITH] 9 = BLOWING SNOW
X = TORNADO
MAX 32 OR BELOW: 0 0.01 INCH OR MORE: 6
MAX 90 OR ABOVE: 7 0.10 INCH OR MORE: 6
MIN 32 OR BELOW: 0 0.50 INCH OR MORE: 1
MIN 0 OR BELOW: 0 1.00 INCH OR MORE: 0
[HDD (BASE 65) ]
TOTAL THIS MO. 1 CLEAR (SCALE 0-3) 24
DPTR FM NORMAL -24 PTCLDY (SCALE 4-7) 5
TOTAL FM JUL 1 1 CLOUDY (SCALE 8-10) 1
DPTR FM NORMAL -23
[CDD (BASE 65) ]
TOTAL THIS MO. 160
DPTR FM NORMAL 22 [PRESSURE DATA]
TOTAL FM JAN 1 1110 HIGHEST SLP M ON M
DPTR FM NORMAL 51 LOWEST SLP 29.67 ON 9
[REMARKS]
#FINAL-09-22#