000
CXUS54 KFWD 072133
CF6PRX
PRELIMINARY LOCAL CLIMATOLOGICAL DATA (WS FORM: F-6)
STATION: PARIS
MONTH: MARCH
YEAR: 2022
LATITUDE: 33 37 N
LONGITUDE: 95 27 W
TEMPERATURE IN F: :PCPN: SNOW: WIND :SUNSHINE: SKY :PK WND
================================================================================
1 2 3 4 5 6A 6B 7 8 9 10 11 12 13 14 15 16 17 18
12Z AVG MX 2MIN
DY MAX MIN AVG DEP HDD CDD WTR SNW DPTH SPD SPD DIR MIN PSBL S-S WX SPD DR
================================================================================
1 73 35 54 3 11 0 0.00 M M 5.6 10 250 M M 0 M M
2 77 38 58 6 7 0 0.00 M M 4.4 9 220 M M 0 M M
3 78 41 60 8 5 0 0.00 M M 4.8 10 170 M M 0 20 170
4 78 46 62 10 3 0 0.00 M M 9.4 15 190 M M 3 8 23 190
5 73 60 67 15 0 2 0.03 M M 11.0 24 200 M M 7 1 33 200
6 78 41 60 7 5 0 0.22 M M 13.3 25 320 M M 8 3 35 190
7 50 34 42 -11 23 0 0.14 M M 14.4 21 340 M M 6 1 31 330
8 43 29 36 -17 29 0 T M M 6.9 17 70 M M 4 24 70
9 59 25 42 -12 23 0 0.00 M M 5.9 10 20 M M 0 M M
10 65 34 50 -4 15 0 0.14 M M 6.2 13 130 M M 0 8 M M
11 45 26 36 -18 29 0 0.01 M M 16.9 23 340 M M 7 8 32 10
12 55 22 39 -15 26 0 0.00 M M 6.2 10 320 M M 0 M M
13 68 31 50 -5 15 0 0.00 M M 11.5 18 150 M M 0 27 170
14 70 44 57 2 8 0 0.41 M M 13.4 22 150 M M 8 3 28 160
15 67 48 58 3 7 0 0.24 M M 7.9 17 350 M M 5 M M
16 76 44 60 4 5 0 0.00 M M 6.1 13 200 M M 0 12 M M
17 77 48 63 7 2 0 0.00 M M 11.0 21 160 M M 1 26 160
18 63 43 53 -3 12 0 0.00 M M 18.1 28 310 M M 6 38 290
19 73 36 55 -1 10 0 0.00 M M 7.3 17 270 M M 0 20 260
20 79 45 62 5 3 0 0.00 M M 10.8 18 140 M M 0 25 160
21 69 53 61 4 4 0 0.89 M M 15.2 26 130 M M 9 13 44 130
22 59 46 53 -4 12 0 0.01 M M 13.7 22 280 M M 8 31 300
23 60 40 50 -8 15 0 0.00 M M 14.1 26 290 M M 3 36 300
24 64 33 49 -9 16 0 0.00 M M 7.9 16 290 M M 0 25 260
25 76 40 58 0 7 0 0.00 M M 5.8 10 30 M M 0 16 340
26 78 44 61 3 4 0 0.00 M M 8.1 21 120 M M 0 25 120
27 85 49 67 8 0 2 0.00 M M 12.0 16 100 M M 0 16 110
28 83 46 65 6 0 0 0.00 M M 13.0 18 150 M M 2 24 180
29 79 66 73 14 0 8 T M M 16.8 24 160 M M 7 37 170
30 73 42 58 -2 7 0 1.35 M M 13.6 24 310 M M 7 13 38 170
31 65 37 51 -9 14 0 T M M 7.9 18 280 M M 2 24 280
================================================================================
SM 2138 1266 317 12 3.44 M 319.2 M 93
================================================================================
AV 69.0 40.8 10.3 FASTST M M 3 MAX(MPH)
MISC ----> 28 310 44 130
================================================================================
NOTES:
# LAST OF SEVERAL OCCURRENCES
COLUMN 17 PEAK WIND IN M.P.H.
PRELIMINARY LOCAL CLIMATOLOGICAL DATA (WS FORM: F-6) , PAGE 2
STATION: PARIS
MONTH: MARCH
YEAR: 2022
LATITUDE: 33 37 N
LONGITUDE: 95 27 W
[TEMPERATURE DATA] [PRECIPITATION DATA] SYMBOLS USED IN COLUMN 16
AVERAGE MONTHLY: 54.9 TOTAL FOR MONTH: 3.44 1 = FOG OR MIST
DPTR FM NORMAL: -0.7 DPTR FM NORMAL: -1.00 2 = FOG REDUCING VISIBILITY
HIGHEST: 85 ON 27 GRTST 24HR 1.35 ON 30-30 TO 1/4 MILE OR LESS
LOWEST: 22 ON 12 3 = THUNDER
SNOW, ICE PELLETS, HAIL 4 = ICE PELLETS
TOTAL MONTH: M 5 = HAIL
GRTST 24HR M ON M 6 = FREEZING RAIN OR DRIZZLE
GRTST DEPTH: M ON M 7 = DUSTSTORM OR SANDSTORM:
VSBY 1/2 MILE OR LESS
8 = SMOKE OR HAZE
[NO. OF DAYS WITH] [WEATHER - DAYS WITH] 9 = BLOWING SNOW
X = TORNADO
MAX 32 OR BELOW: 0 0.01 INCH OR MORE: 10
MAX 90 OR ABOVE: 0 0.10 INCH OR MORE: 7
MIN 32 OR BELOW: 5 0.50 INCH OR MORE: 2
MIN 0 OR BELOW: 0 1.00 INCH OR MORE: 1
[HDD (BASE 65) ]
TOTAL THIS MO. 317 CLEAR (SCALE 0-3) 18
DPTR FM NORMAL 3 PTCLDY (SCALE 4-7) 11
TOTAL FM JUL 1 2189 CLOUDY (SCALE 8-10) 2
DPTR FM NORMAL -366
[CDD (BASE 65) ]
TOTAL THIS MO. 12
DPTR FM NORMAL -11 [PRESSURE DATA]
TOTAL FM JAN 1 12 HIGHEST SLP 30.55 ON 12
DPTR FM NORMAL -14 LOWEST SLP 29.46 ON 30
[REMARKS]
#FINAL-03-22#