000
CXUS55 KALY 010710
CF6PSF
PRELIMINARY LOCAL CLIMATOLOGICAL DATA (WS FORM: F-6)
STATION: PITTSFIELD MA
MONTH: APRIL
YEAR: 2020
LATITUDE: 42 25 N
LONGITUDE: 73 18 W
TEMPERATURE IN F: :PCPN: SNOW: WIND :SUNSHINE: SKY :PK WND
================================================================================
1 2 3 4 5 6A 6B 7 8 9 10 11 12 13 14 15 16 17 18
12Z AVG MX 2MIN
DY MAX MIN AVG DEP HDD CDD WTR SNW DPTH SPD SPD DIR MIN PSBL S-S WX SPD DR
================================================================================
1 52 28 40 2 25 0 0.00 M M 5.9 18 310 M M 3 1 25 300
2 50 35 43 5 22 0 0.05 M M 12.9 24 340 M M 10 35 10
3 49 37 43 4 22 0 0.14 M M 8.6 18 40 M M 10 1 25 330
4 58 42 50 11 15 0 0.00 M M 5.4 12 60 M M 10 18 50
5 59 45 52 12 13 0 0.00 M M 4.9 16 290 M M 8 21 290
6 57 37 47 7 18 0 0.00 M M 11.0 23 290 M M 2 31 290
7 62 40 51 10 14 0 0.02 M M 9.6 22 300 M M 4 31 280
8 54 41 48 7 17 0 0.17 M M 5.5 14 280 M M 9 18 18 260
9 47 36 42 1 23 0 0.95 M M 11.3 36 290 M M 7 13 45 290
10 41 33 37 -5 28 0 0.05 M M 17.4 31 280 M M 9 8 45 300
11 45 30 38 -4 27 0 T M M 15.1 30 270 M M 5 40 280
12 59 26 43 0 22 0 0.00 M M 5.7 22 240 M M 5 26 230
13 61 46 54 11 11 0 1.16 M M 13.6 25 270 M M 9 18 36 210
14 50 37 44 0 21 0 0.00 M M 9.8 24 290 M M 6 45 320
15 44 28 36 -8 29 0 0.01 M M 8.4 23 270 M M 5 28 260
16 39 29 34 -10 31 0 0.05 M M 11.3 26 270 M M 7 8 36 300
17 46 28 37 -8 28 0 0.10 M M 9.7 21 260 M M 7 1 29 260
18 41 33 37 -8 28 0 0.22 M M 7.0 14 270 M M 8 18 17 270
19 60 28 44 -2 21 0 0.00 M M 9.2 22 240 M M 4 31 230
20 54 30 42 -4 23 0 0.00 M M 6.6 18 320 M M 2 24 290
21 50 26 38 -9 27 0 0.33 M M 9.7 29 300 M M 4 1 38 290
22 41 27 34 -13 31 0 0.01 M M 18.1 32 280 M M 5 8 46 290
23 49 28 39 -8 26 0 0.00 M M 7.7 20 280 M M 2 26 290
24 49 34 42 -6 23 0 0.12 M M 4.4 14 60 M M 9 1 21 70
25 63 33 48 0 17 0 0.00 M M 2.5 15 270 M M 4 21 190
26 50 34 42 -6 23 0 0.27 M M 7.6 26 120 M M 10 1 38 120
27 43 34 39 -10 26 0 0.08 M M 8.0 18 40 M M 10 1 26 10
28 58 36 47 -2 18 0 0.02 M M 6.4 18 280 M M 5 25 280
29 63 31 47 -3 18 0 0.00 M M 8.0 22 140 M M 6 27 150
30 52 39 46 -4 19 0 0.48 M M 10.7 23 110 M M 10 1 34 90
================================================================================
SM 1546 1011 666 0 4.23 M 272.0 M 195
================================================================================
AV 51.5 33.7 9.1 FASTST M M 7 MAX(MPH)
MISC ----> # 36 290 # 46 290
================================================================================
NOTES:
# LAST OF SEVERAL OCCURRENCES
COLUMN 17 PEAK WIND IN M.P.H.
PRELIMINARY LOCAL CLIMATOLOGICAL DATA (WS FORM: F-6) , PAGE 2
STATION: PITTSFIELD MA
MONTH: APRIL
YEAR: 2020
LATITUDE: 42 25 N
LONGITUDE: 73 18 W
[TEMPERATURE DATA] [PRECIPITATION DATA] SYMBOLS USED IN COLUMN 16
AVERAGE MONTHLY: 42.6 TOTAL FOR MONTH: 4.23 1 = FOG OR MIST
DPTR FM NORMAL: -1.6 DPTR FM NORMAL: 0.37 2 = FOG REDUCING VISIBILITY
HIGHEST: 63 ON 29,25 GRTST 24HR 1.16 ON 13-13 TO 1/4 MILE OR LESS
LOWEST: 26 ON 21,12 3 = THUNDER
SNOW, ICE PELLETS, HAIL 4 = ICE PELLETS
TOTAL MONTH: M 5 = HAIL
GRTST 24HR M ON M 6 = FREEZING RAIN OR DRIZZLE
GRTST DEPTH: M ON M 7 = DUSTSTORM OR SANDSTORM:
VSBY 1/2 MILE OR LESS
8 = SMOKE OR HAZE
[NO. OF DAYS WITH] [WEATHER - DAYS WITH] 9 = BLOWING SNOW
X = TORNADO
MAX 32 OR BELOW: 0 0.01 INCH OR MORE: 18
MAX 90 OR ABOVE: 0 0.10 INCH OR MORE: 10
MIN 32 OR BELOW: 12 0.50 INCH OR MORE: 2
MIN 0 OR BELOW: 0 1.00 INCH OR MORE: 1
[HDD (BASE 65) ]
TOTAL THIS MO. 666 CLEAR (SCALE 0-3) 4
DPTR FM NORMAL 38 PTCLDY (SCALE 4-7) 15
TOTAL FM JUL 1 6295 CLOUDY (SCALE 8-10) 11
DPTR FM NORMAL -740
[CDD (BASE 65) ]
TOTAL THIS MO. 0
DPTR FM NORMAL -2 [PRESSURE DATA]
TOTAL FM JAN 1 0 HIGHEST SLP M ON M
DPTR FM NORMAL -2 LOWEST SLP 29.12 ON 9
[REMARKS]
#FINAL-04-20#