000
CXUS55 KALY 290710
CF6PSF
PRELIMINARY LOCAL CLIMATOLOGICAL DATA (WS FORM: F-6)
STATION: PITTSFIELD MA
MONTH: MARCH
YEAR: 2024
LATITUDE: 42 25 N
LONGITUDE: 73 18 W
TEMPERATURE IN F: :PCPN: SNOW: WIND :SUNSHINE: SKY :PK WND
================================================================================
1 2 3 4 5 6A 6B 7 8 9 10 11 12 13 14 15 16 17 18
12Z AVG MX 2MIN
DY MAX MIN AVG DEP HDD CDD WTR SNW DPTH SPD SPD DIR MIN PSBL S-S WX SPD DR
================================================================================
1 41 16 29 1 36 0 T M M 6.8 18 270 M M 1 28 290
2 45 33 39 11 26 0 0.66 M M 5.5 16 140 M M 9 1 23 140
3 54 36 45 17 20 0 0.00 M M 5.3 16 300 M M 9 12 21 300
4 54 35 45 17 20 0 0.00 M M 4.6 15 140 M M 10 12 19 150
5 44 39 42 13 23 0 0.36 M M 5.5 12 60 M M 10 1 17 70
6 53 39 46 17 19 0 0.79 M M 2.3 10 60 M M 9 12 16 50
7 48 32 40 11 25 0 0.76 M M 6.8 16 310 M M 9 1 22 320
8 55 27 41 11 24 0 0.00 M M 3.7 14 140 M M 0 24 150
9 38 33 36 6 29 0 0.66 M M 10.1 20 140 M M 6 18 30 100
10 39 26 33 3 32 0 0.19 M M 13.0 30 290 M M 10 1 45 290
11 38 24 31 0 34 0 0.01 M M 25.8 45 290 M M 6 18 63 280
12 53 32 43 12 22 0 0.00 M M 15.2 33 290 M M 0 46 290
13 66 27 47 16 18 0 T M M 3.3 13 230 M M 4 20 180
14 64 32 48 16 17 0 0.01 M M 3.2 14 290 M M 2 22 280
15 48 33 41 9 24 0 0.10 M M 4.5 13 300 M M 9 1 17 300
16 53 33 43 11 22 0 0.00 M M 6.5 15 260 M M 6 1 18 290
17 50 34 42 9 23 0 0.06 M M 8.9 22 320 M M 9 1 34 320
18 41 30 36 3 29 0 T M M 12.1 24 300 M M 8 1 34 320
19 38 27 33 0 32 0 T M M 12.5 25 290 M M 9 18 37 290
20 45 24 35 1 30 0 0.03 M M 13.0 35 290 M M 9 128 45 280
21 30 19 25 -9 40 0 T M M 21.5 33 280 M M 8 49 290
22 30 17 24 -10 41 0 0.09 M M 5.8 24 290 M M 5 1 35 300
23 34 24 29 -6 36 0 2.26 M M 7.9 23 330 M M 10 16 36 330
24 36 17 27 -8 38 0 0.00 M M 5.9 17 340 M M 1 30 310
25 42 21 32 -4 33 0 0.00 M M 8.5 18 60 M M 0 28 60
26 47 30 39 3 26 0 0.00 M M 8.6 16 50 M M 9 1 24 40
27 46 34 40 4 25 0 0.41 M M 1.9 9 80 M M 10 1 17 60
28 45 36 41 4 24 0 0.29 M M 7.6 15 310 M M 10 12 23 290
================================================================================
SM 1277 810 768 0 6.68 M 236.3 M 188
================================================================================
AV 45.6 28.9 8.4 FASTST M M 7 MAX(MPH)
MISC ----> 45 290 63 280
================================================================================
NOTES:
# LAST OF SEVERAL OCCURRENCES
COLUMN 17 PEAK WIND IN M.P.H.
PRELIMINARY LOCAL CLIMATOLOGICAL DATA (WS FORM: F-6) , PAGE 2
STATION: PITTSFIELD MA
MONTH: MARCH
YEAR: 2024
LATITUDE: 42 25 N
LONGITUDE: 73 18 W
[TEMPERATURE DATA] [PRECIPITATION DATA] SYMBOLS USED IN COLUMN 16
AVERAGE MONTHLY: 37.3 TOTAL FOR MONTH: 6.68 1 = FOG OR MIST
DPTR FM NORMAL: 5.3 DPTR FM NORMAL: 3.92 2 = FOG REDUCING VISIBILITY
HIGHEST: 66 ON 13 GRTST 24HR 2.35 ON 22-23 TO 1/4 MILE OR LESS
LOWEST: 16 ON 1 3 = THUNDER
SNOW, ICE PELLETS, HAIL 4 = ICE PELLETS
TOTAL MONTH: M 5 = HAIL
GRTST 24HR M ON M 6 = FREEZING RAIN OR DRIZZLE
GRTST DEPTH: M ON M 7 = DUSTSTORM OR SANDSTORM:
VSBY 1/2 MILE OR LESS
8 = SMOKE OR HAZE
[NO. OF DAYS WITH] [WEATHER - DAYS WITH] 9 = BLOWING SNOW
X = TORNADO
MAX 32 OR BELOW: 2 0.01 INCH OR MORE: 15
MAX 90 OR ABOVE: 0 0.10 INCH OR MORE: 10
MIN 32 OR BELOW: 17 0.50 INCH OR MORE: 5
MIN 0 OR BELOW: 0 1.00 INCH OR MORE: 1
[HDD (BASE 65) ]
TOTAL THIS MO. 768 CLEAR (SCALE 0-3) 6
DPTR FM NORMAL -160 PTCLDY (SCALE 4-7) 6
TOTAL FM JUL 1 5295 CLOUDY (SCALE 8-10) 16
DPTR FM NORMAL -833
[CDD (BASE 65) ]
TOTAL THIS MO. 0
DPTR FM NORMAL 0 [PRESSURE DATA]
TOTAL FM JAN 1 0 HIGHEST SLP M ON M
DPTR FM NORMAL 0 LOWEST SLP 29.29 ON 10
[REMARKS]