000
CXUS54 KFWD 010839
CF6PSN
PRELIMINARY LOCAL CLIMATOLOGICAL DATA (WS FORM: F-6)
STATION: PALESTINE
MONTH: FEBRUARY
YEAR: 2024
LATITUDE: 31 46 N
LONGITUDE: 95 42 W
TEMPERATURE IN F: :PCPN: SNOW: WIND :SUNSHINE: SKY :PK WND
================================================================================
1 2 3 4 5 6A 6B 7 8 9 10 11 12 13 14 15 16 17 18
12Z AVG MX 2MIN
DY MAX MIN AVG DEP HDD CDD WTR SNW DPTH SPD SPD DIR MIN PSBL S-S WX SPD DR
================================================================================
1 70 45 58 11 7 0 0.00 M M 6.6 16 190 M M 2 23 160
2 68 55 62 15 3 0 0.01 M M 6.4 10 140 M M 9 1 18 120
3 68 54 61 14 4 0 0.88 M M 6.1 13 60 M M 7 1 25 340
4 61 48 55 7 10 0 0.00 M M 6.6 14 340 M M 9 18 20 340
5 63 46 55 7 10 0 0.00 M M 10.9 15 330 M M 5 23 340
6 70 36 53 5 12 0 0.00 M M 1.7 7 280 M M 2 M M
7 68 50 59 11 6 0 0.00 M M 6.9 10 130 M M 3 14 140
8 68 59 64 16 1 0 0.00 M M 5.0 9 210 M M 9 18 17 190
9 72 63 68 20 0 3 0.00 M M 6.5 14 190 M M 7 23 200
10 64 55 60 12 5 0 1.29 M M 7.1 15 360 M M 8 1 24 50
11 61 46 54 5 11 0 1.33 M M 8.4 15 140 M M 4 123 21 90
12 55 36 46 -3 19 0 0.00 M M 14.6 20 310 M M 6 28 310
13 63 32 48 -1 17 0 0.00 M M 3.3 8 200 M M 0 1 12 0
14 66 41 54 5 11 0 0.00 M M 7.0 13 200 M M 2 20 200
15 70 52 61 12 4 0 0.00 M M 5.4 12 200 M M 5 16 200
16 72 46 59 9 6 0 0.00 M M 10.7 18 340 M M 7 1 26 340
17 45 36 41 -9 24 0 0.00 M M 14.9 18 340 M M 5 26 10
18 52 28 40 -10 25 0 0.00 M M 6.0 10 M M M 2 17 M
19 64 27 46 -4 19 0 0.00 M M 9.4 14 200 M M 0 22 200
20 77 45 61 11 4 0 0.00 M M 7.2 12 160 M M 0 1 17 190
21 77 59 68 17 0 3 0.00 M M 8.4 9 180 M M 5 M M
22 81 61 71 20 0 6 0.00 M M M M M M M 6 M M
23 72 45 59 8 6 0 0.00 M M 7.9 20 360 M M 0 25 360
24 75 39 57 5 8 0 0.00 M M 2.6 9 270 M M 0 14 270
25 81 50 66 14 0 1 0.00 M M 10.8 20 180 M M 0 29 190
26 84 63 74 22 0 9 0.00 M M 11.4 15 190 M M 4 28 180
27 79 68 74 22 0 9 0.00 M M 12.0 17 220 M M 6 24 180
28 72 45 59 7 6 0 0.00 M M 13.6 24 350 M M 3 1 31 M
29 54 43 49 -4 16 0 0.03 M M 8.4 14 60 M M 8 1 20 40
================================================================================
SM 1972 1373 234 31 3.54 M 225.8 M 124
================================================================================
AV 68.0 47.3 8.1 FASTST M M 4 MAX(MPH)
MISC ----> 24 350 31 9999
================================================================================
NOTES:
# LAST OF SEVERAL OCCURRENCES
COLUMN 17 PEAK WIND IN M.P.H.
PRELIMINARY LOCAL CLIMATOLOGICAL DATA (WS FORM: F-6) , PAGE 2
STATION: PALESTINE
MONTH: FEBRUARY
YEAR: 2024
LATITUDE: 31 46 N
LONGITUDE: 95 42 W
[TEMPERATURE DATA] [PRECIPITATION DATA] SYMBOLS USED IN COLUMN 16
AVERAGE MONTHLY: 57.7 TOTAL FOR MONTH: 3.54 1 = FOG OR MIST
DPTR FM NORMAL: 8.2 DPTR FM NORMAL: -0.36 2 = FOG REDUCING VISIBILITY
HIGHEST: 84 ON 26 GRTST 24HR 1.33 ON 11-11 TO 1/4 MILE OR LESS
LOWEST: 27 ON 19 3 = THUNDER
SNOW, ICE PELLETS, HAIL 4 = ICE PELLETS
TOTAL MONTH: M 5 = HAIL
GRTST 24HR M ON M 6 = FREEZING RAIN OR DRIZZLE
GRTST DEPTH: M ON M 7 = DUSTSTORM OR SANDSTORM:
VSBY 1/2 MILE OR LESS
8 = SMOKE OR HAZE
[NO. OF DAYS WITH] [WEATHER - DAYS WITH] 9 = BLOWING SNOW
X = TORNADO
MAX 32 OR BELOW: 0 0.01 INCH OR MORE: 5
MAX 90 OR ABOVE: 0 0.10 INCH OR MORE: 3
MIN 32 OR BELOW: 3 0.50 INCH OR MORE: 3
MIN 0 OR BELOW: 0 1.00 INCH OR MORE: 2
[HDD (BASE 65) ]
TOTAL THIS MO. 234 CLEAR (SCALE 0-3) 12
DPTR FM NORMAL -206 PTCLDY (SCALE 4-7) 14
TOTAL FM JUL 1 1589 CLOUDY (SCALE 8-10) 3
DPTR FM NORMAL -407
[CDD (BASE 65) ]
TOTAL THIS MO. 31
DPTR FM NORMAL 25 [PRESSURE DATA]
TOTAL FM JAN 1 31 HIGHEST SLP M ON M
DPTR FM NORMAL 22 LOWEST SLP M ON M
[REMARKS]
#FINAL-02-24#