000
CXUS56 KSGX 011245
CF6PSP
PRELIMINARY LOCAL CLIMATOLOGICAL DATA (WS FORM: F-6)
STATION: PALM SPRINGS INTL AIRPORT CA
MONTH: MAY
YEAR: 2020
LATITUDE: 33 49 N
LONGITUDE: 116 30 W
TEMPERATURE IN F: :PCPN: SNOW: WIND :SUNSHINE: SKY :PK WND
================================================================================
1 2 3 4 5 6A 6B 7 8 9 10 11 12 13 14 15 16 17 18
12Z AVG MX 2MIN
DY MAX MIN AVG DEP HDD CDD WTR SNW DPTH SPD SPD DIR MIN PSBL S-S WX SPD DR
================================================================================
1 100 70 85 10 0 20 0.00 0.0 0 6.6 21 320 M M 0 26 320
2 98 68 83 8 0 18 0.00 0.0 0 7.2 25 320 M M 0 33 320
3 98 67 83 7 0 18 0.00 0.0 0 8.1 30 320 M M 0 40 320
4 101 68 85 9 0 20 0.00 0.0 0 5.1 14 330 M M 0 18 310
5 106 68 87 11 0 22 0.00 0.0 0 6.7 14 320 M M 0 M M
6 108 74 91 15 0 26 0.00 0.0 0 4.3 17 320 M M 0 21 320
7 110 73 92 15 0 27 0.00 0.0 0 7.1 18 310 M M 0 24 320
8 107 74 91 14 0 26 0.00 0.0 0 7.2 21 330 M M 0 27 320
9 105 71 88 11 0 23 0.00 0.0 0 4.8 18 320 M M 0 23 320
10 104 77 91 13 0 26 0.00 0.0 0 9.6 28 330 M M 0 32 320
11 98 66 82 4 0 17 0.00 0.0 0 9.6 30 330 M M 0 35 330
12 91 64 78 0 0 13 0.00 0.0 0 11.8 29 330 M M 0 38 340
13 89 63 76 -2 0 11 0.00 0.0 0 12.6 28 330 M M 0 35 320
14 92 63 78 -1 0 13 0.00 0.0 0 9.8 26 310 M M 0 34 320
15 97 67 82 3 0 17 0.00 0.0 0 7.7 20 320 M M 0 24 320
16 99 69 84 5 0 19 0.00 0.0 0 4.9 14 100 M M 0 19 110
17 100 72 86 6 0 21 0.00 0.0 0 8.1 24 340 M M 0 30 340
18 93 67 80 0 0 15 0.00 0.0 0 10.9 28 330 M M 0 35 330
19 84 62 73 -7 0 8 0.00 0.0 0 12.6 29 330 M M 0 38 320
20 90 61 76 -4 0 11 0.00 0.0 0 8.6 26 320 M M 0 35 320
21 96 67 82 2 0 17 0.00 0.0 0 5.4 14 320 M M 0 18 70
22 99 67 83 2 0 18 0.00 0.0 0 9.4 29 320 M M 0 37 320
23 95 67 81 0 0 16 0.00 0.0 0 10.9 22 320 M M 0 28 320
24 101 65 83 2 0 18 0.00 0.0 0 6.1 21 320 M M 0 27 320
25 106 72 89 8 0 24 0.00 0.0 0 5.4 18 310 M M 0 24 320
26 111 73 92 10 0 27 0.00 0.0 0 4.8 20 320 M M 0 24 320
27 110 77 94 12 0 29 0.00 0.0 0 5.0 15 320 M M 0 18 320
28 108 77 93 11 0 28 0.00 0.0 0 5.8 17 320 M M 0 22 330
29 106 79 93 11 0 28 0.00 0.0 0 10.8 29 330 M M 0 35 320
30 97 70 84 2 0 19 0.00 0.0 0 12.4 28 330 M M 0 35 320
31 100 71 86 3 0 21 0.00 0.0 0 8.0 22 340 M M 0 28 330
================================================================================
SM 3099 2149 0 616 0.00 0.0 247.3 M 0
================================================================================
AV100.0 69.3 8.0 FASTST M M 0 MAX(MPH)
MISC ----> # 30 320 # 40 320
================================================================================
NOTES:
# LAST OF SEVERAL OCCURRENCES
COLUMN 17 PEAK WIND IN M.P.H.
PRELIMINARY LOCAL CLIMATOLOGICAL DATA (WS FORM: F-6) , PAGE 2
STATION: PALM SPRINGS INTL AIRPORT CA
MONTH: MAY
YEAR: 2020
LATITUDE: 33 49 N
LONGITUDE: 116 30 W
[TEMPERATURE DATA] [PRECIPITATION DATA] SYMBOLS USED IN COLUMN 16
AVERAGE MONTHLY: 84.7 TOTAL FOR MONTH: 0.00 1 = FOG OR MIST
DPTR FM NORMAL: 5.5 DPTR FM NORMAL: -0.13 2 = FOG REDUCING VISIBILITY
HIGHEST: 111 ON 26 GRTST 24HR 0.00 ON 31-31 TO 1/4 MILE OR LESS
LOWEST: 61 ON 20 3 = THUNDER
SNOW, ICE PELLETS, HAIL 4 = ICE PELLETS
TOTAL MONTH: 0.0 INCH 5 = HAIL
GRTST 24HR 0.0 6 = FREEZING RAIN OR DRIZZLE
GRTST DEPTH: 0 7 = DUSTSTORM OR SANDSTORM:
VSBY 1/2 MILE OR LESS
8 = SMOKE OR HAZE
[NO. OF DAYS WITH] [WEATHER - DAYS WITH] 9 = BLOWING SNOW
X = TORNADO
MAX 32 OR BELOW: 0 0.01 INCH OR MORE: 0
MAX 90 OR ABOVE: 29 0.10 INCH OR MORE: 0
MIN 32 OR BELOW: 0 0.50 INCH OR MORE: 0
MIN 0 OR BELOW: 0 1.00 INCH OR MORE: 0
[HDD (BASE 65) ]
TOTAL THIS MO. 0 CLEAR (SCALE 0-3) 31
DPTR FM NORMAL -2 PTCLDY (SCALE 4-7) 0
TOTAL FM JUL 1 701 CLOUDY (SCALE 8-10) 0
DPTR FM NORMAL -173
[CDD (BASE 65) ]
TOTAL THIS MO. 616
DPTR FM NORMAL 177 [PRESSURE DATA]
TOTAL FM JAN 1 964 HIGHEST SLP 30.05 ON 20
DPTR FM NORMAL 205 LOWEST SLP 29.76 ON 16
[REMARKS]
#FINAL-05-20#