000
CXUS55 KPUB 050444
CLAPUB
CLIMATE REPORT
NATIONAL WEATHER SERVICE
944 PM MST TUE JAN 04 2022
...................................
...THE PUEBLO CO CLIMATE SUMMARY FOR THE YEAR OF 2021...
CLIMATE NORMAL PERIOD 1991 TO 2020
CLIMATE RECORD PERIOD 1888 TO 2022
WEATHER OBSERVED NORMAL DEPART
VALUE DATE(S) VALUE FROM
NORMAL
................................................
TEMPERATURE (F)
RECORD
HIGH 109 07/13/2003
LOW -31 02/01/1951
HIGHEST 103 06/17
07/09
LOWEST -20 02/15
AVG. MAXIMUM 70.8 69.5 1.3
AVG. MINIMUM 37.7 37.0 0.7
MEAN 54.2 53.2 1.0
DAYS MAX >= 90 85
DAYS MAX <= 32 15
DAYS MIN <= 32 165
DAYS MIN <= 0 4
PRECIPITATION (INCHES)
RECORD
MAXIMUM 23.09 1957
MINIMUM 3.94 2002
TOTALS 15.39 12.02 3.37
DAILY AVG. 0.04 0.03 0.01
DAYS >= .01 65
DAYS >= .10 28
DAYS >= .50 9
DAYS >= 1.00 3
GREATEST
24 HR. TOTAL 2.76 07/31 TO 07/31
SNOWFALL (INCHES)
RECORDS
MAXIMUM 72.4 1990
MINIMUM 6.9 1977
TOTALS 25.2 28.3 -3.1
SINCE 7/1 1.1 10.8 -9.7
SNOWDEPTH AVG. 0
DAYS >= TRACE 46 20.3 25.7
DAYS >= 1.0 11 9.1 1.9
GREATEST
SNOW DEPTH 3 02/25
03/14
24 HR TOTAL 3.8 03/13 TO 03/14
DEGREE DAYS
HEATING TOTAL 5021 5334 -313
SINCE 7/1 1696 2223 -527
COOLING TOTAL 1245 1078 167
SINCE 1/1 1245 1079 166
FREEZE DATES
RECORD
EARLIEST 09/09/2020
LATEST 06/02/1919
EARLIEST 10/15
LATEST 04/29
................................................
WIND (MPH)
AVERAGE WIND SPEED 7.9
RESULTANT WIND SPEED/DIRECTION 1/050
HIGHEST WIND SPEED/DIRECTION 60/280 DATE 12/15
HIGHEST GUST SPEED/DIRECTION 89/280 DATE 12/15
SKY COVER
POSSIBLE SUNSHINE (PERCENT) MM
AVERAGE SKY COVER 0.19
NUMBER OF DAYS FAIR 292
NUMBER OF DAYS PC 42
NUMBER OF DAYS CLOUDY 31
AVERAGE RH (PERCENT) 49
WEATHER CONDITIONS. NUMBER OF DAYS WITH
THUNDERSTORM 34 MIXED PRECIP 0
HEAVY RAIN 17 RAIN 27
LIGHT RAIN 72 FREEZING RAIN 0
LT FREEZING RAIN 1 HAIL 6
HEAVY SNOW 1 SNOW 10
LIGHT SNOW 40 SLEET 0
FOG 62 FOG W/VIS <= 1/4 MILE 10
HAZE 57
- INDICATES NEGATIVE NUMBERS.
R INDICATES RECORD WAS SET OR TIED.
MM INDICATES DATA IS MISSING.
T INDICATES TRACE AMOUNT.
$$