000
CXUS56 KOTX 011614
CLMPUW
CLIMATE REPORT
NATIONAL WEATHER SERVICE SPOKANE WA
814 AM PST FRI DEC 01 2023
...................................
...THE PULLMAN_MOSCOW AIRPORT CLIMATE SUMMARY FOR THE MONTH OF NOVEMBER 2023...
CLIMATE NORMAL PERIOD 1991 TO 2020
CLIMATE RECORD PERIOD 9999 TO 9999
WEATHER OBSERVED NORMAL DEPART LAST YEAR`S
VALUE DATE(S) VALUE FROM VALUE DATE(S)
NORMAL
................................................................
TEMPERATURE (F)
RECORD
HIGH 73 11/03/1908
LOW -10 11/24/2010
HIGHEST 55 11/02 MM MM 52 11/04
11/05
LOWEST 18 11/26 MM MM -1 11/29
AVG. MAXIMUM 44.1 44.7 -0.6 38.5
AVG. MINIMUM 31.4 32.5 -1.1 24.6
MEAN 37.8 38.6 -0.8 31.5
DAYS MAX >= 90 0 0.0 0.0 0
DAYS MAX <= 32 4 2.1 1.9 6
DAYS MIN <= 32 17 15.1 1.9 29
DAYS MIN <= 0 0 0.1 -0.1 1
PRECIPITATION (INCHES)
RECORD
MAXIMUM 6.82 1927
MINIMUM 0.02 1929
TOTALS 2.25 2.14 0.11 4.01
DAILY AVG. 0.08 0.07 0.00 0.13
DAYS >= .01 12 12.7 -0.7 11
DAYS >= .10 6 7.0 -1.0 8
DAYS >= .50 2 1.0 1.0 2
DAYS >= 1.00 0 0.0 0.0 1
GREATEST
24 HR. TOTAL 0.56 11/01 TO 11/02 1.87
DEGREE DAYS
HEATING TOTAL 811 792 19 995
SINCE 7/1 1470 1593 -123 MM
COOLING TOTAL 0 0 0 0
SINCE 1/1 361 283 78 MM
................................................................
WIND (MPH)
AVERAGE WIND SPEED 7.0
HIGHEST WIND SPEED/DIRECTION 36/240 DATE 11/11
HIGHEST GUST SPEED/DIRECTION 48/250 DATE 11/11
SKY COVER
POSSIBLE SUNSHINE (PERCENT) MM
AVERAGE SKY COVER 0.54
NUMBER OF DAYS FAIR 11
NUMBER OF DAYS PC 9
NUMBER OF DAYS CLOUDY 10
AVERAGE RH (PERCENT) 82
WEATHER CONDITIONS. NUMBER OF DAYS WITH
THUNDERSTORM 0 MIXED PRECIP 1
HEAVY RAIN 1 RAIN 7
LIGHT RAIN 14 FREEZING RAIN 0
LT FREEZING RAIN 0 HAIL 0
HEAVY SNOW 0 SNOW 0
LIGHT SNOW 2 SLEET 0
FOG 23 FOG W/VIS <= 1/4 MILE 10
HAZE 1
- INDICATES NEGATIVE NUMBERS.
R INDICATES RECORD WAS SET OR TIED.
MM INDICATES DATA IS MISSING.
T INDICATES TRACE AMOUNT.
$$