000
CXUS51 KBOX 010910
CF6PVD
PRELIMINARY LOCAL CLIMATOLOGICAL DATA (WS FORM: F-6)
STATION: PROVIDENCE RI
MONTH: FEBRUARY
YEAR: 2024
LATITUDE: 41 43 N
LONGITUDE: 71 26 W
TEMPERATURE IN F: :PCPN: SNOW: WIND :SUNSHINE: SKY :PK WND
================================================================================
1 2 3 4 5 6A 6B 7 8 9 10 11 12 13 14 15 16 17 18
12Z AVG MX 2MIN
DY MAX MIN AVG DEP HDD CDD WTR SNW DPTH SPD SPD DIR MIN PSBL S-S WX SPD DR
================================================================================
1 45 33 39 9 26 0 0.00 0.0 0 7.3 14 200 M M 10 19 210
2 43 35 39 9 26 0 T 0.0 0 7.2 20 360 M M 10 18 27 360
3 39 29 34 4 31 0 0.00 0.0 0 12.6 21 360 M M 7 29 350
4 43 23 33 3 32 0 0.00 0.0 0 9.0 15 360 M M 0 21 10
5 44 26 35 5 30 0 0.00 0.0 0 11.1 23 10 M M 1 31 20
6 37 27 32 2 33 0 0.00 0.0 0 10.0 18 30 M M 6 26 20
7 44 27 36 5 29 0 0.00 0.0 0 8.1 18 30 M M 5 23 40
8 48 24 36 5 29 0 0.00 0.0 0 3.0 14 150 M M 2 1 17 160
9 49 25 37 6 28 0 0.01 0.1 0 5.7 18 180 M M 4 1 23 220
10 57 32 45 14 20 0 T 0.0 0 4.1 15 220 M M 8 12 19 240
11 48 34 41 10 24 0 0.00 0.0 0 8.1 16 300 M M 7 23 300
12 47 26 37 6 28 0 0.00 0.0 0 4.8 14 160 M M 5 18 150
13 37 29 33 1 32 0 0.77 6.2 2 11.2 29 10 M M 8 1 39 360
14 33 25 29 -3 36 0 0.00 0.0 4 14.6 25 300 M M 2 36 290
15 38 22 30 -2 35 0 0.02 0.4 3 8.9 15 220 M M 5 1 21 290
16 38 29 34 2 31 0 T T 3 14.0 37 300 M M 3 60 300
17 34 23 29 -3 36 0 0.05 0.9 3 6.0 21 300 M M 8 1 29 300
18 35 16 26 -6 39 0 0.00 0.0 2 10.5 26 230 M M 3 40 220
19 36 21 29 -4 36 0 0.00 0.0 2 7.5 20 280 M M 1 28 290
20 36 20 28 -5 37 0 0.00 0.0 1 4.8 16 360 M M 1 22 350
21 39 18 29 -4 36 0 0.00 0.0 0 3.2 14 170 M M 3 18 160
22 41 20 31 -2 34 0 T 0.0 T 5.7 15 200 M M 4 19 200
23 48 36 42 8 23 0 0.22 0.0 0 4.9 10 360 M M 10 1 13 160
24 43 23 33 -1 32 0 0.00 0.0 0 11.1 20 350 M M 6 1 26 300
25 35 16 26 -8 39 0 0.00 0.0 0 7.1 17 150 M M 1 23 150
26 53 24 39 5 26 0 T 0.0 0 8.0 18 250 M M 4 26 240
27 54 29 42 8 23 0 0.26 0.0 0 6.8 24 200 M M 8 12 36 200
28 55 38 47 12 18 0 1.07 0.0 0 19.4 33 310 M M 10 18 52 300
29 38 26 32 -3 33 0 0.07 T 0 16.4 35 310 M M 4 1 55 330
================================================================================
SM 1237 756 882 0 2.47 7.6 251.1 M 146
================================================================================
AV 42.7 26.1 8.7 FASTST M M 5 MAX(MPH)
MISC ----> 37 300 60 300
================================================================================
NOTES:
# LAST OF SEVERAL OCCURRENCES
COLUMN 17 PEAK WIND IN M.P.H.
PRELIMINARY LOCAL CLIMATOLOGICAL DATA (WS FORM: F-6) , PAGE 2
STATION: PROVIDENCE RI
MONTH: FEBRUARY
YEAR: 2024
LATITUDE: 41 43 N
LONGITUDE: 71 26 W
[TEMPERATURE DATA] [PRECIPITATION DATA] SYMBOLS USED IN COLUMN 16
AVERAGE MONTHLY: 34.4 TOTAL FOR MONTH: 2.47 1 = FOG OR MIST
DPTR FM NORMAL: 2.4 DPTR FM NORMAL: -0.97 2 = FOG REDUCING VISIBILITY
HIGHEST: 57 ON 10 GRTST 24HR 1.07 ON 28-28 TO 1/4 MILE OR LESS
LOWEST: 16 ON 25,18 3 = THUNDER
SNOW, ICE PELLETS, HAIL 4 = ICE PELLETS
TOTAL MONTH: 7.6 INCHES 5 = HAIL
GRTST 24HR 6.2 ON 13-13 6 = FREEZING RAIN OR DRIZZLE
GRTST DEPTH: 4 ON 14 7 = DUSTSTORM OR SANDSTORM:
VSBY 1/2 MILE OR LESS
8 = SMOKE OR HAZE
[NO. OF DAYS WITH] [WEATHER - DAYS WITH] 9 = BLOWING SNOW
X = TORNADO
MAX 32 OR BELOW: 0 0.01 INCH OR MORE: 8
MAX 90 OR ABOVE: 0 0.10 INCH OR MORE: 4
MIN 32 OR BELOW: 24 0.50 INCH OR MORE: 2
MIN 0 OR BELOW: 0 1.00 INCH OR MORE: 1
[HDD (BASE 65) ]
TOTAL THIS MO. 882 CLEAR (SCALE 0-3) 10
DPTR FM NORMAL -42 PTCLDY (SCALE 4-7) 13
TOTAL FM JUL 1 3659 CLOUDY (SCALE 8-10) 6
DPTR FM NORMAL -343
[CDD (BASE 65) ]
TOTAL THIS MO. 0
DPTR FM NORMAL 0 [PRESSURE DATA]
TOTAL FM JAN 1 0 HIGHEST SLP 30.56 ON 21
DPTR FM NORMAL 0 LOWEST SLP 29.38 ON 13
[REMARKS]
#FINAL-02-24#