000
CXUS54 KFWD 010732
CF6PWG
PRELIMINARY LOCAL CLIMATOLOGICAL DATA (WS FORM: F-6)
STATION: WACO MCGREGOR
MONTH: MARCH
YEAR: 2024
LATITUDE: 31 28 N
LONGITUDE: 97 19 W
TEMPERATURE IN F: :PCPN: SNOW: WIND :SUNSHINE: SKY :PK WND
================================================================================
1 2 3 4 5 6A 6B 7 8 9 10 11 12 13 14 15 16 17 18
12Z AVG MX 2MIN
DY MAX MIN AVG DEP HDD CDD WTR SNW DPTH SPD SPD DIR MIN PSBL S-S WX SPD DR
================================================================================
1 70 42 56 4 9 0 0.00 M M 6.4 15 150 M M 5 M M
2 81 47 64 11 1 0 0.00 M M 10.0 18 150 M M 0 12 22 150
3 81 61 71 18 0 6 0.00 M M 14.3 20 180 M M 4 26 190
4 82 65 74 21 0 9 0.00 M M 9.3 15 180 M M 5 1 20 190
5 84 58 71 17 0 6 0.00 M M 5.3 9 280 M M 0 1 M M
6 79 53 66 12 0 1 0.00 M M 6.5 10 160 M M 2 18 M M
7 71 62 67 13 0 2 M M M 11.0 22 150 M M 6 1 23 120
8 74 46 60 6 5 0 0.10 M M 9.4 21 310 M M 5 1 30 310
9 59 43 51 -4 14 0 0.00 M M 13.6 21 330 M M 6 32 340
10 66 36 51 -4 14 0 0.00 M M 3.9 8 40 M M 0 M M
11 72 50 61 6 4 0 0.00 M M 6.4 13 170 M M 4 23 170
12 78 51 65 9 0 0 0.00 M M 11.5 18 170 M M 5 24 170
13 79 64 72 16 0 7 0.00 M M 13.5 18 150 M M 6 25 150
14 79 69 74 18 0 9 0.00 M M 12.2 16 160 M M 9 22 160
15 69 61 65 9 0 0 T M M 10.8 24 350 M M 9 1 30 350
16 66 59 63 6 2 0 0.33 M M 6.7 10 110 M M 10 13 M M
17 65 55 60 3 5 0 0.14 M M 8.4 15 30 M M 9 13 20 340
18 61 42 52 -5 13 0 0.00 M M 8.7 18 40 M M 2 24 40
19 66 36 51 -6 14 0 0.00 M M 4.8 10 190 M M 0 M M
20 69 46 58 0 7 0 0.00 M M 7.4 14 170 M M 4 M M
21 62 51 57 -1 8 0 0.27 M M 5.4 14 190 M M 9 13 23 250
22 70 48 59 1 6 0 0.00 M M 6.8 17 340 M M 5 1 24 340
23 70 49 60 2 5 0 0.00 M M 4.9 9 10 M M 0 1 M M
24 70 57 64 5 1 0 0.00 M M 15.8 24 160 M M 6 35 150
25 74 51 63 4 2 0 0.26 M M 7.9 17 240 M M 5 13 26 260
26 62 39 51 -8 14 0 0.00 M M 6.9 13 340 M M 0 8 20 330
27 68 39 54 -6 11 0 0.02 M M 4.9 12 120 M M 1 M M
28 75 40 58 -2 7 0 0.00 M M 7.1 15 160 M M 0 1 21 160
29 77 57 67 7 0 2 0.00 M M 16.2 26 170 M M 3 36 180
30 79 63 71 11 0 6 0.00 M M 11.9 17 180 M M 7 23 170
31 77 66 72 12 0 7 0.00 M M 12.7 17 180 M M 7 23 180
================================================================================
SM 2235 1606 142 55 1.12 M 280.1 M 134
================================================================================
AV 72.1 51.8 9.0 FASTST M M 4 MAX(MPH)
MISC ----> 26 170 36 180
================================================================================
NOTES:
# LAST OF SEVERAL OCCURRENCES
COLUMN 17 PEAK WIND IN M.P.H.
PRELIMINARY LOCAL CLIMATOLOGICAL DATA (WS FORM: F-6) , PAGE 2
STATION: WACO MCGREGOR
MONTH: MARCH
YEAR: 2024
LATITUDE: 31 28 N
LONGITUDE: 97 19 W
[TEMPERATURE DATA] [PRECIPITATION DATA] SYMBOLS USED IN COLUMN 16
AVERAGE MONTHLY: 62.0 TOTAL FOR MONTH: 1.12 1 = FOG OR MIST
DPTR FM NORMAL: 5.5 DPTR FM NORMAL: -2.11 2 = FOG REDUCING VISIBILITY
HIGHEST: 84 ON 5 GRTST 24HR 0.38 ON 16-17 TO 1/4 MILE OR LESS
LOWEST: 36 ON 19,10 3 = THUNDER
SNOW, ICE PELLETS, HAIL 4 = ICE PELLETS
TOTAL MONTH: M 5 = HAIL
GRTST 24HR M ON M 6 = FREEZING RAIN OR DRIZZLE
GRTST DEPTH: M ON M 7 = DUSTSTORM OR SANDSTORM:
VSBY 1/2 MILE OR LESS
8 = SMOKE OR HAZE
[NO. OF DAYS WITH] [WEATHER - DAYS WITH] 9 = BLOWING SNOW
X = TORNADO
MAX 32 OR BELOW: 0 0.01 INCH OR MORE: 6
MAX 90 OR ABOVE: 0 0.10 INCH OR MORE: 4
MIN 32 OR BELOW: 0 0.50 INCH OR MORE: 0
MIN 0 OR BELOW: 0 1.00 INCH OR MORE: 0
[HDD (BASE 65) ]
TOTAL THIS MO. 142 CLEAR (SCALE 0-3) 11
DPTR FM NORMAL -144 PTCLDY (SCALE 4-7) 15
TOTAL FM JUL 1 1705 CLOUDY (SCALE 8-10) 5
DPTR FM NORMAL -530
[CDD (BASE 65) ]
TOTAL THIS MO. 55
DPTR FM NORMAL 31 [PRESSURE DATA]
TOTAL FM JAN 1 81 HIGHEST SLP M ON M
DPTR FM NORMAL 51 LOWEST SLP M ON M
[REMARKS]
#FINAL-03-24#