000
CXUS53 KMKX 010910
CF6RAC
PRELIMINARY LOCAL CLIMATOLOGICAL DATA (WS FORM: F-6)
STATION: RACINE WI
MONTH: JANUARY
YEAR: 2022
LATITUDE: 42 45 N
LONGITUDE: 87 49 W
TEMPERATURE IN F: :PCPN: SNOW: WIND :SUNSHINE: SKY :PK WND
================================================================================
1 2 3 4 5 6A 6B 7 8 9 10 11 12 13 14 15 16 17 18
12Z AVG MX 2MIN
DY MAX MIN AVG DEP HDD CDD WTR SNW DPTH SPD SPD DIR MIN PSBL S-S WX SPD DR
================================================================================
1 36 20 28 3 37 0 0.09 M M 19.2 29 30 M M 10 12 41 360
2 24 10 17 -8 48 0 T M M 9.7 17 340 M M 5 18 25 350
3 23 3 13 -11 52 0 0.00 M M 8.5 18 220 M M 0 28 210
4 34 13 24 0 41 0 0.00 M M 11.0 22 170 M M 1 34 180
5 34 13 24 0 41 0 T M M 17.3 29 250 M M 10 8 45 260
6 16 6 11 -13 54 0 T M M 11.5 16 290 M M 6 8 27 300
7 17 0 9 -15 56 0 0.00 M M 9.3 16 290 M M 1 23 280
8 32 12 22 -2 43 0 0.00 M M 11.1 21 180 M M 7 18 30 180
9 32 9 21 -3 44 0 0.00 M M 12.1 23 310 M M 3 1 34 290
10 11 0 6 -18 59 0 0.00 M M 9.3 18 320 M M 3 26 310
11 37 0 19 -4 46 0 0.00 M M 11.1 21 230 M M 0 32 170
12 42 33 38 15 27 0 0.00 M M 6.7 12 30 M M 6 19 280
13 40 33 37 14 28 0 T M M 6.4 21 30 M M 10 18 30 40
14 34 23 29 6 36 0 0.00 M M 15.7 23 50 M M 10 31 40
15 24 20 22 -1 43 0 T M M 11.9 21 50 M M 10 8 26 60
16 27 14 21 -2 44 0 T M M 6.2 13 330 M M 4 8 16 320
17 29 22 26 3 39 0 0.00 M M 9.5 18 290 M M 8 27 290
18 43 22 33 10 32 0 0.00 M M 11.9 24 230 M M 5 38 230
19 39 10 25 2 40 0 0.00 M M 12.9 22 330 M M 1 37 280
20 16 4 10 -13 55 0 0.00 M M 7.3 14 320 M M 0 19 330
21 26 5 16 -7 49 0 0.00 M M 8.2 16 220 M M 3 23 240
22 31 19 25 2 40 0 0.02 M M 13.2 22 260 M M 6 18 33 210
23 20 5 13 -10 52 0 0.04 M M 9.9 20 340 M M 6 1 26 340
24 21 9 15 -8 50 0 0.06 M M 7.8 16 320 M M 7 18 24 320
25 10 -2 4 -19 61 0 0.00 M M 9.6 17 290 M M 0 26 280
26 15 -9 3 -20 62 0 0.00 M M 10.0 18 220 M M 0 26 210
27 33 15 24 1 41 0 0.00 M M 12.3 25 10 M M 9 35 360
28 23 10 17 -6 48 0 0.00 M M 9.1 15 340 M M 4 24 350
29 23 8 16 -7 49 0 T M M 6.6 15 220 M M 8 19 210
30 30 11 21 -2 44 0 0.00 M M 7.1 15 10 M M 3 18 360
31 34 17 26 3 39 0 0.00 M M 11.0 23 170 M M 5 8 37 170
================================================================================
SM 856 355 1400 0 0.21 M 323.4 M 151
================================================================================
AV 27.6 11.5 10.4 FASTST M M 5 MAX(MPH)
MISC ----> # 29 30 45 260
================================================================================
NOTES:
# LAST OF SEVERAL OCCURRENCES
COLUMN 17 PEAK WIND IN M.P.H.
PRELIMINARY LOCAL CLIMATOLOGICAL DATA (WS FORM: F-6) , PAGE 2
STATION: RACINE WI
MONTH: JANUARY
YEAR: 2022
LATITUDE: 42 45 N
LONGITUDE: 87 49 W
[TEMPERATURE DATA] [PRECIPITATION DATA] SYMBOLS USED IN COLUMN 16
AVERAGE MONTHLY: 19.5 TOTAL FOR MONTH: 0.21 1 = FOG OR MIST
DPTR FM NORMAL: -3.8 DPTR FM NORMAL: -1.04 2 = FOG REDUCING VISIBILITY
HIGHEST: 43 ON 18 GRTST 24HR 0.09 ON 22-23 TO 1/4 MILE OR LESS
LOWEST: -9 ON 26 3 = THUNDER
SNOW, ICE PELLETS, HAIL 4 = ICE PELLETS
TOTAL MONTH: M 5 = HAIL
GRTST 24HR M ON M 6 = FREEZING RAIN OR DRIZZLE
GRTST DEPTH: M ON M 7 = DUSTSTORM OR SANDSTORM:
VSBY 1/2 MILE OR LESS
8 = SMOKE OR HAZE
[NO. OF DAYS WITH] [WEATHER - DAYS WITH] 9 = BLOWING SNOW
X = TORNADO
MAX 32 OR BELOW: 20 0.01 INCH OR MORE: 4
MAX 90 OR ABOVE: 0 0.10 INCH OR MORE: 0
MIN 32 OR BELOW: 29 0.50 INCH OR MORE: 0
MIN 0 OR BELOW: 5 1.00 INCH OR MORE: 0
[HDD (BASE 65) ]
TOTAL THIS MO. 1400 CLEAR (SCALE 0-3) 11
DPTR FM NORMAL 106 PTCLDY (SCALE 4-7) 14
TOTAL FM JUL 1 3353 CLOUDY (SCALE 8-10) 6
DPTR FM NORMAL -349
[CDD (BASE 65) ]
TOTAL THIS MO. 0
DPTR FM NORMAL 0 [PRESSURE DATA]
TOTAL FM JAN 1 0 HIGHEST SLP 30.66 ON 20
DPTR FM NORMAL 0 LOWEST SLP 29.45 ON 5
[REMARKS]
#FINAL-01-22#