000
CXUS56 KSGX 011045
CF6RAL
PRELIMINARY LOCAL CLIMATOLOGICAL DATA (WS FORM: F-6)
STATION: RIVERSIDE MUNI AIRPORT CA
MONTH: JULY
YEAR: 2021
LATITUDE: 33 57 N
LONGITUDE: 117 27 W
TEMPERATURE IN F: :PCPN: SNOW: WIND :SUNSHINE: SKY :PK WND
================================================================================
1 2 3 4 5 6A 6B 7 8 9 10 11 12 13 14 15 16 17 18
12Z AVG MX 2MIN
DY MAX MIN AVG DEP HDD CDD WTR SNW DPTH SPD SPD DIR MIN PSBL S-S WX SPD DR
================================================================================
1 99 62 81 5 0 16 0.00 M M 6.3 21 270 M M 0 24 280
2 99 64 82 5 0 17 0.00 M M 5.5 18 270 M M 0 8 23 270
3 96 67 82 5 0 17 0.00 M M 6.0 18 270 M M 0 25 270
4 92 62 77 0 0 12 0.00 M M 5.9 16 270 M M 1 1 23 270
5 93 62 78 1 0 13 0.00 M M 6.0 18 270 M M 0 8 23 270
6 96 61 79 1 0 14 0.00 M M 5.9 20 270 M M 0 23 260
7 95 63 79 1 0 14 0.00 M M 6.5 16 270 M M 0 22 280
8 98 66 82 4 0 17 0.00 M M 5.7 21 280 M M 0 26 280
9 98 70 84 6 0 19 0.00 M M 6.1 18 270 M M 0 24 270
10 97 70 84 6 0 19 0.00 M M 6.0 20 270 M M 0 27 270
11 98 67 83 5 0 18 0.00 M M 6.7 23 270 M M 0 27 270
12 93 66 80 2 0 15 0.00 M M 7.2 18 270 M M 0 27 220
13 97 67 82 3 0 17 0.00 M M 6.8 24 270 M M 0 28 270
14 96 68 82 3 0 17 0.00 M M 7.5 22 270 M M 0 26 270
15 95 66 81 2 0 16 0.00 M M 6.7 20 270 M M 0 24 270
16 94 64 79 0 0 14 0.00 M M 6.2 17 270 M M 0 25 270
17 96 65 81 2 0 16 0.00 M M 6.0 22 270 M M 0 26 270
18 99 71 85 6 0 20 0.00 M M 6.6 21 260 M M 1 25 270
19 98 71 85 6 0 20 0.00 M M 6.0 20 250 M M 1 24 250
20 96 69 83 4 0 18 0.00 M M 6.4 18 250 M M 0 24 270
21 99 71 85 6 0 20 0.00 M M 6.6 21 270 M M 0 26 270
22 96 69 83 4 0 18 0.00 M M 6.4 21 270 M M 0 26 280
23 95 67 81 2 0 16 0.00 M M 6.7 18 270 M M 0 23 270
24 90 65 78 -2 0 13 0.00 M M 5.3 18 270 M M 0 23 270
25 90 64 77 -3 0 12 0.01 M M 6.1 18 270 M M 1 24 260
26 89 66 78 -2 0 13 0.15 M M 5.8 21 270 M M 4 1 26 270
27 96 65 81 1 0 16 0.00 M M 6.2 21 270 M M 0 8 26 270
28 97 68 83 3 0 18 0.00 M M 5.8 21 260 M M 0 27 270
29 99 68 84 4 0 19 0.00 M M 6.2 20 260 M M 0 29 270
30 100 68 84 4 0 19 0.00 M M 5.6 16 250 M M 0 21 280
31 100 68 84 4 0 19 0.00 M M 5.8 23 270 M M 0 30 270
================================================================================
SM 2976 2060 0 512 0.16 M 192.5 M 8
================================================================================
AV 96.0 66.5 6.2 FASTST M M 0 MAX(MPH)
MISC ----> 24 270 30 270
================================================================================
NOTES:
# LAST OF SEVERAL OCCURRENCES
COLUMN 17 PEAK WIND IN M.P.H.
PRELIMINARY LOCAL CLIMATOLOGICAL DATA (WS FORM: F-6) , PAGE 2
STATION: RIVERSIDE MUNI AIRPORT CA
MONTH: JULY
YEAR: 2021
LATITUDE: 33 57 N
LONGITUDE: 117 27 W
[TEMPERATURE DATA] [PRECIPITATION DATA] SYMBOLS USED IN COLUMN 16
AVERAGE MONTHLY: 81.2 TOTAL FOR MONTH: 0.16 1 = FOG OR MIST
DPTR FM NORMAL: 2.6 DPTR FM NORMAL: 0.04 2 = FOG REDUCING VISIBILITY
HIGHEST: 100 ON 31,30 GRTST 24HR 0.16 ON 25-26 TO 1/4 MILE OR LESS
LOWEST: 61 ON 6 3 = THUNDER
SNOW, ICE PELLETS, HAIL 4 = ICE PELLETS
TOTAL MONTH: M 5 = HAIL
GRTST 24HR M ON M 6 = FREEZING RAIN OR DRIZZLE
GRTST DEPTH: M ON M 7 = DUSTSTORM OR SANDSTORM:
VSBY 1/2 MILE OR LESS
8 = SMOKE OR HAZE
[NO. OF DAYS WITH] [WEATHER - DAYS WITH] 9 = BLOWING SNOW
X = TORNADO
MAX 32 OR BELOW: 0 0.01 INCH OR MORE: 2
MAX 90 OR ABOVE: 30 0.10 INCH OR MORE: 1
MIN 32 OR BELOW: 0 0.50 INCH OR MORE: 0
MIN 0 OR BELOW: 0 1.00 INCH OR MORE: 0
[HDD (BASE 65) ]
TOTAL THIS MO. 0 CLEAR (SCALE 0-3) 30
DPTR FM NORMAL 0 PTCLDY (SCALE 4-7) 1
TOTAL FM JUL 1 0 CLOUDY (SCALE 8-10) 0
DPTR FM NORMAL 0
[CDD (BASE 65) ]
TOTAL THIS MO. 512
DPTR FM NORMAL 90 [PRESSURE DATA]
TOTAL FM JAN 1 1023 HIGHEST SLP 30.00 ON 23
DPTR FM NORMAL 166 LOWEST SLP 29.71 ON 7
[REMARKS]
#FINAL-07-21#