000
CXUS56 KSTO 151111
CF6RDD
PRELIMINARY LOCAL CLIMATOLOGICAL DATA (WS FORM: F-6)
STATION: REDDING CA AIRPORT AND CITY
MONTH: JANUARY
YEAR: 2022
LATITUDE: 40 30 N
LONGITUDE: 122 18 W
TEMPERATURE IN F: :PCPN: SNOW: WIND :SUNSHINE: SKY :PK WND
================================================================================
1 2 3 4 5 6A 6B 7 8 9 10 11 12 13 14 15 16 17 18
12Z AVG MX 2MIN
DY MAX MIN AVG DEP HDD CDD WTR SNW DPTH SPD SPD DIR MIN PSBL S-S WX SPD DR
================================================================================
1 55 31 43 -3 22 0 0.00 0.0 M 6.1 16 360 M M 0 20 350
2 46 30 38 -8 27 0 0.00 M M 1.1 7 320 M M 6 1 9 320
3 52 39 46 0 19 0 0.38 M M 17.7 45 170 M M 10 18 58 180
4 54 50 52 6 13 0 0.27 0.0 M 8.1 22 180 M M 10 1 28 180
5 58 49 54 7 11 0 0.00 0.0 M 3.1 8 120 M M 9 1 11 150
6 50 40 45 -2 20 0 0.00 0.0 M 3.5 10 160 M M 8 12 11 160
7 53 44 49 2 16 0 0.51 M M 7.9 26 170 M M 9 12 33 170
8 61 39 50 3 15 0 0.00 M M 3.6 10 10 M M 2 1 13 50
9 63 32 48 1 17 0 0.00 0.0 M 1.3 9 130 M M 0 1 10 120
10 67 38 53 6 12 0 0.00 0.0 M 3.1 9 250 M M 4 10 250
11 66 40 53 6 12 0 0.00 0.0 M 1.2 6 300 M M 0 8 320
12 61 32 47 0 18 0 0.00 0.0 M 1.3 8 270 M M 0 1 10 270
13 64 35 50 3 15 0 0.00 0.0 M 1.4 8 360 M M 0 10 310
14 71 47 59 12 6 0 0.00 M M 11.9 25 10 M M 0 30 10
15 72 37 55 8 10 0 0.00 M M 2.7 10 360 M M 0 13 350
16 61 31 46 -1 19 0 0.00 M M 1.2 7 160 M M 0 18 9 160
17 63 31 47 -1 18 0 0.00 M M 0.4 5 170 M M 0 18 8 150
18 63 33 48 0 17 0 0.00 M M 0.7 15 80 M M 0 18 18 150
19 70 36 53 5 12 0 0.00 M M 7.1 17 360 M M 0 21 10
20 67 40 54 6 11 0 0.00 0.0 M 3.1 9 150 M M 0 18 11 340
21 67 41 54 6 11 0 0.00 0.0 M 16.1 32 360 M M 0 1 41 360
22 72 54 63 15 2 0 0.00 0.0 M 18.4 31 30 M M 0 39 20
23 73 39 56 8 9 0 0.00 0.0 M 3.5 18 10 M M 0 25 360
24 63 33 48 0 17 0 0.00 0.0 M 0.4 7 10 M M 0 13 140
25 69 34 52 4 13 0 0.00 M M 13.0 26 20 M M 0 35 360
26 67 31 49 1 16 0 0.00 M M 1.3 9 340 M M 0 13 350
27 72 31 52 4 13 0 0.00 0.0 M 5.2 18 10 M M 0 23 30
28 71 31 51 3 14 0 0.00 M M 1.7 10 160 M M 0 12 30
29 69 30 50 1 15 0 0.00 0.0 M 1.2 8 170 M M 0 9 180
30 63 30 47 -2 18 0 0.00 0.0 M 1.9 8 160 M M 0 9 140
31 66 32 49 0 16 0 0.00 0.0 M 6.4 18 10 M M 0 26 360
================================================================================
SM 1969 1140 454 0 1.16 0.0 155.6 M 58
================================================================================
AV 63.5 36.8 5.0 FASTST M M 2 MAX(MPH)
MISC ----> 45 170 58 180
================================================================================
NOTES:
# LAST OF SEVERAL OCCURRENCES
COLUMN 17 PEAK WIND IN M.P.H.
PRELIMINARY LOCAL CLIMATOLOGICAL DATA (WS FORM: F-6) , PAGE 2
STATION: REDDING CA AIRPORT AND CITY
MONTH: JANUARY
YEAR: 2022
LATITUDE: 40 30 N
LONGITUDE: 122 18 W
[TEMPERATURE DATA] [PRECIPITATION DATA] SYMBOLS USED IN COLUMN 16
AVERAGE MONTHLY: 50.1 TOTAL FOR MONTH: 1.16 1 = FOG OR MIST
DPTR FM NORMAL: 2.6 DPTR FM NORMAL: -4.88 2 = FOG REDUCING VISIBILITY
HIGHEST: 73 ON 23 GRTST 24HR 0.51 ON 7- 7 TO 1/4 MILE OR LESS
LOWEST: 30 ON 30,29 3 = THUNDER
SNOW, ICE PELLETS, HAIL 4 = ICE PELLETS
TOTAL MONTH: 0.0 INCH 5 = HAIL
GRTST 24HR 0.0 6 = FREEZING RAIN OR DRIZZLE
GRTST DEPTH: M ON M 7 = DUSTSTORM OR SANDSTORM:
VSBY 1/2 MILE OR LESS
8 = SMOKE OR HAZE
[NO. OF DAYS WITH] [WEATHER - DAYS WITH] 9 = BLOWING SNOW
X = TORNADO
MAX 32 OR BELOW: 0 0.01 INCH OR MORE: 3
MAX 90 OR ABOVE: 0 0.10 INCH OR MORE: 3
MIN 32 OR BELOW: 12 0.50 INCH OR MORE: 1
MIN 0 OR BELOW: 0 1.00 INCH OR MORE: 0
[HDD (BASE 65) ]
TOTAL THIS MO. 454 CLEAR (SCALE 0-3) 24
DPTR FM NORMAL -90 PTCLDY (SCALE 4-7) 2
TOTAL FM JUL 1 1478 CLOUDY (SCALE 8-10) 5
DPTR FM NORMAL -97
[CDD (BASE 65) ]
TOTAL THIS MO. 0
DPTR FM NORMAL 0 [PRESSURE DATA]
TOTAL FM JAN 1 0 HIGHEST SLP 30.50 ON 10
DPTR FM NORMAL 0 LOWEST SLP 29.83 ON 7
[REMARKS]
#FINAL-01-22#