000
CXUS51 KPHI 161853
CF6RDG
PRELIMINARY LOCAL CLIMATOLOGICAL DATA (WS FORM: F-6)
STATION: READING PA
MONTH: MARCH
YEAR: 2023
LATITUDE: 40 22 N
LONGITUDE: 75 58 W
TEMPERATURE IN F: :PCPN: SNOW: WIND :SUNSHINE: SKY :PK WND
================================================================================
1 2 3 4 5 6A 6B 7 8 9 10 11 12 13 14 15 16 17 18
12Z AVG MX 2MIN
DY MAX MIN AVG DEP HDD CDD WTR SNW DPTH SPD SPD DIR MIN PSBL S-S WX SPD DR
================================================================================
1 53 26 40 3 25 0 0.00 0.0 0 5.4 17 160 M M 5 12 23 150
2 59 42 51 14 14 0 0.01 0.0 0 7.7 21 310 M M 5 18 27 300
3 45 30 38 1 27 0 0.89 T 0 6.9 20 100 M M 5 14 31 110
4 51 35 43 5 22 0 0.30 0.0 0 13.0 29 300 M M 9 1 36 300
5 58 29 44 6 21 0 0.00 0.0 0 8.4 26 320 M M 2 33 330
6 55 31 43 5 22 0 T 0.0 0 5.8 17 20 M M 3 23 30
7 47 34 41 3 24 0 0.04 T 0 17.3 33 340 M M 5 1 45 340
8 48 33 41 2 24 0 0.00 0.0 0 16.1 24 330 M M 3 30 320
9 52 30 41 2 24 0 0.00 0.0 0 9.4 21 330 M M 1 27 330
10 42 31 37 -2 28 0 0.41 0.0 0 3.9 14 140 M M 7 1 18 140
11 41 32 37 -3 28 0 0.03 0.0 0 10.7 23 320 M M 9 1 28 330
12 45 25 35 -5 30 0 0.00 0.0 0 5.2 12 160 M M 3 16 150
13 45 37 41 1 24 0 0.01 0.0 0 5.8 16 290 M M 10 24 290
14 40 33 37 -4 28 0 T T 0 21.3 35 300 M M 10 1 49 290
15 50 33 42 1 23 0 0.00 0.0 0 19.6 32 320 M M 3 41 310
16 62 31 47 6 18 0 0.00 0.0 0 6.7 16 270 M M 0 21 300
17 60 41 51 9 14 0 0.05 0.0 0 5.6 26 300 M M 7 35 300
18 50 36 43 1 22 0 0.00 0.0 0 13.2 25 290 M M 4 32 280
19 39 25 32 -10 33 0 0.00 0.0 0 14.0 30 300 M M 2 37 300
20 53 23 38 -5 27 0 0.00 0.0 0 4.4 15 220 M M 0 22 260
21 62 26 44 1 21 0 0.00 0.0 0 5.2 17 220 M M 0 23 200
22 66 37 52 9 13 0 0.00 0.0 0 5.1 17 210 M M 3 23 190
23 64 48 56 12 9 0 0.44 0.0 0 4.8 16 340 M M 8 13 21 340
24 58 43 51 7 14 0 0.04 0.0 0 4.7 14 10 M M 8 19 350
25 47 42 45 1 20 0 0.24 0.0 0 5.6 17 90 M M 10 18 28 140
26 63 41 52 7 13 0 0.00 0.0 0 8.0 23 290 M M 1 12 29 270
27 64 34 49 4 16 0 0.07 0.0 0 4.3 18 150 M M 4 13 25 140
28 53 39 46 0 19 0 0.00 0.0 0 8.2 18 330 M M 6 12 25 330
29 59 34 47 1 18 0 T 0.0 0 8.4 35 310 M M 4 46 300
30 48 29 39 -7 26 0 T T 0 9.0 24 330 M M 1 30 340
31 59 29 44 -3 21 0 T 0.0 0 5.1 15 190 M M 6 20 140
================================================================================
SM 1638 1039 668 0 2.53 T 268.8 M 144
================================================================================
AV 52.8 33.5 8.7 FASTST M M 5 MAX(MPH)
MISC ----> # 35 300 49 290
================================================================================
NOTES:
# LAST OF SEVERAL OCCURRENCES
COLUMN 17 PEAK WIND IN M.P.H.
PRELIMINARY LOCAL CLIMATOLOGICAL DATA (WS FORM: F-6) , PAGE 2
STATION: READING PA
MONTH: MARCH
YEAR: 2023
LATITUDE: 40 22 N
LONGITUDE: 75 58 W
[TEMPERATURE DATA] [PRECIPITATION DATA] SYMBOLS USED IN COLUMN 16
AVERAGE MONTHLY: 43.2 TOTAL FOR MONTH: 2.53 1 = FOG OR MIST
DPTR FM NORMAL: 1.7 DPTR FM NORMAL: -1.00 2 = FOG REDUCING VISIBILITY
HIGHEST: 66 ON 22 GRTST 24HR 0.89 ON 3- 3 TO 1/4 MILE OR LESS
LOWEST: 23 ON 20 3 = THUNDER
SNOW, ICE PELLETS, HAIL 4 = ICE PELLETS
TOTAL MONTH: T 5 = HAIL
GRTST 24HR T ON 3- 3 6 = FREEZING RAIN OR DRIZZLE
GRTST DEPTH: T 7 = DUSTSTORM OR SANDSTORM:
VSBY 1/2 MILE OR LESS
8 = SMOKE OR HAZE
[NO. OF DAYS WITH] [WEATHER - DAYS WITH] 9 = BLOWING SNOW
X = TORNADO
MAX 32 OR BELOW: 0 0.01 INCH OR MORE: 12
MAX 90 OR ABOVE: 0 0.10 INCH OR MORE: 5
MIN 32 OR BELOW: 14 0.50 INCH OR MORE: 1
MIN 0 OR BELOW: 0 1.00 INCH OR MORE: 0
[HDD (BASE 65) ]
TOTAL THIS MO. 668 CLEAR (SCALE 0-3) 11
DPTR FM NORMAL -62 PTCLDY (SCALE 4-7) 13
TOTAL FM JUL 1 3919 CLOUDY (SCALE 8-10) 7
DPTR FM NORMAL -665
[CDD (BASE 65) ]
TOTAL THIS MO. 0
DPTR FM NORMAL 0 [PRESSURE DATA]
TOTAL FM JAN 1 0 HIGHEST SLP 30.42 ON 21
DPTR FM NORMAL 0 LOWEST SLP 29.27 ON 4
[REMARKS]
#FINAL-03-23#