000
CXUS56 KPDT 011810
CF6RDM
PRELIMINARY LOCAL CLIMATOLOGICAL DATA (WS FORM: F-6)
STATION: REDMOND OR
MONTH: APRIL
YEAR: 2022
LATITUDE: 44 16 N
LONGITUDE: 121 9 W
TEMPERATURE IN F: :PCPN: SNOW: WIND :SUNSHINE: SKY :PK WND
================================================================================
1 2 3 4 5 6A 6B 7 8 9 10 11 12 13 14 15 16 17 18
12Z AVG MX 2MIN
DY MAX MIN AVG DEP HDD CDD WTR SNW DPTH SPD SPD DIR MIN PSBL S-S WX SPD DR
================================================================================
1 64 22 43 0 22 0 T M M 6.2 18 310 M M 2 24 300
2 60 31 46 3 19 0 0.00 M M 6.8 20 300 M M 1 27 300
3 59 31 45 1 20 0 0.00 M M 7.9 22 190 M M 2 34 200
4 52 32 42 -2 23 0 0.10 M M 17.0 35 270 M M 6 46 290
5 49 22 36 -8 29 0 T M M 8.1 22 280 M M 2 27 280
6 65 16 41 -3 24 0 0.00 M M 5.8 16 320 M M 0 20 340
7 77 27 52 8 13 0 0.00 M M 5.9 15 320 M M 0 19 320
8 58 35 47 3 18 0 T M M 13.4 32 280 M M 3 41 280
9 49 22 36 -8 29 0 0.00 M M 11.5 30 290 M M 3 37 290
10 46 30 38 -6 27 0 0.00 M M 12.0 28 280 M M 8 36 270
11 41 31 36 -8 29 0 T M M 18.4 32 280 M M 7 43 290
12 44 21 33 -11 32 0 T M M 8.5 25 300 M M 6 31 290
13 46 27 37 -8 28 0 0.07 M M 6.0 21 290 M M 8 18 27 290
14 45 29 37 -8 28 0 0.06 M M 7.8 23 280 M M 8 1 28 290
15 50 17 34 -11 31 0 0.00 M M 5.0 16 10 M M 2 19 10
16 46 26 36 -9 29 0 0.10 M M 8.9 32 290 M M 8 1 40 290
17 58 20 39 -6 26 0 0.00 M M 4.5 18 230 M M 5 24 240
18 65 29 47 1 18 0 0.01 M M 8.4 37 280 M M 5 8 44 280
19 53 22 38 -8 27 0 0.01 M M 8.6 23 240 M M 3 31 210
20 61 27 44 -2 21 0 0.02 M M 8.7 26 200 M M 7 35 200
21 56 34 45 -1 20 0 0.07 M M 6.9 24 230 M M 3 1 30 230
22 58 26 42 -4 23 0 T M M 7.1 23 280 M M 2 27 290
23 63 26 45 -2 20 0 0.00 M M 4.3 14 40 M M 0 17 30
24 72 25 49 2 16 0 0.00 M M 6.3 18 310 M M 0 23 290
25 63 39 51 4 14 0 T M M 5.9 20 310 M M 2 24 310
26 57 36 47 -1 18 0 0.00 M M 9.4 23 290 M M 4 28 300
27 57 34 46 -2 19 0 0.00 M M 7.0 18 360 M M 5 24 10
28 56 29 43 -5 22 0 0.00 M M 9.4 26 280 M M 7 31 280
29 66 24 45 -3 20 0 0.10 M M 6.1 17 220 M M 4 18 24 180
30 58 32 45 -4 20 0 0.02 M M 11.7 30 290 M M 7 37 290
================================================================================
SM 1694 822 685 0 0.56 M 253.5 M 120
================================================================================
AV 56.5 27.4 8.4 FASTST M M 4 MAX(MPH)
MISC ----> 37 280 46 290
================================================================================
NOTES:
# LAST OF SEVERAL OCCURRENCES
COLUMN 17 PEAK WIND IN M.P.H.
PRELIMINARY LOCAL CLIMATOLOGICAL DATA (WS FORM: F-6) , PAGE 2
STATION: REDMOND OR
MONTH: APRIL
YEAR: 2022
LATITUDE: 44 16 N
LONGITUDE: 121 9 W
[TEMPERATURE DATA] [PRECIPITATION DATA] SYMBOLS USED IN COLUMN 16
AVERAGE MONTHLY: 41.9 TOTAL FOR MONTH: 0.56 1 = FOG OR MIST
DPTR FM NORMAL: -3.6 DPTR FM NORMAL: -0.15 2 = FOG REDUCING VISIBILITY
HIGHEST: 77 ON 7 GRTST 24HR 0.11 ON 13-14 TO 1/4 MILE OR LESS
LOWEST: 16 ON 6 3 = THUNDER
SNOW, ICE PELLETS, HAIL 4 = ICE PELLETS
TOTAL MONTH: M 5 = HAIL
GRTST 24HR M ON M 6 = FREEZING RAIN OR DRIZZLE
GRTST DEPTH: M ON M 7 = DUSTSTORM OR SANDSTORM:
VSBY 1/2 MILE OR LESS
8 = SMOKE OR HAZE
[NO. OF DAYS WITH] [WEATHER - DAYS WITH] 9 = BLOWING SNOW
X = TORNADO
MAX 32 OR BELOW: 0 0.01 INCH OR MORE: 10
MAX 90 OR ABOVE: 0 0.10 INCH OR MORE: 3
MIN 32 OR BELOW: 25 0.50 INCH OR MORE: 0
MIN 0 OR BELOW: 0 1.00 INCH OR MORE: 0
[HDD (BASE 65) ]
TOTAL THIS MO. 685 CLEAR (SCALE 0-3) 14
DPTR FM NORMAL 98 PTCLDY (SCALE 4-7) 15
TOTAL FM JUL 1 5209 CLOUDY (SCALE 8-10) 1
DPTR FM NORMAL -415
[CDD (BASE 65) ]
TOTAL THIS MO. 0
DPTR FM NORMAL 0 [PRESSURE DATA]
TOTAL FM JAN 1 0 HIGHEST SLP 30.50 ON 6
DPTR FM NORMAL 0 LOWEST SLP 29.28 ON 11
[REMARKS]
#FINAL-04-22#