000
CXUS52 KRAH 010845
CF6RDU
PRELIMINARY LOCAL CLIMATOLOGICAL DATA (WS FORM: F-6)
STATION: RALEIGH NC
MONTH: OCTOBER
YEAR: 2023
LATITUDE: 35 52 N
LONGITUDE: 78 47 W
TEMPERATURE IN F: :PCPN: SNOW: WIND :SUNSHINE: SKY :PK WND
================================================================================
1 2 3 4 5 6A 6B 7 8 9 10 11 12 13 14 15 16 17 18
12Z AVG MX 2MIN
DY MAX MIN AVG DEP HDD CDD WTR SNW DPTH SPD SPD DIR MIN PSBL S-S WX SPD DR
================================================================================
1 81 58 70 3 0 5 0.00 0.0 0 3.7 15 30 M M 3 23 50
2 84 59 72 5 0 7 0.00 0.0 0 4.5 14 40 M M 1 20 50
3 83 58 71 4 0 6 0.00 0.0 0 2.3 10 50 M M 2 17 50
4 82 58 70 4 0 5 0.00 0.0 0 3.9 14 60 M M 3 19 50
5 83 57 70 4 0 5 0.00 0.0 0 3.5 12 90 M M 5 17 80
6 80 63 72 6 0 7 0.00 0.0 0 1.6 8 40 M M 7 1 10 40
7 74 52 63 -2 2 0 T 0.0 0 4.7 16 280 M M 4 12 32 270
8 66 42 54 -11 11 0 0.00 0.0 0 4.2 16 290 M M 1 26 280
9 72 41 57 -7 8 0 0.00 0.0 0 6.8 20 240 M M 4 30 250
10 76 50 63 -1 2 0 0.00 0.0 0 3.3 10 210 M M 5 14 210
11 72 53 63 -1 2 0 0.00 0.0 0 1.6 9 50 M M 9 11 60
12 77 56 67 4 0 2 0.02 0.0 0 2.4 10 70 M M 7 1 14 80
13 81 52 67 4 0 2 0.00 0.0 0 3.4 10 110 M M 3 1 16 120
14 68 61 65 3 0 0 1.62 0.0 0 4.4 13 320 M M 9 1 20 340
15 66 52 59 -3 6 0 0.00 0.0 0 4.7 17 30 M M 6 24 40
16 64 48 56 -6 9 0 0.00 0.0 0 2.5 9 300 M M 7 16 280
17 68 46 57 -4 8 0 0.00 0.0 0 1.6 8 50 M M 7 13 40
18 71 52 62 1 3 0 0.00 0.0 0 2.7 12 230 M M 6 14 230
19 73 46 60 0 5 0 0.00 0.0 0 4.7 12 180 M M 3 21 140
20 72 53 63 3 2 0 0.46 0.0 0 6.9 23 260 M M 7 13 39 250
21 70 50 60 0 5 0 0.00 0.0 M 7.6 20 270 M M 2 29 270
22 72 49 61 2 4 0 0.00 0.0 0 5.9 16 280 M M 2 30 270
23 69 41 55 -4 10 0 0.00 0.0 0 2.6 10 50 M M 1 16 40
24 73 38 56 -3 9 0 0.00 0.0 0 0.9 6 150 M M 1 12 150
25 78 44 61 3 4 0 0.00 0.0 0 1.6 10 220 M M 1 14 240
26 80 53 67 9 0 2 0.00 0.0 0 2.3 9 200 M M 5 1 14 170
27 82 56 69 11 0 4 0.00 0.0 0 4.5 14 230 M M 6 17 230
28 86 58 72 15 0 7 0.00 0.0 0 3.3 9 190 M M 2 14 170
29 83 61 72 15 0 7 0.00 0.0 0 6.6 17 230 M M 1 23 230
30 85 61 73 17 0 8 0.00 0.0 0 9.7 21 230 M M 1 26 220
31 63 44 54 -2 11 0 0.06 0.0 0 8.7 21 40 M M 9 1 31 40
================================================================================
SM 2334 1612 101 67 2.16 0.0 127.1 M 130
================================================================================
AV 75.3 52.0 4.1 FASTST M M 4 MAX(MPH)
MISC ----> 23 260 39 250
================================================================================
NOTES:
# LAST OF SEVERAL OCCURRENCES
COLUMN 17 PEAK WIND IN M.P.H.
PRELIMINARY LOCAL CLIMATOLOGICAL DATA (WS FORM: F-6) , PAGE 2
STATION: RALEIGH NC
MONTH: OCTOBER
YEAR: 2023
LATITUDE: 35 52 N
LONGITUDE: 78 47 W
[TEMPERATURE DATA] [PRECIPITATION DATA] SYMBOLS USED IN COLUMN 16
AVERAGE MONTHLY: 63.6 TOTAL FOR MONTH: 2.16 1 = FOG OR MIST
DPTR FM NORMAL: 1.9 DPTR FM NORMAL: -1.21 2 = FOG REDUCING VISIBILITY
HIGHEST: 86 ON 28 GRTST 24HR 1.62 ON 14-14 TO 1/4 MILE OR LESS
LOWEST: 38 ON 24 3 = THUNDER
SNOW, ICE PELLETS, HAIL 4 = ICE PELLETS
TOTAL MONTH: 0.0 INCH 5 = HAIL
GRTST 24HR 0.0 6 = FREEZING RAIN OR DRIZZLE
GRTST DEPTH: 0 7 = DUSTSTORM OR SANDSTORM:
VSBY 1/2 MILE OR LESS
8 = SMOKE OR HAZE
[NO. OF DAYS WITH] [WEATHER - DAYS WITH] 9 = BLOWING SNOW
X = TORNADO
MAX 32 OR BELOW: 0 0.01 INCH OR MORE: 4
MAX 90 OR ABOVE: 0 0.10 INCH OR MORE: 2
MIN 32 OR BELOW: 0 0.50 INCH OR MORE: 1
MIN 0 OR BELOW: 0 1.00 INCH OR MORE: 1
[HDD (BASE 65) ]
TOTAL THIS MO. 101 CLEAR (SCALE 0-3) 15
DPTR FM NORMAL -59 PTCLDY (SCALE 4-7) 13
TOTAL FM JUL 1 105 CLOUDY (SCALE 8-10) 3
DPTR FM NORMAL -69
[CDD (BASE 65) ]
TOTAL THIS MO. 67
DPTR FM NORMAL 11 [PRESSURE DATA]
TOTAL FM JAN 1 1915 HIGHEST SLP 30.44 ON 24
DPTR FM NORMAL 120 LOWEST SLP 29.53 ON 20
[REMARKS]
#FINAL-10-23#