000
CXUS53 KGRB 011018
CLMRHI
CLIMATE REPORT
NATIONAL WEATHER SERVICE GREEN BAY
418 AM CST FRI MAR 01 2024
...................................
...THE RHINELANDER WI CLIMATE SUMMARY FOR THE MONTH OF FEBRUARY 2024...
CLIMATE NORMAL PERIOD: 1991 TO 2020
CLIMATE RECORD PERIOD: 1908 TO 2024
WEATHER OBSERVED NORMAL DEPART LAST YEAR`S
VALUE DATE(S) VALUE FROM VALUE DATE(S)
NORMAL
................................................................
TEMPERATURE (F)
RECORD
HIGH 65 02/27/2024
LOW -42 02/03/1996
HIGHEST 65R 02/27 46 19 46 02/12
LOWEST -7 02/17 -21 14 -18 02/03
AVG. MAXIMUM 39.2 26.9 12.3 29.5
AVG. MINIMUM 15.2 5.7 9.5 9.9
MEAN 27.2 16.3 10.9 19.7
DAYS MAX >= 90 0 0.0 0.0 0
DAYS MAX <= 32 9 21.0 -12.0 16
DAYS MIN <= 32 28 27.6 0.4 28
DAYS MIN <= 0 3 10.9 -7.9 4
PRECIPITATION (INCHES)
RECORD
MAXIMUM 5.18 2019
MINIMUM 0.03 1958
TOTALS 0.38 1.22 -0.84 1.71
DAYS >= .01 5 9.7 -4.7 11
DAYS >= .10 2 3.6 -1.6 6
DAYS >= .50 0 0.4 -0.4 0
DAYS >= 1.00 0 0.2 -0.2 0
GREATEST
STORM TOTAL 0.17
(MM/DD(HH))
SNOWFALL (INCHES)
RECORDS
TOTAL 61.5 2019
TOTALS 6.8 15.8 -9.0 19.5
SINCE 7/1 28.6 59.1 -30.5 MM
DAYS >= TRACE 10 9.6 0.4 15
DAYS >= 1.0 2 4.5 -2.5 5
GREATEST
SNOW DEPTH 5 02/16 21 02/23
02/17
02/18
02/24
02/25
24 HR TOTAL MM
DEGREE DAYS
HEATING TOTAL 1090 1364 -274 1261
SINCE 7/1 5492 6548 -1056 MM
COOLING TOTAL 0 0 0 0
SINCE 1/1 0 0 0 MM
................................................................
WIND (MPH)
AVERAGE WIND SPEED 6.6
HIGHEST WIND SPEED/DIRECTION 31/230 DATE 02/09
HIGHEST GUST SPEED/DIRECTION 37/300 DATE 02/28
SKY COVER
POSSIBLE SUNSHINE (PERCENT) MM
AVERAGE SKY COVER 0.34
NUMBER OF DAYS FAIR 16
NUMBER OF DAYS PC 6
NUMBER OF DAYS CLOUDY 4
AVERAGE RH (PERCENT) 65
WEATHER CONDITIONS. NUMBER OF DAYS WITH
THUNDERSTORM 0 MIXED PRECIP 0
HEAVY RAIN 0 RAIN 0
LIGHT RAIN 2 FREEZING RAIN 0
LT FREEZING RAIN 0 HAIL 0
HEAVY SNOW 0 SNOW 0
LIGHT SNOW 10 SLEET 0
FOG 7 FOG W/VIS <= 1/4 MILE 1
HAZE 5
- INDICATES NEGATIVE NUMBERS.
R INDICATES RECORD WAS SET OR TIED.
MM INDICATES DATA IS MISSING.
T INDICATES TRACE AMOUNT.
$$