000
CXUS51 KAKQ 010710
CF6RIC
PRELIMINARY LOCAL CLIMATOLOGICAL DATA (WS FORM: F-6)
STATION: RICHMOND VA
MONTH: JUNE
YEAR: 2023
LATITUDE: 37 30 N
LONGITUDE: 77 20 W
TEMPERATURE IN F: :PCPN: SNOW: WIND :SUNSHINE: SKY :PK WND
================================================================================
1 2 3 4 5 6A 6B 7 8 9 10 11 12 13 14 15 16 17 18
12Z AVG MX 2MIN
DY MAX MIN AVG DEP HDD CDD WTR SNW DPTH SPD SPD DIR MIN PSBL S-S WX SPD DR
================================================================================
1 78 59 69 -2 0 4 T 0.0 0 7.6 16 20 M M 7 1 25 20
2 87 57 72 1 0 7 0.00 0.0 0 4.4 14 40 M M 3 12 19 40
3 85 59 72 0 0 7 T 0.0 0 8.2 18 80 M M 4 23 70
4 71 56 64 -8 1 0 0.00 0.0 0 6.2 14 30 M M 8 19 70
5 79 51 65 -7 0 0 0.00 0.0 0 4.8 16 350 M M 4 19 360
6 82 56 69 -3 0 4 0.00 0.0 0 6.5 17 280 M M 6 8 22 270
7 77 61 69 -4 0 4 T 0.0 0 5.8 14 140 M M 9 138 18 320
8 76 57 67 -6 0 2 0.03 0.0 0 4.7 18 280 M M 6 1238 24 270
9 79 57 68 -5 0 3 0.03 0.0 0 4.7 15 360 M M 5 18 25 260
10 85 54 70 -4 0 5 0.00 0.0 0 4.4 15 250 M M 1 23 260
11 89 61 75 1 0 10 0.00 0.0 0 9.7 21 220 M M 4 25 180
12 83 68 76 2 0 11 0.02 0.0 0 10.2 20 230 M M 8 25 200
13 82 57 70 -4 0 5 0.00 0.0 0 6.3 23 220 M M 4 1 27 220
14 84 57 71 -4 0 6 0.00 0.0 0 9.6 22 220 M M 5 28 240
15 86 61 74 -1 0 9 T 0.0 0 4.0 14 290 M M 4 3 19 210
16 85 63 74 -1 0 9 0.08 0.0 0 5.2 24 270 M M 6 138 40 270
17 85 61 73 -3 0 8 0.00 0.0 0 6.4 18 340 M M 4 24 340
18 87 60 74 -2 0 9 0.00 0.0 0 3.3 13 250 M M 4 17 220
19 90 63 77 1 0 12 0.00 0.0 0 7.4 17 130 M M 7 3 24 180
20 79 69 74 -2 0 9 0.03 0.0 0 11.0 20 80 M M 10 1 26 70
21 69 64 67 -10 0 2 0.83 0.0 0 16.6 30 40 M M 10 1 40 40
22 73 64 69 -8 0 4 0.24 0.0 0 9.2 15 80 M M 10 18 22 60
23 80 69 75 -2 0 10 0.91 0.0 0 5.9 16 150 M M 9 13 23 210
24 87 68 78 1 0 13 0.09 0.0 0 3.9 15 300 M M 8 13 19 290
25 89 67 78 0 0 13 0.70 0.0 0 4.9 23 310 M M 5 13 28 300
26 90 67 79 1 0 14 0.65 0.0 0 9.8 24 330 M M 7 13 33 310
27 88 66 77 -1 0 12 0.03 0.0 0 7.7 20 270 M M 6 13 26 260
28 87 69 78 0 0 13 0.00 0.0 0 4.8 13 20 M M 7 8 17 30
29 86 64 75 -3 0 10 0.00 0.0 0 4.2 10 40 M M 2 18 20 20
30 89 66 78 0 0 13 0.00 0.0 0 7.2 18 140 M M 5 18 22 140
================================================================================
SM 2487 1851 1 228 3.64 0.0 204.6 M 178
================================================================================
AV 82.9 61.7 6.8 FASTST M M 6 MAX(MPH)
MISC ----> 30 40 # 40 270
================================================================================
NOTES:
# LAST OF SEVERAL OCCURRENCES
COLUMN 17 PEAK WIND IN M.P.H.
PRELIMINARY LOCAL CLIMATOLOGICAL DATA (WS FORM: F-6) , PAGE 2
STATION: RICHMOND VA
MONTH: JUNE
YEAR: 2023
LATITUDE: 37 30 N
LONGITUDE: 77 20 W
[TEMPERATURE DATA] [PRECIPITATION DATA] SYMBOLS USED IN COLUMN 16
AVERAGE MONTHLY: 72.3 TOTAL FOR MONTH: 3.64 1 = FOG OR MIST
DPTR FM NORMAL: -2.7 DPTR FM NORMAL: -1.00 2 = FOG REDUCING VISIBILITY
HIGHEST: 90 ON 26,19 GRTST 24HR 1.15 ON 22-23 TO 1/4 MILE OR LESS
LOWEST: 51 ON 5 3 = THUNDER
SNOW, ICE PELLETS, HAIL 4 = ICE PELLETS
TOTAL MONTH: 0.0 INCH 5 = HAIL
GRTST 24HR 0.0 6 = FREEZING RAIN OR DRIZZLE
GRTST DEPTH: 0 7 = DUSTSTORM OR SANDSTORM:
VSBY 1/2 MILE OR LESS
8 = SMOKE OR HAZE
[NO. OF DAYS WITH] [WEATHER - DAYS WITH] 9 = BLOWING SNOW
X = TORNADO
MAX 32 OR BELOW: 0 0.01 INCH OR MORE: 12
MAX 90 OR ABOVE: 2 0.10 INCH OR MORE: 5
MIN 32 OR BELOW: 0 0.50 INCH OR MORE: 4
MIN 0 OR BELOW: 0 1.00 INCH OR MORE: 0
[HDD (BASE 65) ]
TOTAL THIS MO. 1 CLEAR (SCALE 0-3) 2
DPTR FM NORMAL -5 PTCLDY (SCALE 4-7) 22
TOTAL FM JUL 1 3031 CLOUDY (SCALE 8-10) 6
DPTR FM NORMAL -703
[CDD (BASE 65) ]
TOTAL THIS MO. 228
DPTR FM NORMAL -80 [PRESSURE DATA]
TOTAL FM JAN 1 353 HIGHEST SLP M ON M
DPTR FM NORMAL -123 LOWEST SLP 29.61 ON 16
[REMARKS]
#FINAL-06-23#