000
CXUS52 KFFC 011010
CF6RMG
PRELIMINARY LOCAL CLIMATOLOGICAL DATA (WS FORM: F-6)
STATION: ROME
MONTH: OCTOBER
YEAR: 2023
LATITUDE: 34 20 N
LONGITUDE: 85 10 W
TEMPERATURE IN F: :PCPN: SNOW: WIND :SUNSHINE: SKY :PK WND
================================================================================
1 2 3 4 5 6A 6B 7 8 9 10 11 12 13 14 15 16 17 18
12Z AVG MX 2MIN
DY MAX MIN AVG DEP HDD CDD WTR SNW DPTH SPD SPD DIR MIN PSBL S-S WX SPD DR
================================================================================
1 87 61 74 5 0 9 0.00 M M 1.6 10 120 M M 4 18 110
2 87 59 73 5 0 8 0.00 M M 2.4 12 70 M M 2 16 50
3 87 56 72 4 0 7 0.00 M M 3.0 13 150 M M 0 17 70
4 86 55 71 4 0 6 0.00 M M 2.8 14 180 M M 0 18 170
5 82 57 70 3 0 5 0.02 M M 2.7 15 130 M M 1 1 20 130
6 72 60 66 0 0 1 0.11 M M 1.9 9 320 M M 9 12 13 340
7 70 45 58 -8 7 0 0.00 M M 8.0 17 310 M M 1 12 24 320
8 71 38 55 -11 10 0 0.00 M M 2.6 14 300 M M 0 21 300
9 79 39 59 -6 6 0 0.00 M M 5.1 18 260 M M 0 29 210
10 84 47 66 1 0 1 0.00 M M 3.8 16 260 M M 1 28 230
11 70 56 63 -1 2 0 0.08 M M 2.1 10 190 M M 3 15 190
12 76 58 67 3 0 2 0.21 M M 6.9 17 70 M M 7 1 24 100
13 72 57 65 1 0 0 0.04 M M 3.6 13 120 M M 9 18 17 140
14 77 62 70 7 0 5 0.00 M M 7.6 20 270 M M 6 1 30 280
15 64 51 58 -5 7 0 0.00 M M 8.6 18 350 M M 9 26 350
16 61 43 52 -10 13 0 0.00 M M 6.9 17 330 M M 5 26 320
17 69 41 55 -7 10 0 0.00 M M 5.2 15 10 M M 2 1 28 10
18 72 38 55 -6 10 0 0.00 M M 1.0 9 160 M M 0 13 190
19 74 45 60 -1 5 0 0.00 M M 2.7 14 210 M M 4 20 200
20 79 50 65 4 0 0 0.01 M M 5.2 20 300 M M 4 13 32 290
21 79 43 61 1 4 0 0.00 M M 2.9 16 280 M M 0 25 210
22 81 49 65 5 0 0 0.00 M M 4.6 16 10 M M 0 25 20
23 75 42 59 0 6 0 0.00 M M 2.4 10 150 M M 0 16 130
24 77 43 60 1 5 0 0.00 M M 3.5 15 130 M M 0 26 140
25 79 42 61 3 4 0 0.00 M M 2.4 15 120 M M 2 8 22 130
26 82 56 69 11 0 4 0.00 M M 3.8 16 140 M M 6 23 110
27 84 54 69 11 0 4 0.00 M M 2.1 13 150 M M 3 17 160
28 85 56 71 14 0 6 0.00 M M 1.2 9 160 M M 0 13 130
29 85 55 70 13 0 5 0.00 M M 1.9 14 270 M M 2 1 19 270
30 81 52 67 11 0 2 0.03 M M 7.0 20 10 M M 7 1 24 10
31 63 44 54 -2 11 0 0.00 M M 12.1 18 310 M M 4 26 360
================================================================================
SM 2390 1554 100 65 0.50 M 127.6 M 91
================================================================================
AV 77.1 50.1 4.1 FASTST M M 3 MAX(MPH)
MISC ----> # 20 270 32 290
================================================================================
NOTES:
# LAST OF SEVERAL OCCURRENCES
COLUMN 17 PEAK WIND IN M.P.H.
PRELIMINARY LOCAL CLIMATOLOGICAL DATA (WS FORM: F-6) , PAGE 2
STATION: ROME
MONTH: OCTOBER
YEAR: 2023
LATITUDE: 34 20 N
LONGITUDE: 85 10 W
[TEMPERATURE DATA] [PRECIPITATION DATA] SYMBOLS USED IN COLUMN 16
AVERAGE MONTHLY: 63.6 TOTAL FOR MONTH: 0.50 1 = FOG OR MIST
DPTR FM NORMAL: 1.3 DPTR FM NORMAL: -3.25 2 = FOG REDUCING VISIBILITY
HIGHEST: 87 ON 3, 2 GRTST 24HR 0.29 ON 11-12 TO 1/4 MILE OR LESS
LOWEST: 38 ON 18, 8 3 = THUNDER
SNOW, ICE PELLETS, HAIL 4 = ICE PELLETS
TOTAL MONTH: M 5 = HAIL
GRTST 24HR M ON M 6 = FREEZING RAIN OR DRIZZLE
GRTST DEPTH: M ON M 7 = DUSTSTORM OR SANDSTORM:
VSBY 1/2 MILE OR LESS
8 = SMOKE OR HAZE
[NO. OF DAYS WITH] [WEATHER - DAYS WITH] 9 = BLOWING SNOW
X = TORNADO
MAX 32 OR BELOW: 0 0.01 INCH OR MORE: 7
MAX 90 OR ABOVE: 0 0.10 INCH OR MORE: 2
MIN 32 OR BELOW: 0 0.50 INCH OR MORE: 0
MIN 0 OR BELOW: 0 1.00 INCH OR MORE: 0
[HDD (BASE 65) ]
TOTAL THIS MO. 100 CLEAR (SCALE 0-3) 18
DPTR FM NORMAL -44 PTCLDY (SCALE 4-7) 10
TOTAL FM JUL 1 100 CLOUDY (SCALE 8-10) 3
DPTR FM NORMAL -52
[CDD (BASE 65) ]
TOTAL THIS MO. 65
DPTR FM NORMAL 5 [PRESSURE DATA]
TOTAL FM JAN 1 1900 HIGHEST SLP 30.36 ON 25
DPTR FM NORMAL 68 LOWEST SLP 29.64 ON 20
[REMARKS]
#FINAL-10-23#