000
CXUS51 KRNK 010832
CF6RNK
PRELIMINARY LOCAL CLIMATOLOGICAL DATA (WS FORM: F-6)
STATION: BLACKSBURG VA
MONTH: APRIL
YEAR: 2023
LATITUDE: 37 13 N
LONGITUDE: 80 25 W
TEMPERATURE IN F: :PCPN: SNOW: WIND :SUNSHINE: SKY :PK WND
================================================================================
1 2 3 4 5 6A 6B 7 8 9 10 11 12 13 14 15 16 17 18
12Z AVG MX 2MIN
DY MAX MIN AVG DEP HDD CDD WTR SNW DPTH SPD SPD DIR MIN PSBL S-S WX SPD DR
================================================================================
1 72 42 57 11 8 0 0.60 0.0 0 12.0 26 310 M M 5 1 39 310
2 58 37 48 1 17 0 0.00 0.0 0 7.3 18 290 M M 5 35 300
3 66 33 50 3 15 0 0.00 0.0 0 3.1 10 200 M M 3 20 200
4 81 41 61 14 4 0 0.00 0.0 0 2.1 13 170 M M 2 M M
5 80 51 66 18 0 1 0.00 0.0 0 3.5 14 190 M M 4 1 25 210
6 75 52 64 16 1 0 0.00 0.0 0 3.0 14 310 M M 4 17 300
7 52 40 46 -2 19 0 0.64 0.0 0 3.7 12 80 M M 8 1 18 70
8 45 37 41 -8 24 0 0.00 0.0 0 4.4 10 100 M M 9 1 M M
9 60 26 43 -6 22 0 0.00 0.0 0 4.1 10 90 M M 0 18 90
10 64 29 47 -3 18 0 0.00 0.0 0 2.0 9 50 M M 0 M M
11 72 31 52 2 13 0 0.00 0.0 0 2.0 12 290 M M 0 16 290
12 77 37 57 7 8 0 0.00 0.0 0 2.2 9 260 M M 0 M M
13 82 40 61 10 4 0 0.00 0.0 0 1.3 9 170 M M 0 M M
14 73 48 61 10 4 0 0.38 0.0 0 2.0 10 140 M M 8 13 10 130
15 73 53 63 12 2 0 0.02 0.0 0 2.7 10 320 M M 7 12 21 300
16 72 48 60 8 5 0 0.25 0.0 0 3.4 14 310 M M 5 13 26 300
17 62 40 51 -1 14 0 0.00 0.0 0 7.2 15 260 M M 3 24 260
18 71 44 58 6 7 0 0.00 0.0 0 7.1 20 290 M M 1 31 290
19 80 42 61 8 4 0 0.00 0.0 0 2.4 12 300 M M 1 17 300
20 83 45 64 11 1 0 0.00 0.0 0 2.2 8 200 M M 0 M M
21 79 48 64 11 1 0 0.00 0.0 0 3.3 13 180 M M 0 21 180
22 62 39 51 -3 14 0 0.37 0.0 0 4.2 13 320 M M 6 13 20 290
23 61 35 48 -6 17 0 0.00 0.0 0 3.0 9 350 M M 4 16 250
24 59 30 45 -9 20 0 0.00 0.0 0 4.4 14 310 M M 0 20 330
25 59 32 46 -9 19 0 0.00 0.0 0 1.6 9 110 M M 4 M M
26 64 33 49 -6 16 0 0.00 0.0 0 1.5 8 180 M M 1 M M
27 64 38 51 -4 14 0 0.60 0.0 0 4.1 10 150 M M 6 1 M M
28 62 52 57 1 8 0 1.36 0.0 0 4.8 14 120 M M 10 1 18 80
29 73 53 63 7 2 0 0.04 0.0 0 1.9 9 200 M M 7 12 M M
30 63 41 52 -4 13 0 0.16 0.0 0 4.9 16 290 M M 8 1 29 290
================================================================================
SM 2044 1217 314 1 4.42 0.0 111.4 M 111
================================================================================
AV 68.1 40.6 3.7 FASTST M M 4 MAX(MPH)
MISC ----> 26 310 39 310
================================================================================
NOTES:
# LAST OF SEVERAL OCCURRENCES
COLUMN 17 PEAK WIND IN M.P.H.
PRELIMINARY LOCAL CLIMATOLOGICAL DATA (WS FORM: F-6) , PAGE 2
STATION: BLACKSBURG VA
MONTH: APRIL
YEAR: 2023
LATITUDE: 37 13 N
LONGITUDE: 80 25 W
[TEMPERATURE DATA] [PRECIPITATION DATA] SYMBOLS USED IN COLUMN 16
AVERAGE MONTHLY: 54.4 TOTAL FOR MONTH: 4.42 1 = FOG OR MIST
DPTR FM NORMAL: 2.9 DPTR FM NORMAL: 0.65 2 = FOG REDUCING VISIBILITY
HIGHEST: 83 ON 20 GRTST 24HR 1.36 ON 28-28 TO 1/4 MILE OR LESS
LOWEST: 26 ON 9 3 = THUNDER
SNOW, ICE PELLETS, HAIL 4 = ICE PELLETS
TOTAL MONTH: 0.0 INCH 5 = HAIL
GRTST 24HR 0.0 6 = FREEZING RAIN OR DRIZZLE
GRTST DEPTH: 0 7 = DUSTSTORM OR SANDSTORM:
VSBY 1/2 MILE OR LESS
8 = SMOKE OR HAZE
[NO. OF DAYS WITH] [WEATHER - DAYS WITH] 9 = BLOWING SNOW
X = TORNADO
MAX 32 OR BELOW: 0 0.01 INCH OR MORE: 10
MAX 90 OR ABOVE: 0 0.10 INCH OR MORE: 8
MIN 32 OR BELOW: 5 0.50 INCH OR MORE: 4
MIN 0 OR BELOW: 0 1.00 INCH OR MORE: 1
[HDD (BASE 65) ]
TOTAL THIS MO. 314 CLEAR (SCALE 0-3) 13
DPTR FM NORMAL -97 PTCLDY (SCALE 4-7) 14
TOTAL FM JUL 1 4244 CLOUDY (SCALE 8-10) 3
DPTR FM NORMAL -835
[CDD (BASE 65) ]
TOTAL THIS MO. 1
DPTR FM NORMAL -2 [PRESSURE DATA]
TOTAL FM JAN 1 4 HIGHEST SLP M ON M
DPTR FM NORMAL 1 LOWEST SLP M ON M
[REMARKS]
#FINAL-04-23#