000
CXUS51 KRNK 010612
CF6RNK
PRELIMINARY LOCAL CLIMATOLOGICAL DATA (WS FORM: F-6)
STATION: BLACKSBURG VA
MONTH: OCTOBER
YEAR: 2022
LATITUDE: 37 13 N
LONGITUDE: 80 25 W
TEMPERATURE IN F: :PCPN: SNOW: WIND :SUNSHINE: SKY :PK WND
================================================================================
1 2 3 4 5 6A 6B 7 8 9 10 11 12 13 14 15 16 17 18
12Z AVG MX 2MIN
DY MAX MIN AVG DEP HDD CDD WTR SNW DPTH SPD SPD DIR MIN PSBL S-S WX SPD DR
================================================================================
1 54 49 52 -7 13 0 0.94 0.0 0 3.7 14 60 M M 10 1 23 60
2 55 49 52 -6 13 0 0.28 0.0 0 1.8 7 30 M M 10 1 M M
3 66 42 54 -4 11 0 0.00 0.0 0 3.4 9 360 M M 5 M M
4 63 40 52 -6 13 0 0.00 0.0 0 5.0 20 320 M M 4 28 320
5 69 45 57 0 8 0 0.00 0.0 0 3.7 10 320 M M 1 16 320
6 72 41 57 0 8 0 0.00 0.0 0 1.4 9 310 M M 0 M M
7 74 42 58 2 7 0 0.00 0.0 0 3.0 10 310 M M 2 M M
8 58 35 47 -9 18 0 0.00 0.0 0 3.5 9 310 M M 1 18 290
9 64 30 47 -9 18 0 0.00 0.0 0 0.7 8 310 M M 0 M M
10 65 33 49 -6 16 0 0.00 0.0 0 1.1 6 280 M M 0 M M
11 65 34 50 -5 15 0 0.00 0.0 0 1.0 8 90 M M 1 1 M M
12 67 40 54 -1 11 0 0.11 0.0 0 2.5 9 150 M M 6 1 16 180
13 71 45 58 4 7 0 0.10 0.0 0 3.9 13 310 M M 8 1 18 310
14 65 35 50 -4 15 0 0.00 0.0 0 1.9 9 230 M M 0 23 250
15 74 36 55 1 10 0 0.00 0.0 0 2.7 12 240 M M 2 21 240
16 65 50 58 5 7 0 0.31 0.0 0 0.7 7 250 M M 8 1 M M
17 64 39 52 -1 13 0 0.05 0.0 0 4.4 14 300 M M 6 12 23 300
18 41 31 36 -16 29 0 T T 0 6.8 14 300 M M 8 23 290
19 49 30 40 -12 25 0 0.00 0.0 0 5.8 12 290 M M 7 22 280
20 60 26 43 -9 22 0 0.00 0.0 0 1.9 8 210 M M 0 17 230
21 64 28 46 -5 19 0 0.00 0.0 0 0.8 8 110 M M 0 M M
22 70 30 50 -1 15 0 0.00 0.0 0 1.0 9 100 M M 0 M M
23 71 32 52 1 13 0 0.00 0.0 0 1.3 8 100 M M 0 1 M M
24 74 33 54 4 11 0 0.00 0.0 0 1.1 6 120 M M 0 M M
25 73 37 55 5 10 0 0.00 0.0 0 3.4 12 110 M M 0 17 110
26 65 49 57 7 8 0 0.03 0.0 0 4.5 14 310 M M 9 1 21 310
27 65 44 55 6 10 0 0.00 0.0 0 4.9 10 110 M M 3 18 320
28 60 35 48 -1 17 0 0.00 0.0 0 3.1 8 80 M M 2 M M
29 62 48 55 6 10 0 0.00 0.0 0 4.4 9 100 M M 8 M M
30 61 48 55 7 10 0 T 0.0 0 4.0 7 110 M M 8 M M
31 55 51 53 5 12 0 0.47 0.0 0 1.2 6 100 M M 10 12 M M
================================================================================
SM 1981 1207 414 0 2.29 T 88.6 M 119
================================================================================
AV 63.9 38.9 2.9 FASTST M M 4 MAX(MPH)
MISC ----> 20 320 28 320
================================================================================
NOTES:
# LAST OF SEVERAL OCCURRENCES
COLUMN 17 PEAK WIND IN M.P.H.
PRELIMINARY LOCAL CLIMATOLOGICAL DATA (WS FORM: F-6) , PAGE 2
STATION: BLACKSBURG VA
MONTH: OCTOBER
YEAR: 2022
LATITUDE: 37 13 N
LONGITUDE: 80 25 W
[TEMPERATURE DATA] [PRECIPITATION DATA] SYMBOLS USED IN COLUMN 16
AVERAGE MONTHLY: 51.4 TOTAL FOR MONTH: 2.29 1 = FOG OR MIST
DPTR FM NORMAL: -1.8 DPTR FM NORMAL: -0.62 2 = FOG REDUCING VISIBILITY
HIGHEST: 74 ON 24,15 GRTST 24HR 0.94 ON 1- 1 TO 1/4 MILE OR LESS
LOWEST: 26 ON 20 3 = THUNDER
SNOW, ICE PELLETS, HAIL 4 = ICE PELLETS
TOTAL MONTH: T 5 = HAIL
GRTST 24HR T ON 18-18 6 = FREEZING RAIN OR DRIZZLE
GRTST DEPTH: 0 7 = DUSTSTORM OR SANDSTORM:
VSBY 1/2 MILE OR LESS
8 = SMOKE OR HAZE
[NO. OF DAYS WITH] [WEATHER - DAYS WITH] 9 = BLOWING SNOW
X = TORNADO
MAX 32 OR BELOW: 0 0.01 INCH OR MORE: 8
MAX 90 OR ABOVE: 0 0.10 INCH OR MORE: 6
MIN 32 OR BELOW: 7 0.50 INCH OR MORE: 1
MIN 0 OR BELOW: 0 1.00 INCH OR MORE: 0
[HDD (BASE 65) ]
TOTAL THIS MO. 414 CLEAR (SCALE 0-3) 17
DPTR FM NORMAL 43 PTCLDY (SCALE 4-7) 8
TOTAL FM JUL 1 502 CLOUDY (SCALE 8-10) 6
DPTR FM NORMAL 27
[CDD (BASE 65) ]
TOTAL THIS MO. 0
DPTR FM NORMAL -7 [PRESSURE DATA]
TOTAL FM JAN 1 805 HIGHEST SLP M ON M
DPTR FM NORMAL 187 LOWEST SLP M ON M
[REMARKS]
#FINAL-10-22#