000
CXUS56 KSGX 011245
CF6RNM
PRELIMINARY LOCAL CLIMATOLOGICAL DATA (WS FORM: F-6)
STATION: RAMONA AIRPORT CA
MONTH: AUGUST
YEAR: 2020
LATITUDE: 33 2 N
LONGITUDE: 116 55 W
TEMPERATURE IN F: :PCPN: SNOW: WIND :SUNSHINE: SKY :PK WND
================================================================================
1 2 3 4 5 6A 6B 7 8 9 10 11 12 13 14 15 16 17 18
12Z AVG MX 2MIN
DY MAX MIN AVG DEP HDD CDD WTR SNW DPTH SPD SPD DIR MIN PSBL S-S WX SPD DR
================================================================================
1 96 61 79 5 0 14 0.00 0.0 0 5.0 15 280 M M 0 19 270
2 95 55 75 1 0 10 0.00 0.0 0 4.7 15 270 M M 0 21 290
3 94 53 74 0 0 9 0.00 0.0 0 4.5 15 270 M M 0 19 280
4 89 53 71 -3 0 6 0.00 0.0 0 5.1 15 270 M M 2 12 20 290
5 85 56 71 -3 0 6 0.00 0.0 0 5.5 15 290 M M 4 12 20 300
6 84 53 69 -5 0 4 0.00 0.0 0 4.6 14 290 M M 3 1 21 300
7 86 45 66 -8 0 1 0.00 0.0 0 4.1 14 270 M M 2 12 21 300
8 90 48 69 -5 0 4 0.00 0.0 0 4.6 14 270 M M 0 20 250
9 90 50 70 -4 0 5 0.00 0.0 0 4.7 13 280 M M 1 12 19 260
10 92 48 70 -4 0 5 0.00 0.0 0 5.3 14 310 M M 1 12 20 310
11 92 53 73 -1 0 8 0.00 0.0 0 5.2 14 330 M M 1 12 18 290
12 96 53 75 1 0 10 0.00 0.0 0 4.4 14 290 M M 0 22 310
13 98 66 82 8 0 17 0.00 0.0 0 4.6 16 300 M M 0 21 290
14 101 60 81 7 0 16 0.00 0.0 0 5.1 15 270 M M 0 21 300
15 102 66 84 10 0 19 0.00 0.0 0 4.3 13 270 M M 0 18 290
16 97 66 82 8 0 17 0.00 0.0 0 4.6 15 300 M M 0 20 270
17 99 65 82 8 0 17 0.00 0.0 0 5.1 13 260 M M 0 20 290
18 106 69 88 14 0 23 0.00 0.0 0 5.4 16 300 M M 0 22 260
19 100 65 83 9 0 18 0.00 0.0 0 4.9 15 260 M M 0 8 18 290
20 99 65 82 8 0 17 0.00 0.0 0 5.1 17 270 M M 0 22 270
21 97 63 80 6 0 15 0.00 0.0 0 4.6 16 220 M M 0 23 200
22 94 69 82 8 0 17 0.00 0.0 0 5.6 16 270 M M 0 22 280
23 94 64 79 5 0 14 0.00 0.0 0 4.9 14 290 M M 0 23 240
24 94 64 79 5 0 14 0.00 0.0 0 5.2 15 270 M M 3 12 21 280
25 95 60 78 4 0 13 0.00 0.0 0 5.8 15 290 M M 1 12 20 300
26 97 58 78 4 0 13 0.00 0.0 0 5.2 15 300 M M 0 19 320
27 98 59 79 5 0 14 0.00 0.0 0 4.7 16 300 M M 0 21 300
28 96 58 77 3 0 12 0.00 0.0 0 5.2 15 280 M M 0 21 290
29 90 54 72 -2 0 7 0.00 0.0 0 4.9 14 270 M M 2 12 22 290
30 88 55 72 -2 0 7 0.00 0.0 0 4.7 14 270 M M 4 12 20 280
31 86 54 70 -4 0 5 0.00 0.0 0 5.3 14 260 M M 4 12 19 270
================================================================================
SM 2920 1808 0 357 0.00 0.0 152.9 M 28
================================================================================
AV 94.2 58.3 4.9 FASTST M M 1 MAX(MPH)
MISC ----> # 17 270 # 23 200
================================================================================
NOTES:
# LAST OF SEVERAL OCCURRENCES
COLUMN 17 PEAK WIND IN M.P.H.
PRELIMINARY LOCAL CLIMATOLOGICAL DATA (WS FORM: F-6) , PAGE 2
STATION: RAMONA AIRPORT CA
MONTH: AUGUST
YEAR: 2020
LATITUDE: 33 2 N
LONGITUDE: 116 55 W
[TEMPERATURE DATA] [PRECIPITATION DATA] SYMBOLS USED IN COLUMN 16
AVERAGE MONTHLY: 76.3 TOTAL FOR MONTH: 0.00 1 = FOG OR MIST
DPTR FM NORMAL: 2.3 DPTR FM NORMAL: -0.15 2 = FOG REDUCING VISIBILITY
HIGHEST: 106 ON 18 GRTST 24HR 0.00 ON 31-31 TO 1/4 MILE OR LESS
LOWEST: 45 ON 7 3 = THUNDER
SNOW, ICE PELLETS, HAIL 4 = ICE PELLETS
TOTAL MONTH: 0.0 INCH 5 = HAIL
GRTST 24HR 0.0 6 = FREEZING RAIN OR DRIZZLE
GRTST DEPTH: 0 7 = DUSTSTORM OR SANDSTORM:
VSBY 1/2 MILE OR LESS
8 = SMOKE OR HAZE
[NO. OF DAYS WITH] [WEATHER - DAYS WITH] 9 = BLOWING SNOW
X = TORNADO
MAX 32 OR BELOW: 0 0.01 INCH OR MORE: 0
MAX 90 OR ABOVE: 25 0.10 INCH OR MORE: 0
MIN 32 OR BELOW: 0 0.50 INCH OR MORE: 0
MIN 0 OR BELOW: 0 1.00 INCH OR MORE: 0
[HDD (BASE 65) ]
TOTAL THIS MO. 0 CLEAR (SCALE 0-3) 27
DPTR FM NORMAL -1 PTCLDY (SCALE 4-7) 4
TOTAL FM JUL 1 0 CLOUDY (SCALE 8-10) 0
DPTR FM NORMAL -3
[CDD (BASE 65) ]
TOTAL THIS MO. 357
DPTR FM NORMAL 79 [PRESSURE DATA]
TOTAL FM JAN 1 728 HIGHEST SLP M ON M
DPTR FM NORMAL 115 LOWEST SLP 29.65 ON M
[REMARKS]
#FINAL-08-20#