000
CXUS55 KREV 010832
CF6RNO
PRELIMINARY LOCAL CLIMATOLOGICAL DATA (WS FORM: F-6)
STATION: RENO-TAHOE INTL AIRPORT NV
MONTH: SEPTEMBER
YEAR: 2022
LATITUDE: 39 30 N
LONGITUDE: 119 47 W
TEMPERATURE IN F: :PCPN: SNOW: WIND :SUNSHINE: SKY :PK WND
================================================================================
1 2 3 4 5 6A 6B 7 8 9 10 11 12 13 14 15 16 17 18
12Z AVG MX 2MIN
DY MAX MIN AVG DEP HDD CDD WTR SNW DPTH SPD SPD DIR MIN PSBL S-S WX SPD DR
================================================================================
1 100 63 82 10 0 17 0.00 0.0 0 3.5 17 280 M M 0 24 290
2 102 65 84 13 0 19 0.00 0.0 0 4.6 22 190 M M 1 32 200
3 100 67 84 13 0 19 0.00 0.0 0 8.7 25 190 M M 1 35 180
4 104 63 84 13 0 19 0.00 0.0 0 5.6 22 240 M M 1 28 230
5 102 65 84 13 0 19 0.00 0.0 0 3.6 16 280 M M 2 22 270
6 106 66 86 16 0 21 T 0.0 0 5.9 24 300 M M 4 3 33 290
7 104 69 87 17 0 22 0.00 0.0 0 6.2 22 330 M M 4 29 330
8 101 66 84 14 0 19 0.00 0.0 0 4.7 18 270 M M 2 25 270
9 90 63 77 8 0 12 0.00 0.0 0 3.7 13 80 M M 7 8 16 80
10 90 57 74 5 0 9 0.00 0.0 0 2.4 14 300 M M 8 8 20 280
11 92 62 77 8 0 12 0.00 0.0 0 4.6 26 280 M M 8 8 30 280
12 84 63 74 6 0 9 T 0.0 0 5.5 20 290 M M 7 8 26 280
13 84 61 73 5 0 8 0.00 0.0 0 6.6 23 300 M M 7 8 29 270
14 81 52 67 -1 0 2 0.00 0.0 0 6.6 26 290 M M 6 8 33 290
15 79 53 66 -2 0 1 0.00 0.0 0 5.9 22 330 M M 6 8 26 330
16 81 50 66 -1 0 1 0.00 0.0 0 5.5 15 300 M M 6 8 22 280
17 79 47 63 -4 2 0 0.00 0.0 0 7.4 23 210 M M 8 8 31 220
18 72 57 65 -1 0 0 T 0.0 0 10.4 29 170 M M 8 34 160
19 67 52 60 -6 5 0 0.14 0.0 0 6.1 22 290 M M 9 13 28 290
20 64 51 58 -8 7 0 0.07 0.0 0 4.6 16 250 M M 7 3 22 300
21 60 48 54 -11 11 0 0.04 0.0 0 5.3 23 290 M M 7 13 28 290
22 73 42 58 -7 7 0 0.00 0.0 0 2.3 10 30 M M 1 14 330
23 79 45 62 -2 3 0 0.00 0.0 0 2.7 9 100 M M 0 14 260
24 85 46 66 2 0 1 0.00 0.0 0 2.5 12 70 M M 0 15 80
25 88 47 68 4 0 3 0.00 0.0 0 3.2 13 80 M M 1 16 70
26 92 53 73 10 0 8 0.00 0.0 0 3.0 14 360 M M 4 18 260
27 91 55 73 10 0 8 0.00 0.0 0 5.6 25 280 M M 2 31 280
28 85 51 68 6 0 3 0.00 0.0 0 8.6 32 190 M M 4 40 190
29 85 52 69 7 0 4 0.00 0.0 0 5.4 23 290 M M 1 28 280
30 78 47 63 1 2 0 0.00 0.0 0 3.8 14 10 M M 0 20 40
================================================================================
SM 2598 1678 37 236 0.25 0.0 154.5 M 122
================================================================================
AV 86.6 55.9 5.2 FASTST M M 4 MAX(MPH)
MISC ----> 32 190 40 190
================================================================================
NOTES:
# LAST OF SEVERAL OCCURRENCES
COLUMN 17 PEAK WIND IN M.P.H.
PRELIMINARY LOCAL CLIMATOLOGICAL DATA (WS FORM: F-6) , PAGE 2
STATION: RENO-TAHOE INTL AIRPORT NV
MONTH: SEPTEMBER
YEAR: 2022
LATITUDE: 39 30 N
LONGITUDE: 119 47 W
[TEMPERATURE DATA] [PRECIPITATION DATA] SYMBOLS USED IN COLUMN 16
AVERAGE MONTHLY: 71.3 TOTAL FOR MONTH: 0.25 1 = FOG OR MIST
DPTR FM NORMAL: 4.3 DPTR FM NORMAL: 0.04 2 = FOG REDUCING VISIBILITY
HIGHEST: 106 ON 6 GRTST 24HR 0.14 ON 19-19 TO 1/4 MILE OR LESS
LOWEST: 42 ON 22 3 = THUNDER
SNOW, ICE PELLETS, HAIL 4 = ICE PELLETS
TOTAL MONTH: 0.0 INCH 5 = HAIL
GRTST 24HR 0.0 6 = FREEZING RAIN OR DRIZZLE
GRTST DEPTH: 0 7 = DUSTSTORM OR SANDSTORM:
VSBY 1/2 MILE OR LESS
8 = SMOKE OR HAZE
[NO. OF DAYS WITH] [WEATHER - DAYS WITH] 9 = BLOWING SNOW
X = TORNADO
MAX 32 OR BELOW: 0 0.01 INCH OR MORE: 3
MAX 90 OR ABOVE: 13 0.10 INCH OR MORE: 1
MIN 32 OR BELOW: 0 0.50 INCH OR MORE: 0
MIN 0 OR BELOW: 0 1.00 INCH OR MORE: 0
[HDD (BASE 65) ]
TOTAL THIS MO. 37 CLEAR (SCALE 0-3) 13
DPTR FM NORMAL -19 PTCLDY (SCALE 4-7) 14
TOTAL FM JUL 1 37 CLOUDY (SCALE 8-10) 3
DPTR FM NORMAL -26
[CDD (BASE 65) ]
TOTAL THIS MO. 236
DPTR FM NORMAL 118 [PRESSURE DATA]
TOTAL FM JAN 1 1347 HIGHEST SLP M ON M
DPTR FM NORMAL 316 LOWEST SLP 25.59 ON 30
[REMARKS]
#FINAL-09-22#