000
CXUS51 KRNK 012017
CF6ROA
PRELIMINARY LOCAL CLIMATOLOGICAL DATA (WS FORM: F-6)
STATION: ROANOKE VA
MONTH: NOVEMBER
YEAR: 2022
LATITUDE: 37 19 N
LONGITUDE: 79 58 W
TEMPERATURE IN F: :PCPN: SNOW: WIND :SUNSHINE: SKY :PK WND
================================================================================
1 2 3 4 5 6A 6B 7 8 9 10 11 12 13 14 15 16 17 18
12Z AVG MX 2MIN
DY MAX MIN AVG DEP HDD CDD WTR SNW DPTH SPD SPD DIR MIN PSBL S-S WX SPD DR
================================================================================
1 73 51 62 9 3 0 0.00 0.0 0 5.4 16 300 M M 5 12 20 290
2 66 48 57 4 8 0 0.04 0.0 0 2.2 12 40 M M 7 1 14 40
3 70 50 60 8 5 0 0.00 0.0 0 1.6 9 130 M M 5 12 11 130
4 73 51 62 10 3 0 T 0.0 0 2.9 12 130 M M 6 17 150
5 76 64 70 18 0 5 0.26 0.0 0 8.6 18 150 M M 9 1 24 160
6 75 64 70 18 0 5 0.76 0.0 0 5.7 17 140 M M 7 1 21 140
7 83 61 72 21 0 7 0.02 0.0 0 3.9 17 350 M M 5 1 23 360
8 67 48 58 7 7 0 0.00 0.0 0 6.6 17 10 M M 0 20 40
9 61 37 49 -1 16 0 0.00 0.0 0 2.4 10 110 M M 0 15 110
10 64 47 56 6 9 0 0.34 0.0 0 2.5 9 20 M M 10 1 12 30
11 71 58 65 15 0 0 2.88 0.0 0 3.7 17 130 M M 10 12 24 130
12 70 46 58 9 7 0 T 0.0 0 9.9 23 310 M M 6 30 320
13 46 34 40 -9 25 0 0.00 0.0 0 12.2 24 330 M M 6 30 300
14 47 28 38 -11 27 0 0.00 0.0 0 3.0 13 350 M M 1 15 340
15 39 34 37 -11 28 0 0.95 0.0 0 3.3 13 10 M M 9 1 15 350
16 49 37 43 -5 22 0 0.00 0.0 0 11.0 26 300 M M 7 33 300
17 42 29 36 -12 29 0 T T 0 10.3 28 310 M M 4 36 290
18 50 28 39 -8 26 0 0.00 0.0 0 10.3 23 270 M M 1 35 290
19 50 32 41 -6 24 0 0.00 0.0 0 7.0 24 290 M M 1 30 310
20 42 29 36 -11 29 0 0.00 0.0 0 15.6 36 300 M M 0 49 300
21 52 22 37 -9 28 0 0.00 0.0 0 2.8 10 130 M M 0 13 130
22 61 27 44 -2 21 0 0.00 0.0 0 2.1 10 230 M M 0 13 260
23 64 33 49 3 16 0 0.00 0.0 0 2.1 9 340 M M 0 11 340
24 62 31 47 1 18 0 0.00 0.0 0 2.4 13 120 M M 1 16 120
25 65 42 54 9 11 0 T 0.0 0 8.5 26 310 M M 6 36 290
26 63 37 50 5 15 0 0.00 0.0 0 4.6 16 270 M M 4 20 250
27 60 44 52 7 13 0 0.07 0.0 0 3.6 14 240 M M 7 1 19 250
28 58 39 49 5 16 0 0.00 0.0 0 11.0 28 300 M M 7 34 290
29 57 32 45 1 20 0 0.00 0.0 0 5.2 16 140 M M 2 20 140
30 67 40 54 10 11 0 0.40 0.0 0 10.1 33 310 M M 6 1 42 300
================================================================================
SM 1823 1223 437 17 5.72 T 180.5 M 132
================================================================================
AV 60.8 40.8 6.0 FASTST M M 4 MAX(MPH)
MISC ----> 36 300 49 300
================================================================================
NOTES:
# LAST OF SEVERAL OCCURRENCES
COLUMN 17 PEAK WIND IN M.P.H.
PRELIMINARY LOCAL CLIMATOLOGICAL DATA (WS FORM: F-6) , PAGE 2
STATION: ROANOKE VA
MONTH: NOVEMBER
YEAR: 2022
LATITUDE: 37 19 N
LONGITUDE: 79 58 W
[TEMPERATURE DATA] [PRECIPITATION DATA] SYMBOLS USED IN COLUMN 16
AVERAGE MONTHLY: 50.8 TOTAL FOR MONTH: 5.72 1 = FOG OR MIST
DPTR FM NORMAL: 2.4 DPTR FM NORMAL: 2.68 2 = FOG REDUCING VISIBILITY
HIGHEST: 83 ON 7 GRTST 24HR 3.19 ON 10-11 TO 1/4 MILE OR LESS
LOWEST: 22 ON 21 3 = THUNDER
SNOW, ICE PELLETS, HAIL 4 = ICE PELLETS
TOTAL MONTH: T 5 = HAIL
GRTST 24HR T ON 17-17 6 = FREEZING RAIN OR DRIZZLE
GRTST DEPTH: 0 7 = DUSTSTORM OR SANDSTORM:
VSBY 1/2 MILE OR LESS
8 = SMOKE OR HAZE
[NO. OF DAYS WITH] [WEATHER - DAYS WITH] 9 = BLOWING SNOW
X = TORNADO
MAX 32 OR BELOW: 0 0.01 INCH OR MORE: 9
MAX 90 OR ABOVE: 0 0.10 INCH OR MORE: 6
MIN 32 OR BELOW: 9 0.50 INCH OR MORE: 3
MIN 0 OR BELOW: 0 1.00 INCH OR MORE: 1
[HDD (BASE 65) ]
TOTAL THIS MO. 437 CLEAR (SCALE 0-3) 11
DPTR FM NORMAL -65 PTCLDY (SCALE 4-7) 15
TOTAL FM JUL 1 743 CLOUDY (SCALE 8-10) 4
DPTR FM NORMAL -10
[CDD (BASE 65) ]
TOTAL THIS MO. 17
DPTR FM NORMAL 15 [PRESSURE DATA]
TOTAL FM JAN 1 1524 HIGHEST SLP 30.62 ON 9
DPTR FM NORMAL 158 LOWEST SLP 29.52 ON 27
[REMARKS]
#FINAL-11-22#