000
CXUS55 KABQ 011000
CF6ROW
PRELIMINARY LOCAL CLIMATOLOGICAL DATA (WS FORM: F-6)
STATION: ROSWELL NM
MONTH: AUGUST
YEAR: 2020
LATITUDE: 33 17 N
LONGITUDE: 104 32 W
TEMPERATURE IN F: :PCPN: SNOW: WIND :SUNSHINE: SKY :PK WND
================================================================================
1 2 3 4 5 6A 6B 7 8 9 10 11 12 13 14 15 16 17 18
12Z AVG MX 2MIN
DY MAX MIN AVG DEP HDD CDD WTR SNW DPTH SPD SPD DIR MIN PSBL S-S WX SPD DR
================================================================================
1 99 69 84 4 0 19 0.00 0.0 0 5.5 23 70 M M 1 30 80
2 101 69 85 5 0 20 0.11 0.0 0 8.6 43 270 M M 1 3 59 270
3 96 66 81 1 0 16 T 0.0 0 6.5 26 340 M M 0 3 36 360
4 102 71 87 7 0 22 T 0.0 0 7.1 21 180 M M 0 26 170
5 97 73 85 5 0 20 0.00 0.0 0 9.8 23 330 M M 0 30 340
6 100 73 87 7 0 22 T 0.0 0 7.8 30 270 M M 1 41 270
7 101 71 86 6 0 21 0.04 0.0 0 8.6 32 250 M M 2 3 40 240
8 101 68 85 5 0 20 T 0.0 0 7.9 31 330 M M 0 3 43 340
9 100 70 85 5 0 20 0.17 0.0 0 7.7 33 250 M M 1 3 42 260
10 104 68 86 7 0 21 0.00 0.0 0 7.8 24 210 M M 0 3 33 200
11 105 70 88 9 0 23 0.00 0.0 0 8.2 17 160 M M 0 26 180
12 107 73 90 11 0 25 0.00 0.0 0 10.7 32 220 M M 0 8 41 230
13 107 72 90 11 0 25 T 0.0 0 6.8 29 230 M M 0 39 240
14 107 78 93 14 0 28 0.00 0.0 0 9.4 32 320 M M 0 8 44 320
15 104 71 88 9 0 23 T 0.0 0 9.3 39 360 M M 0 8 55 360
16 96 70 83 4 0 18 T 0.0 0 9.5 24 130 M M 0 34 130
17 96 69 83 4 0 18 0.23 0.0 0 6.3 35 60 M M 0 3 46 60
18 95 65 80 1 0 15 0.00 0.0 0 4.3 14 140 M M 0 19 130
19 101 64 83 4 0 18 0.00 0.0 0 9.3 30 220 M M 0 3 38 230
20 102 70 86 7 0 21 T 0.0 0 5.2 30 20 M M 0 3 36 20
21 98 70 84 6 0 19 0.02 0.0 0 10.1 44 250 M M 1 38 65 250
22 101 68 85 7 0 20 0.00 0.0 0 4.9 13 120 M M 0 18 110
23 100 70 85 7 0 20 0.00 0.0 0 7.4 15 130 M M 0 23 130
24 96 70 83 5 0 18 0.00 0.0 0 8.4 18 140 M M 0 27 130
25 95 63 79 1 0 14 0.00 0.0 0 8.6 23 160 M M 0 29 170
26 97 66 82 4 0 17 0.00 0.0 0 8.5 21 170 M M 0 30 120
27 100 65 83 5 0 18 0.00 0.0 0 8.9 20 200 M M 0 30 140
28 105 68 87 10 0 22 0.00 0.0 0 9.2 20 140 M M 0 27 140
29 101 75 88 11 0 23 T 0.0 0 10.7 36 340 M M 1 3 53 330
30 99 72 86 9 0 21 T 0.0 0 6.9 16 210 M M 1 21 200
31 92 72 82 5 0 17 T 0.0 0 5.8 14 60 M M 2 18 50
================================================================================
SM 3105 2159 0 624 0.57 0.0 245.7 M 11
================================================================================
AV100.2 69.7 7.9 FASTST M M 0 MAX(MPH)
MISC ----> # 44 250 # 65 250
================================================================================
NOTES:
# LAST OF SEVERAL OCCURRENCES
COLUMN 17 PEAK WIND IN M.P.H.
PRELIMINARY LOCAL CLIMATOLOGICAL DATA (WS FORM: F-6) , PAGE 2
STATION: ROSWELL NM
MONTH: AUGUST
YEAR: 2020
LATITUDE: 33 17 N
LONGITUDE: 104 32 W
[TEMPERATURE DATA] [PRECIPITATION DATA] SYMBOLS USED IN COLUMN 16
AVERAGE MONTHLY: 84.9 TOTAL FOR MONTH: 0.57 1 = FOG OR MIST
DPTR FM NORMAL: 6.2 DPTR FM NORMAL: -1.40 2 = FOG REDUCING VISIBILITY
HIGHEST: 107 ON 14,13 GRTST 24HR 0.23 ON 17-17 TO 1/4 MILE OR LESS
LOWEST: 63 ON 25 3 = THUNDER
SNOW, ICE PELLETS, HAIL 4 = ICE PELLETS
TOTAL MONTH: 0.0 INCH 5 = HAIL
GRTST 24HR 0.0 6 = FREEZING RAIN OR DRIZZLE
GRTST DEPTH: 0 7 = DUSTSTORM OR SANDSTORM:
VSBY 1/2 MILE OR LESS
8 = SMOKE OR HAZE
[NO. OF DAYS WITH] [WEATHER - DAYS WITH] 9 = BLOWING SNOW
X = TORNADO
MAX 32 OR BELOW: 0 0.01 INCH OR MORE: 5
MAX 90 OR ABOVE: 31 0.10 INCH OR MORE: 3
MIN 32 OR BELOW: 0 0.50 INCH OR MORE: 0
MIN 0 OR BELOW: 0 1.00 INCH OR MORE: 0
[HDD (BASE 65) ]
TOTAL THIS MO. 0 CLEAR (SCALE 0-3) 31
DPTR FM NORMAL 0 PTCLDY (SCALE 4-7) 0
TOTAL FM JUL 1 0 CLOUDY (SCALE 8-10) 0
DPTR FM NORMAL 0
[CDD (BASE 65) ]
TOTAL THIS MO. 624
DPTR FM NORMAL 198 [PRESSURE DATA]
TOTAL FM JAN 1 2274 HIGHEST SLP M ON M
DPTR FM NORMAL 750 LOWEST SLP 29.60 ON 31
[REMARKS]
#FINAL-08-20#