000
CXUS54 KFWD 010730
CF6RPH
PRELIMINARY LOCAL CLIMATOLOGICAL DATA (WS FORM: F-6)
STATION: GRAHAM
MONTH: SEPTEMBER
YEAR: 2023
LATITUDE: 33 6 N
LONGITUDE: 98 30 W
TEMPERATURE IN F: :PCPN: SNOW: WIND :SUNSHINE: SKY :PK WND
================================================================================
1 2 3 4 5 6A 6B 7 8 9 10 11 12 13 14 15 16 17 18
12Z AVG MX 2MIN
DY MAX MIN AVG DEP HDD CDD WTR SNW DPTH SPD SPD DIR MIN PSBL S-S WX SPD DR
================================================================================
1 101 74 88 8 0 23 0.00 M M 6.0 10 120 M M 0 17 120
2 101 74 88 8 0 23 0.00 M M 6.4 12 110 M M 0 17 99
3 105 75 90 10 0 25 0.00 M M 6.6 13 130 M M 2 28 99
4 103 76 90 10 0 25 0.00 M M 8.7 15 150 M M 0 25 150
5 106 83 95 16 0 30 0.09 M M 9.0 13 140 M M 1 3 40 310
6 100 72 86 7 0 21 T M M 5.2 24 330 M M 1 1 40 330
7 106 74 90 12 0 25 0.00 M M 3.1 8 190 M M 0 M M
8 109 76 93 15 0 28 0.00 M M 6.6 17 120 M M 1 32 50
9 100 74 87 9 0 22 T M M 5.9 14 60 M M 1 20 60
10 95 74 85 8 0 20 0.00 M M 6.9 12 120 M M 1 17 99
11 89 66 78 1 0 13 0.04 M M 6.2 12 150 M M 7 1 37 130
12 72 67 70 -7 0 5 T M M 5.5 9 360 M M 9 1 16 99
13 81 66 74 -2 0 9 T M M 2.0 5 60 M M 9 M M
14 78 68 73 -3 0 8 T M M 3.9 9 90 M M 7 1 M M
15 84 69 77 2 0 12 0.01 M M 3.9 12 90 M M 6 1 18 90
16 84 66 75 0 0 10 0.15 M M 1.6 7 99 M M 2 1 24 99
17 89 61 75 0 0 10 0.00 M M 2.4 9 10 M M 0 M M
18 93 58 76 2 0 11 0.00 M M 3.7 9 220 M M 0 M M
19 96 71 84 10 0 19 0.08 M M 8.3 15 190 M M 2 24 170
20 98 73 86 13 0 21 0.00 M M 7.2 14 220 M M 1 21 220
21 91 74 83 10 0 18 0.00 M M 5.2 9 130 M M 3 17 130
22 99 76 88 15 0 23 0.00 M M 7.6 12 220 M M 1 18 220
23 101 76 89 17 0 24 0.00 M M 7.4 10 190 M M 0 21 99
24 97 77 87 15 0 22 0.00 M M 7.1 12 300 M M 0 21 20
25 91 71 81 9 0 16 0.00 M M 4.2 9 80 M M 4 M M
26 93 61 77 6 0 12 0.00 M M 2.6 7 99 M M 0 M M
27 96 63 80 9 0 15 0.00 M M 3.3 7 190 M M 0 M M
28 95 65 80 10 0 15 0.00 M M 4.7 12 110 M M 0 18 99
29 95 68 82 12 0 17 0.00 M M 6.1 13 150 M M 0 21 170
30 94 71 83 13 0 18 0.00 M M 6.6 13 160 M M 0 18 160
================================================================================
SM 2842 2119 0 540 0.37 M 164.0 M 58
================================================================================
AV 94.7 70.6 5.5 FASTST M M 2 MAX(MPH)
MISC ----> 24 330 40 310
================================================================================
NOTES:
# LAST OF SEVERAL OCCURRENCES
COLUMN 17 PEAK WIND IN M.P.H.
PRELIMINARY LOCAL CLIMATOLOGICAL DATA (WS FORM: F-6) , PAGE 2
STATION: GRAHAM
MONTH: SEPTEMBER
YEAR: 2023
LATITUDE: 33 6 N
LONGITUDE: 98 30 W
[TEMPERATURE DATA] [PRECIPITATION DATA] SYMBOLS USED IN COLUMN 16
AVERAGE MONTHLY: 82.7 TOTAL FOR MONTH: 0.37 1 = FOG OR MIST
DPTR FM NORMAL: 7.5 DPTR FM NORMAL: -3.00 2 = FOG REDUCING VISIBILITY
HIGHEST: 109 ON 8 GRTST 24HR 0.15 ON 16-16 TO 1/4 MILE OR LESS
LOWEST: 58 ON 18 3 = THUNDER
SNOW, ICE PELLETS, HAIL 4 = ICE PELLETS
TOTAL MONTH: M 5 = HAIL
GRTST 24HR M ON M 6 = FREEZING RAIN OR DRIZZLE
GRTST DEPTH: M ON M 7 = DUSTSTORM OR SANDSTORM:
VSBY 1/2 MILE OR LESS
8 = SMOKE OR HAZE
[NO. OF DAYS WITH] [WEATHER - DAYS WITH] 9 = BLOWING SNOW
X = TORNADO
MAX 32 OR BELOW: 0 0.01 INCH OR MORE: 5
MAX 90 OR ABOVE: 23 0.10 INCH OR MORE: 1
MIN 32 OR BELOW: 0 0.50 INCH OR MORE: 0
MIN 0 OR BELOW: 0 1.00 INCH OR MORE: 0
[HDD (BASE 65) ]
TOTAL THIS MO. 0 CLEAR (SCALE 0-3) 24
DPTR FM NORMAL -16 PTCLDY (SCALE 4-7) 4
TOTAL FM JUL 1 0 CLOUDY (SCALE 8-10) 2
DPTR FM NORMAL -14
[CDD (BASE 65) ]
TOTAL THIS MO. 540
DPTR FM NORMAL 220 [PRESSURE DATA]
TOTAL FM JAN 1 2935 HIGHEST SLP M ON M
DPTR FM NORMAL 742 LOWEST SLP M ON M
[REMARKS]
#FINAL-09-23#