000
CXUS56 KFGZ 010910
CF6RQE
PRELIMINARY LOCAL CLIMATOLOGICAL DATA (WS FORM: F-6)
STATION: WINDOW ROCK AZ AIRPORT
MONTH: JUNE
YEAR: 2021
LATITUDE: 35 39 N
LONGITUDE: 109 4 W
TEMPERATURE IN F: :PCPN: SNOW: WIND :SUNSHINE: SKY :PK WND
================================================================================
1 2 3 4 5 6A 6B 7 8 9 10 11 12 13 14 15 16 17 18
12Z AVG MX 2MIN
DY MAX MIN AVG DEP HDD CDD WTR SNW DPTH SPD SPD DIR MIN PSBL S-S WX SPD DR
================================================================================
1 83 36 60 0 5 0 0.00 M M 3.7 14 350 M M 0 22 80
2 85 37 61 0 4 0 0.00 M M 3.7 20 290 M M 0 29 290
3 89 38 64 3 1 0 0.00 M M 6.0 24 360 M M 0 30 360
4 87 54 71 10 0 6 0.09 M M 7.0 25 50 M M 3 36 80
5 89 60 75 13 0 10 0.01 0.0 0 5.7 21 270 M M 2 30 60
6 91 60 76 14 0 11 0.00 M M 9.3 24 240 M M 0 32 250
7 87 45 66 4 0 1 0.00 M M 8.1 23 230 M M 0 8 29 230
8 86 44 65 2 0 0 0.00 M M 7.6 24 240 M M 0 30 220
9 89 37 63 0 2 0 0.00 M M 6.4 18 230 M M 0 26 250
10 90 44 67 4 0 2 0.00 M M 10.2 26 210 M M 0 36 230
11 91 37 64 0 1 0 0.00 M M 5.2 22 230 M M 0 27 220
12 95 38 67 3 0 2 0.00 M M 5.9 24 250 M M 0 32 210
13 97 38 68 4 0 3 0.00 M M 6.7 26 230 M M 0 34 220
14 98 46 72 7 0 7 0.00 M M 3.7 17 330 M M 0 24 320
15 101 47 74 9 0 9 0.00 M M 4.7 18 230 M M 0 24 60
16 101 48 75 9 0 10 0.00 M M 5.1 18 190 M M 0 23 190
17 99 51 75 9 0 10 T M M 6.3 23 360 M M 0 28 160
18 98 53 76 10 0 11 T M M 4.8 25 360 M M 1 35 80
19 100 53 77 11 0 12 0.00 M M 5.6 22 240 M M 0 30 230
20 95 56 76 9 0 11 T M M 7.1 39 280 M M 1 8 61 270
21 97 63 80 13 0 15 0.00 M M 7.2 23 260 M M 0 8 28 260
22 93 47 70 2 0 5 0.00 M M 7.3 22 260 M M 0 29 300
23 86 62 74 6 0 9 T M M 9.9 28 320 M M 4 37 320
24 85 48 67 -1 0 2 T M M 7.3 21 280 M M 2 8 27 270
25 85 57 71 3 0 6 T M M 7.5 23 320 M M 3 32 230
26 77 45 61 -8 4 0 0.07 M M 4.4 29 360 M M 3 43 350
27 85 45 65 -4 0 0 0.00 M M 5.5 23 50 M M 3 30 40
28 83 48 66 -3 0 1 0.00 M M 7.7 21 50 M M 2 28 30
29 76 56 66 -4 0 1 0.66 M M 8.2 17 50 M M 4 8 27 60
30 81 56 69 -1 0 4 0.01 M M 3.8 21 10 M M 5 26 20
================================================================================
SM 2699 1449 17 148 0.84 0.0 191.6 M 33
================================================================================
AV 90.0 48.3 6.4 FASTST M M 1 MAX(MPH)
MISC ----> 39 280 61 270
================================================================================
NOTES:
# LAST OF SEVERAL OCCURRENCES
COLUMN 17 PEAK WIND IN M.P.H.
PRELIMINARY LOCAL CLIMATOLOGICAL DATA (WS FORM: F-6) , PAGE 2
STATION: WINDOW ROCK AZ AIRPORT
MONTH: JUNE
YEAR: 2021
LATITUDE: 35 39 N
LONGITUDE: 109 4 W
[TEMPERATURE DATA] [PRECIPITATION DATA] SYMBOLS USED IN COLUMN 16
AVERAGE MONTHLY: 69.1 TOTAL FOR MONTH: 0.84 1 = FOG OR MIST
DPTR FM NORMAL: 3.9 DPTR FM NORMAL: 0.56 2 = FOG REDUCING VISIBILITY
HIGHEST: 101 ON 16,15 GRTST 24HR 0.66 ON 29-29 TO 1/4 MILE OR LESS
LOWEST: 36 ON 1 3 = THUNDER
SNOW, ICE PELLETS, HAIL 4 = ICE PELLETS
TOTAL MONTH: 0.0 INCH 5 = HAIL
GRTST 24HR 0.0 6 = FREEZING RAIN OR DRIZZLE
GRTST DEPTH: 0 7 = DUSTSTORM OR SANDSTORM:
VSBY 1/2 MILE OR LESS
8 = SMOKE OR HAZE
[NO. OF DAYS WITH] [WEATHER - DAYS WITH] 9 = BLOWING SNOW
X = TORNADO
MAX 32 OR BELOW: 0 0.01 INCH OR MORE: 5
MAX 90 OR ABOVE: 14 0.10 INCH OR MORE: 1
MIN 32 OR BELOW: 0 0.50 INCH OR MORE: 1
MIN 0 OR BELOW: 0 1.00 INCH OR MORE: 0
[HDD (BASE 65) ]
TOTAL THIS MO. 17 CLEAR (SCALE 0-3) 25
DPTR FM NORMAL -46 PTCLDY (SCALE 4-7) 5
TOTAL FM JUL 1 5956 CLOUDY (SCALE 8-10) 0
DPTR FM NORMAL -200
[CDD (BASE 65) ]
TOTAL THIS MO. 148
DPTR FM NORMAL 79 [PRESSURE DATA]
TOTAL FM JAN 1 148 HIGHEST SLP M ON M
DPTR FM NORMAL 75 LOWEST SLP 29.57 ON 6
[REMARKS]
#FINAL-06-21#