000
CXUS53 KGRB 091546
CF6RRL
PRELIMINARY LOCAL CLIMATOLOGICAL DATA (WS FORM: F-6)
STATION: MERRILL MUNICIPAL AI
MONTH: FEBRUARY
YEAR: 2024
LATITUDE: 45 10 N
LONGITUDE: 89 42 W
TEMPERATURE IN F: :PCPN: SNOW: WIND :SUNSHINE: SKY :PK WND
================================================================================
1 2 3 4 5 6A 6B 7 8 9 10 11 12 13 14 15 16 17 18
12Z AVG MX 2MIN
DY MAX MIN AVG DEP HDD CDD WTR SNW DPTH SPD SPD DIR MIN PSBL S-S WX SPD DR
================================================================================
1 44 23 34 M 31 0 M M M 4.6 13 20 M M 4 12 17 20
2 41 16 29 M 36 0 M M M 3.2 8 110 M M 3 M M
3 37 19 28 M 37 0 M M M 1.5 6 210 M M 5 1 M M
4 53 13 33 M 32 0 M M M 0.7 8 20 M M 0 M M
5 53 20 37 M 28 0 M M M 1.3 7 50 M M 3 17 0
6 50 20 35 M 30 0 M M M 2.2 9 210 M M 2 1 M M
7 45 29 37 M 28 0 M M M 3.6 10 130 M M 1 18 9 150
8 54 36 45 M 20 0 0.09 M M 9.3 15 250 M M 4 1 29 240
9 38 27 33 M 32 0 M M M 13.7 20 260 M M 10 28 250
10 29 20 25 M 40 0 M M M 10.6 16 310 M M 10 22 310
11 38 19 29 M 36 0 M M M 6.0 18 270 M M 6 22 260
12 40 26 33 M 32 0 M M M 7.6 12 340 M M 7 17 320
13 31 20 26 M 39 0 M M M 3.6 9 330 M M 10 M M
14 41 24 33 M 32 0 0.17 M M 2.8 10 230 M M 10 M M
15 32 12 22 M 43 0 0.06 M M 7.2 14 360 M M 7 21 10
16 18 -1 9 M 56 0 M M M 5.0 10 330 M M 3 17 290
17 26 -3 12 M 53 0 M M M 10.2 20 240 M M 1 29 240
18 33 8 21 M 44 0 M M M 6.9 14 320 M M 2 25 330
19 38 1 20 M 45 0 M M M 0.3 5 230 M M 0 M M
20 50 18 34 M 31 0 M M M 3.0 9 170 M M 1 1 16 170
21 53 17 35 M 30 0 M M M 1.1 6 200 M M 0 M M
22 54 19 37 M 28 0 M M M 4.3 14 270 M M 2 18 260
23 36 8 22 M 43 0 M M M 6.7 13 30 M M 4 18 30
24 32 1 17 M 48 0 M M M 5.6 14 210 M M 0 20 210
25 51 21 36 M 29 0 M M M 5.4 18 290 M M 1 24 320
26 55 15 35 M 30 0 M M M 6.1 17 150 M M 0 24 170
27 66 19 43 M 22 0 M M M 7.0 25 360 M M 2 31 360
28 19 7 13 M 52 0 M M M 12.9 24 350 M M 4 30 350
29 35 -4 16 M 49 0 M M M 5.0 12 140 M M 1 17 160
================================================================================
SM 1192 450 1056 0 0.32 M 157.4 M 103
================================================================================
AV 41.1 15.5 5.4 FASTST M M 4 MAX(MPH)
MISC ----> 25 360 31 360
================================================================================
NOTES:
# LAST OF SEVERAL OCCURRENCES
COLUMN 17 PEAK WIND IN M.P.H.
PRELIMINARY LOCAL CLIMATOLOGICAL DATA (WS FORM: F-6) , PAGE 2
STATION: MERRILL MUNICIPAL AI
MONTH: FEBRUARY
YEAR: 2024
LATITUDE: 45 10 N
LONGITUDE: 89 42 W
[TEMPERATURE DATA] [PRECIPITATION DATA] SYMBOLS USED IN COLUMN 16
AVERAGE MONTHLY: 28.3 TOTAL FOR MONTH: 0.32 1 = FOG OR MIST
DPTR FM NORMAL: 0.0 DPTR FM NORMAL: M 2 = FOG REDUCING VISIBILITY
HIGHEST: 66 ON 27 GRTST 24HR 0.17 ON 14-14 TO 1/4 MILE OR LESS
LOWEST: -4 ON 29 3 = THUNDER
SNOW, ICE PELLETS, HAIL 4 = ICE PELLETS
TOTAL MONTH: M 5 = HAIL
GRTST 24HR M ON M 6 = FREEZING RAIN OR DRIZZLE
GRTST DEPTH: M ON M 7 = DUSTSTORM OR SANDSTORM:
VSBY 1/2 MILE OR LESS
8 = SMOKE OR HAZE
[NO. OF DAYS WITH] [WEATHER - DAYS WITH] 9 = BLOWING SNOW
X = TORNADO
MAX 32 OR BELOW: 7 0.01 INCH OR MORE: 3
MAX 90 OR ABOVE: 0 0.10 INCH OR MORE: 1
MIN 32 OR BELOW: 28 0.50 INCH OR MORE: 0
MIN 0 OR BELOW: 3 1.00 INCH OR MORE: 0
[HDD (BASE 65) ]
TOTAL THIS MO. 1056 CLEAR (SCALE 0-3) 17
DPTR FM NORMAL M PTCLDY (SCALE 4-7) 8
TOTAL FM JUL 1 3471 CLOUDY (SCALE 8-10) 4
DPTR FM NORMAL 3091
[CDD (BASE 65) ]
TOTAL THIS MO. 0
DPTR FM NORMAL M [PRESSURE DATA]
TOTAL FM JAN 1 0 HIGHEST SLP M ON M
DPTR FM NORMAL 0 LOWEST SLP M ON M
[REMARKS]
#FINAL-02-24#