000
CXUS56 KSTO 011300
CF6SAC
PRELIMINARY LOCAL CLIMATOLOGICAL DATA (WS FORM: F-6)
STATION: SACRAMENTO EXEC. AIRPORT CA
MONTH: OCTOBER
YEAR: 2022
LATITUDE: 38 31 N
LONGITUDE: 121 30 W
TEMPERATURE IN F: :PCPN: SNOW: WIND :SUNSHINE: SKY :PK WND
================================================================================
1 2 3 4 5 6A 6B 7 8 9 10 11 12 13 14 15 16 17 18
12Z AVG MX 2MIN
DY MAX MIN AVG DEP HDD CDD WTR SNW DPTH SPD SPD DIR MIN PSBL S-S WX SPD DR
================================================================================
1 83 57 70 1 0 5 0.00 M M 6.9 17 220 M M 0 23 200
2 82 57 70 1 0 5 0.00 M M 6.6 12 220 M M 0 20 320
3 86 55 71 2 0 6 0.00 M M 4.6 13 210 M M 0 19 190
4 88 57 73 5 0 8 0.00 M M 4.4 14 320 M M 0 16 320
5 90 56 73 5 0 8 0.00 M M 3.1 14 320 M M 0 16 300
6 94 55 75 7 0 10 0.00 M M 3.5 15 320 M M 0 21 330
7 97 55 76 8 0 11 0.00 M M 3.2 16 320 M M 0 22 330
8 93 56 75 8 0 10 0.00 M M 3.9 14 310 M M 0 20 280
9 91 56 74 7 0 9 0.00 M M 3.7 13 320 M M 0 15 310
10 92 54 73 6 0 8 0.00 M M 3.3 14 320 M M 0 17 310
11 89 55 72 6 0 7 0.00 M M 4.4 15 320 M M 0 17 310
12 83 54 69 3 0 4 0.00 M M 5.5 10 190 M M 0 14 200
13 83 52 68 2 0 3 0.00 M M 4.1 9 210 M M 0 17 330
14 85 50 68 3 0 3 0.00 0.0 0 3.2 8 170 M M 0 13 200
15 78 55 67 2 0 2 0.00 M M 7.9 18 200 M M 0 25 200
16 72 56 64 -1 1 0 0.00 M M 6.4 13 230 M M 0 20 190
17 78 48 63 -1 2 0 0.00 M M 2.6 8 310 M M 0 14 30
18 85 54 70 6 0 5 0.00 M M 3.9 12 330 M M 0 17 320
19 89 50 70 6 0 5 0.00 M M 2.4 13 320 M M 0 15 320
20 88 52 70 7 0 5 0.00 M M 2.3 13 320 M M 0 14 310
21 81 52 67 4 0 2 0.00 M M 5.8 16 200 M M 0 23 190
22 76 57 67 4 0 2 0.00 M M 10.5 23 330 M M 0 31 330
23 72 49 61 -1 4 0 0.00 M M 13.3 26 330 M M 0 35 310
24 75 43 59 -3 6 0 0.00 M M 3.8 14 340 M M 0 18 350
25 75 48 62 0 3 0 0.00 M M 4.4 10 220 M M 0 16 320
26 74 45 60 -1 5 0 0.00 M M 5.4 21 330 M M 0 29 320
27 73 41 57 -4 8 0 0.00 M M 2.8 8 10 M M 0 14 30
28 73 42 58 -2 7 0 0.00 M M 2.0 8 330 M M 0 14 320
29 77 41 59 -1 6 0 0.00 M M 2.1 10 310 M M 0 14 310
30 78 42 60 0 5 0 0.00 M M 2.1 9 290 M M 0 12 290
31 69 46 58 -1 7 0 0.00 M M 2.2 12 220 M M 0 17 230
================================================================================
SM 2549 1590 54 118 0.00 0.0 140.3 M 0
================================================================================
AV 82.2 51.3 4.5 FASTST M M 0 MAX(MPH)
MISC ----> 26 330 35 310
================================================================================
NOTES:
# LAST OF SEVERAL OCCURRENCES
COLUMN 17 PEAK WIND IN M.P.H.
PRELIMINARY LOCAL CLIMATOLOGICAL DATA (WS FORM: F-6) , PAGE 2
STATION: SACRAMENTO EXEC. AIRPORT CA
MONTH: OCTOBER
YEAR: 2022
LATITUDE: 38 31 N
LONGITUDE: 121 30 W
[TEMPERATURE DATA] [PRECIPITATION DATA] SYMBOLS USED IN COLUMN 16
AVERAGE MONTHLY: 66.8 TOTAL FOR MONTH: 0.00 1 = FOG OR MIST
DPTR FM NORMAL: 2.3 DPTR FM NORMAL: -0.85 2 = FOG REDUCING VISIBILITY
HIGHEST: 97 ON 7 GRTST 24HR 0.00 ON 6- 6 TO 1/4 MILE OR LESS
LOWEST: 41 ON 29,27 3 = THUNDER
SNOW, ICE PELLETS, HAIL 4 = ICE PELLETS
TOTAL MONTH: 0.0 INCH 5 = HAIL
GRTST 24HR 0.0 6 = FREEZING RAIN OR DRIZZLE
GRTST DEPTH: 0 7 = DUSTSTORM OR SANDSTORM:
VSBY 1/2 MILE OR LESS
8 = SMOKE OR HAZE
[NO. OF DAYS WITH] [WEATHER - DAYS WITH] 9 = BLOWING SNOW
X = TORNADO
MAX 32 OR BELOW: 0 0.01 INCH OR MORE: 0
MAX 90 OR ABOVE: 6 0.10 INCH OR MORE: 0
MIN 32 OR BELOW: 0 0.50 INCH OR MORE: 0
MIN 0 OR BELOW: 0 1.00 INCH OR MORE: 0
[HDD (BASE 65) ]
TOTAL THIS MO. 54 CLEAR (SCALE 0-3) 31
DPTR FM NORMAL -25 PTCLDY (SCALE 4-7) 0
TOTAL FM JUL 1 54 CLOUDY (SCALE 8-10) 0
DPTR FM NORMAL -31
[CDD (BASE 65) ]
TOTAL THIS MO. 118
DPTR FM NORMAL 53 [PRESSURE DATA]
TOTAL FM JAN 1 1723 HIGHEST SLP 30.24 ON 29
DPTR FM NORMAL 431 LOWEST SLP 29.68 ON 22
[REMARKS]
#FINAL-10-22#