000
CXUS55 KTWC 050527
CF6SAD
PRELIMINARY LOCAL CLIMATOLOGICAL DATA (WS FORM: F-6)
STATION: SAFFORD AZ AIRPORT
MONTH: DECEMBER
YEAR: 2023
LATITUDE: 32 50 N
LONGITUDE: 109 38 W
TEMPERATURE IN F: :PCPN: SNOW: WIND :SUNSHINE: SKY :PK WND
================================================================================
1 2 3 4 5 6A 6B 7 8 9 10 11 12 13 14 15 16 17 18
12Z AVG MX 2MIN
DY MAX MIN AVG DEP HDD CDD WTR SNW DPTH SPD SPD DIR MIN PSBL S-S WX SPD DR
================================================================================
1 52 38 45 -5 20 0 0.03 M M 5.2 16 320 M M 8 24 300
2 57 34 46 -3 19 0 0.00 M M 6.8 18 300 M M 2 24 310
3 62 28 45 -4 20 0 0.00 M M 5.1 21 290 M M 0 26 310
4 63 29 46 -3 19 0 0.00 M M 2.9 8 120 M M M 10 300
5 70 34 52 4 13 0 0.00 M M 6.9 16 120 M M M 21 110
6 71 42 57 9 8 0 0.00 M M 7.5 22 120 M M M 27 120
7 69 35 52 4 13 0 0.00 M M 3.6 13 260 M M 0 16 260
8 67 33 50 2 15 0 0.00 M M 7.1 22 310 M M 0 30 310
9 59 32 46 -1 19 0 0.00 M M 6.0 15 160 M M M 21 130
10 57 32 45 -2 20 0 0.00 M M 9.6 18 70 M M 0 24 70
11 60 36 48 1 17 0 0.00 M M 10.1 20 120 M M 0 25 120
12 69 45 57 10 8 0 0.00 M M 9.3 17 120 M M 0 25 90
13 71 37 54 8 11 0 0.00 M M 8.8 21 290 M M 0 26 290
14 63 29 46 0 19 0 0.00 M M 5.7 17 300 M M 0 22 280
15 65 28 47 1 18 0 0.00 M M 7.3 16 130 M M 0 22 120
16 67 42 55 9 10 0 0.00 M M 11.1 21 110 M M 0 30 130
17 66 39 53 7 12 0 0.00 M M 9.6 17 120 M M 0 23 140
18 66 43 55 9 10 0 0.00 M M 9.3 16 120 M M 0 22 120
19 62 46 54 8 11 0 0.00 M M 8.3 15 120 M M 2 20 120
20 61 47 54 8 11 0 0.01 M M 8.1 16 120 M M 5 22 120
21 66 42 54 8 11 0 0.00 M M 9.8 16 110 M M 0 22 110
22 54 46 50 4 15 0 1.01 M M 9.0 20 70 M M 7 1 25 70
23 54 44 49 3 16 0 0.18 M M 7.7 16 300 M M 7 12 25 300
24 56 36 46 0 19 0 0.00 M M 6.9 17 290 M M 3 12 23 290
25 53 32 43 -3 22 0 0.00 M M 3.6 9 280 M M 0 12 340
26 56 26 41 -5 24 0 0.00 M M 5.9 22 290 M M 0 28 300
27 56 25 41 -5 24 0 0.00 M M 2.9 9 30 M M 0 10 30
28 60 29 45 -1 20 0 0.00 M M 3.5 7 340 M M 0 10 180
29 60 34 47 1 18 0 0.00 M M 10.0 17 120 M M 0 24 100
30 61 41 51 5 14 0 0.00 M M 9.8 20 130 M M 0 26 120
31 58 29 44 -2 21 0 0.00 M M 5.3 14 300 M M 0 17 290
================================================================================
SM 1911 1113 497 0 1.23 M 222.7 M 34
================================================================================
AV 61.6 35.9 7.2 FASTST M M 1 MAX(MPH)
MISC ----> # 22 120 # 30 310
================================================================================
NOTES:
# LAST OF SEVERAL OCCURRENCES
COLUMN 17 PEAK WIND IN M.P.H.
PRELIMINARY LOCAL CLIMATOLOGICAL DATA (WS FORM: F-6) , PAGE 2
STATION: SAFFORD AZ AIRPORT
MONTH: DECEMBER
YEAR: 2023
LATITUDE: 32 50 N
LONGITUDE: 109 38 W
[TEMPERATURE DATA] [PRECIPITATION DATA] SYMBOLS USED IN COLUMN 16
AVERAGE MONTHLY: 48.8 TOTAL FOR MONTH: 1.23 1 = FOG OR MIST
DPTR FM NORMAL: 2.2 DPTR FM NORMAL: 0.38 2 = FOG REDUCING VISIBILITY
HIGHEST: 71 ON 13, 6 GRTST 24HR 1.19 ON 22-23 TO 1/4 MILE OR LESS
LOWEST: 25 ON 27 3 = THUNDER
SNOW, ICE PELLETS, HAIL 4 = ICE PELLETS
TOTAL MONTH: M 5 = HAIL
GRTST 24HR M ON M 6 = FREEZING RAIN OR DRIZZLE
GRTST DEPTH: M ON M 7 = DUSTSTORM OR SANDSTORM:
VSBY 1/2 MILE OR LESS
8 = SMOKE OR HAZE
[NO. OF DAYS WITH] [WEATHER - DAYS WITH] 9 = BLOWING SNOW
X = TORNADO
MAX 32 OR BELOW: 0 0.01 INCH OR MORE: 4
MAX 90 OR ABOVE: 0 0.10 INCH OR MORE: 2
MIN 32 OR BELOW: 11 0.50 INCH OR MORE: 1
MIN 0 OR BELOW: 0 1.00 INCH OR MORE: 1
[HDD (BASE 65) ]
TOTAL THIS MO. 497 CLEAR (SCALE 0-3) 22
DPTR FM NORMAL -72 PTCLDY (SCALE 4-7) 5
TOTAL FM JUL 1 753 CLOUDY (SCALE 8-10) 4
DPTR FM NORMAL -153
[CDD (BASE 65) ]
TOTAL THIS MO. 0
DPTR FM NORMAL 0 [PRESSURE DATA]
TOTAL FM JAN 1 3025 HIGHEST SLP 30.46 ON 10
DPTR FM NORMAL 312 LOWEST SLP 29.81 ON 12
[REMARKS]
#FINAL-12-23#