000
CXUS56 KLOX 011259
CF6SBA
PRELIMINARY LOCAL CLIMATOLOGICAL DATA (WS FORM: F-6)
STATION: SANTA BARBARA AIRPORT CA
MONTH: DECEMBER
YEAR: 2023
LATITUDE: 34 25 N
LONGITUDE: 119 50 W
TEMPERATURE IN F: :PCPN: SNOW: WIND :SUNSHINE: SKY :PK WND
================================================================================
1 2 3 4 5 6A 6B 7 8 9 10 11 12 13 14 15 16 17 18
12Z AVG MX 2MIN
DY MAX MIN AVG DEP HDD CDD WTR SNW DPTH SPD SPD DIR MIN PSBL S-S WX SPD DR
================================================================================
1 74 48 61 7 4 0 0.00 M M 9.0 20 360 M M 0 25 10
2 67 40 54 1 11 0 0.00 M M 2.7 10 150 M M 0 13 150
3 66 41 54 1 11 0 0.00 M M 2.1 9 140 M M 0 12 130
4 72 44 58 5 7 0 0.00 M M 2.4 10 250 M M 0 13 240
5 79 43 61 8 4 0 0.00 M M 3.1 10 250 M M 0 15 240
6 72 44 58 5 7 0 0.00 M M 3.9 17 260 M M 0 8 25 240
7 76 49 63 10 2 0 0.00 M M 7.3 26 310 M M 0 38 320
8 68 44 56 4 9 0 0.00 M M 3.7 14 20 M M 0 20 10
9 70 40 55 3 10 0 0.00 M M 2.3 10 260 M M 0 13 250
10 72 39 56 4 9 0 0.00 M M 1.8 8 240 M M 0 11 230
11 69 40 55 3 10 0 0.00 M M 2.1 7 130 M M 0 11 160
12 66 40 53 1 12 0 0.00 M M 1.8 9 160 M M 0 1 13 200
13 68 41 55 3 10 0 0.00 M M 2.8 10 260 M M 0 1 14 250
14 72 39 56 4 9 0 0.00 M M 2.0 9 130 M M 0 12 140
15 77 39 58 6 7 0 0.00 M M 1.2 7 110 M M 0 10 200
16 77 40 59 7 6 0 0.00 M M 3.5 15 250 M M 0 20 260
17 78 47 63 11 2 0 0.00 M M 2.0 12 250 M M 0 14 250
18 71 56 64 12 1 0 0.15 M M 3.9 12 270 M M 9 1 14 210
19 63 60 62 10 3 0 0.35 M M 7.5 14 120 M M 10 18 19 110
20 63 58 61 9 4 0 1.14 M M 12.4 22 110 M M 10 1 31 120
21 63 58 61 9 4 0 2.60 M M 9.2 20 80 M M 10 13 28 60
22 68 54 61 9 4 0 0.23 M M 4.0 12 50 M M 5 18 16 50
23 66 49 58 6 7 0 0.00 M M 5.0 16 50 M M 3 19 40
24 65 48 57 5 8 0 T M M 2.4 12 260 M M 3 15 240
25 67 45 56 4 9 0 0.00 M M 2.1 8 110 M M 0 12 80
26 66 47 57 5 8 0 0.00 M M 1.8 12 260 M M 1 1 17 250
27 64 49 57 5 8 0 0.00 M M 3.1 12 260 M M 4 1 15 260
28 66 46 56 4 9 0 0.00 M M 3.9 10 270 M M 3 1 13 250
29 64 52 58 6 7 0 0.00 M M 5.5 12 90 M M 7 12 16 110
30 66 53 60 8 5 0 0.58 M M 7.1 20 240 M M 5 1 26 270
31 64 48 56 4 9 0 0.01 M M 4.8 16 150 M M 6 23 160
================================================================================
SM 2139 1441 216 0 5.06 M 126.4 M 76
================================================================================
AV 69.0 46.5 4.1 FASTST M M 2 MAX(MPH)
MISC ----> 26 310 38 320
================================================================================
NOTES:
# LAST OF SEVERAL OCCURRENCES
COLUMN 17 PEAK WIND IN M.P.H.
PRELIMINARY LOCAL CLIMATOLOGICAL DATA (WS FORM: F-6) , PAGE 2
STATION: SANTA BARBARA AIRPORT CA
MONTH: DECEMBER
YEAR: 2023
LATITUDE: 34 25 N
LONGITUDE: 119 50 W
[TEMPERATURE DATA] [PRECIPITATION DATA] SYMBOLS USED IN COLUMN 16
AVERAGE MONTHLY: 57.7 TOTAL FOR MONTH: 5.06 1 = FOG OR MIST
DPTR FM NORMAL: 5.4 DPTR FM NORMAL: 2.15 2 = FOG REDUCING VISIBILITY
HIGHEST: 79 ON 5 GRTST 24HR 3.23 ON 20-21 TO 1/4 MILE OR LESS
LOWEST: 39 ON 15,14 3 = THUNDER
SNOW, ICE PELLETS, HAIL 4 = ICE PELLETS
TOTAL MONTH: M 5 = HAIL
GRTST 24HR M ON M 6 = FREEZING RAIN OR DRIZZLE
GRTST DEPTH: M ON M 7 = DUSTSTORM OR SANDSTORM:
VSBY 1/2 MILE OR LESS
8 = SMOKE OR HAZE
[NO. OF DAYS WITH] [WEATHER - DAYS WITH] 9 = BLOWING SNOW
X = TORNADO
MAX 32 OR BELOW: 0 0.01 INCH OR MORE: 7
MAX 90 OR ABOVE: 0 0.10 INCH OR MORE: 6
MIN 32 OR BELOW: 0 0.50 INCH OR MORE: 3
MIN 0 OR BELOW: 0 1.00 INCH OR MORE: 2
[HDD (BASE 65) ]
TOTAL THIS MO. 216 CLEAR (SCALE 0-3) 21
DPTR FM NORMAL -176 PTCLDY (SCALE 4-7) 6
TOTAL FM JUL 1 452 CLOUDY (SCALE 8-10) 4
DPTR FM NORMAL -402
[CDD (BASE 65) ]
TOTAL THIS MO. 0
DPTR FM NORMAL 0 [PRESSURE DATA]
TOTAL FM JAN 1 344 HIGHEST SLP 30.26 ON 9
DPTR FM NORMAL 129 LOWEST SLP 29.79 ON 20
[REMARKS]
#FINAL-12-23#