000
CXUS53 KMKX 010810
CF6SBM
PRELIMINARY LOCAL CLIMATOLOGICAL DATA (WS FORM: F-6)
STATION: SHEBOYGAN WI
MONTH: SEPTEMBER
YEAR: 2023
LATITUDE: 43 46 N
LONGITUDE: 87 51 W
TEMPERATURE IN F: :PCPN: SNOW: WIND :SUNSHINE: SKY :PK WND
================================================================================
1 2 3 4 5 6A 6B 7 8 9 10 11 12 13 14 15 16 17 18
12Z AVG MX 2MIN
DY MAX MIN AVG DEP HDD CDD WTR SNW DPTH SPD SPD DIR MIN PSBL S-S WX SPD DR
================================================================================
1 77 47 62 -3 3 0 0.00 M M 6.9 16 170 M M 1 12 22 170
2 86 61 74 9 0 9 0.00 M M 9.8 20 220 M M 0 26 250
3 93 72 83 19 0 18 0.00 M M 11.6 18 240 M M 0 29 230
4 91 63 77 13 0 12 0.00 M M 9.0 21 180 M M 0 1 29 170
5 86 67 77 13 0 12 T M M 7.9 17 180 M M 0 1 25 160
6 86 64 75 11 0 10 0.24 M M 7.9 21 40 M M 6 13 27 40
7 65 58 62 -1 3 0 0.00 M M 8.1 16 350 M M 10 23 320
8 66 45 56 -7 9 0 0.00 M M 5.7 12 30 M M 7 1 16 340
9 74 45 60 -3 5 0 0.00 M M 3.0 9 120 M M 0 1 14 130
10 72 49 61 -1 4 0 0.01 M M 4.8 13 70 M M 6 1 16 60
11 66 56 61 -1 4 0 0.17 M M 7.7 13 350 M M 9 1 18 340
12 68 52 60 -2 5 0 0.51 M M 7.3 13 10 M M 6 1 19 320
13 66 46 56 -6 9 0 0.01 M M 5.7 13 30 M M 5 1 20 20
14 69 41 55 -6 10 0 0.00 M M 3.6 13 130 M M 1 1 19 130
15 76 46 61 0 4 0 0.00 M M 7.7 17 210 M M 2 22 210
16 77 56 67 7 0 2 T M M 2.4 9 150 M M 6 14 260
17 69 50 60 0 5 0 0.00 M M 7.8 16 30 M M 5 24 70
18 68 45 57 -3 8 0 T M M 4.8 13 350 M M 4 17 330
19 68 45 57 -2 8 0 0.00 M M 5.8 15 200 M M 7 1 20 170
20 78 58 68 9 0 3 0.00 M M 4.5 12 170 M M 2 128 16 160
21 77 56 67 8 0 2 T M M 2.0 8 130 M M 2 128 11 160
22 77 56 67 9 0 2 0.00 M M 4.2 12 130 M M 3 12 18 120
23 76 57 67 9 0 2 0.01 M M 8.1 16 110 M M 4 24 110
24 70 59 65 8 0 0 T M M 7.4 14 110 M M 3 20 110
25 71 61 66 9 0 1 0.04 M M 6.7 15 120 M M 9 1 22 110
26 68 64 66 9 0 1 0.36 M M 7.6 14 90 M M 10 1 21 130
27 65 62 64 8 1 0 0.03 M M 8.0 14 110 M M 10 1 21 100
28 67 57 62 6 3 0 0.02 M M 3.8 13 60 M M 10 1 16 50
29 72 58 65 10 0 0 0.00 M M 5.4 13 180 M M 6 1 18 170
30 77 54 66 11 0 1 0.00 M M 6.9 20 180 M M 1 18 55 200
================================================================================
SM 2221 1650 81 75 1.40 M 192.1 M 135
================================================================================
AV 74.0 55.0 6.4 FASTST M M 5 MAX(MPH)
MISC ----> # 21 180 55 200
================================================================================
NOTES:
# LAST OF SEVERAL OCCURRENCES
COLUMN 17 PEAK WIND IN M.P.H.
PRELIMINARY LOCAL CLIMATOLOGICAL DATA (WS FORM: F-6) , PAGE 2
STATION: SHEBOYGAN WI
MONTH: SEPTEMBER
YEAR: 2023
LATITUDE: 43 46 N
LONGITUDE: 87 51 W
[TEMPERATURE DATA] [PRECIPITATION DATA] SYMBOLS USED IN COLUMN 16
AVERAGE MONTHLY: 64.5 TOTAL FOR MONTH: 1.40 1 = FOG OR MIST
DPTR FM NORMAL: 4.1 DPTR FM NORMAL: -1.30 2 = FOG REDUCING VISIBILITY
HIGHEST: 93 ON 3 GRTST 24HR 0.52 ON 12-13 TO 1/4 MILE OR LESS
LOWEST: 41 ON 14 3 = THUNDER
SNOW, ICE PELLETS, HAIL 4 = ICE PELLETS
TOTAL MONTH: M 5 = HAIL
GRTST 24HR M ON M 6 = FREEZING RAIN OR DRIZZLE
GRTST DEPTH: M ON M 7 = DUSTSTORM OR SANDSTORM:
VSBY 1/2 MILE OR LESS
8 = SMOKE OR HAZE
[NO. OF DAYS WITH] [WEATHER - DAYS WITH] 9 = BLOWING SNOW
X = TORNADO
MAX 32 OR BELOW: 0 0.01 INCH OR MORE: 10
MAX 90 OR ABOVE: 2 0.10 INCH OR MORE: 4
MIN 32 OR BELOW: 0 0.50 INCH OR MORE: 1
MIN 0 OR BELOW: 0 1.00 INCH OR MORE: 0
[HDD (BASE 65) ]
TOTAL THIS MO. 81 CLEAR (SCALE 0-3) 13
DPTR FM NORMAL -94 PTCLDY (SCALE 4-7) 11
TOTAL FM JUL 1 103 CLOUDY (SCALE 8-10) 6
DPTR FM NORMAL -131
[CDD (BASE 65) ]
TOTAL THIS MO. 75
DPTR FM NORMAL 38 [PRESSURE DATA]
TOTAL FM JAN 1 521 HIGHEST SLP M ON M
DPTR FM NORMAL 118 LOWEST SLP 29.66 ON 6
[REMARKS]
#FINAL-09-23#