000
CXUS56 KLOX 011256
CF6SBP
PRELIMINARY LOCAL CLIMATOLOGICAL DATA (WS FORM: F-6)
STATION: SAN LUIS OBISPO AIRPORT CA
MONTH: FEBRUARY
YEAR: 2024
LATITUDE: 35 13 N
LONGITUDE: 120 38 W
TEMPERATURE IN F: :PCPN: SNOW: WIND :SUNSHINE: SKY :PK WND
================================================================================
1 2 3 4 5 6A 6B 7 8 9 10 11 12 13 14 15 16 17 18
12Z AVG MX 2MIN
DY MAX MIN AVG DEP HDD CDD WTR SNW DPTH SPD SPD DIR MIN PSBL S-S WX SPD DR
================================================================================
1 63 52 58 5 7 0 0.99 M M 5.6 25 140 M M 8 1 39 130
2 62 46 54 1 11 0 0.05 M M 4.5 18 310 M M 5 128 26 300
3 59 45 52 -1 13 0 0.10 M M 4.4 13 140 M M 7 1 17 160
4 62 54 58 5 7 0 0.32 M M 19.2 39 130 M M 10 61 130
5 65 53 59 6 6 0 0.28 M M 5.4 15 120 M M 8 18 19 170
6 63 47 55 2 10 0 T M M 5.6 20 310 M M 7 12 24 310
7 60 46 53 0 12 0 0.05 M M 4.3 31 300 M M 7 8 48 220
8 61 40 51 -2 14 0 T M M 4.2 16 300 M M 6 23 260
9 64 41 53 -1 12 0 0.00 M M 4.6 18 290 M M 2 26 300
10 66 44 55 1 10 0 0.00 M M 6.9 21 310 M M 0 26 310
11 67 38 53 -1 12 0 0.00 M M 2.7 16 310 M M 0 19 310
12 69 40 55 1 10 0 0.00 M M 2.7 17 320 M M 0 23 320
13 68 42 55 1 10 0 0.00 M M 3.6 15 320 M M 0 21 330
14 64 49 57 3 8 0 T M M 3.5 12 250 M M 9 16 240
15 72 52 62 8 3 0 0.07 M M 6.2 21 310 M M 5 18 27 300
16 71 49 60 6 5 0 0.00 M M 2.4 12 320 M M 0 15 300
17 66 52 59 5 6 0 0.17 M M 5.4 22 110 M M 7 8 26 110
18 69 54 62 8 3 0 0.35 M M 9.2 23 140 M M 9 1 31 150
19 67 58 63 9 2 0 0.68 M M 9.9 28 170 M M 8 18 38 160
20 69 54 62 8 3 0 0.28 M M 5.7 15 220 M M 8 1 22 220
21 66 53 60 6 5 0 T M M 7.3 18 310 M M 4 128 25 300
22 70 49 60 6 5 0 0.00 M M 5.3 21 310 M M 0 27 310
23 77 47 62 8 3 0 0.00 M M 2.4 12 120 M M 1 13 120
24 75 48 62 8 3 0 0.00 M M 3.2 15 310 M M 1 128 17 320
25 74 51 63 9 2 0 0.00 M M 4.5 20 310 M M 4 128 23 300
26 67 48 58 4 7 0 0.00 M M 2.5 10 310 M M 3 18 13 320
27 70 48 59 5 6 0 0.00 M M 5.6 21 310 M M 3 25 310
28 71 47 59 5 6 0 0.00 M M 3.7 16 310 M M 0 19 320
29 64 51 58 4 7 0 0.10 M M 5.6 15 220 M M 8 18 20 230
================================================================================
SM 1941 1398 208 0 3.44 M 156.1 M 130
================================================================================
AV 66.9 48.2 5.4 FASTST M M 4 MAX(MPH)
MISC ----> 39 130 61 130
================================================================================
NOTES:
# LAST OF SEVERAL OCCURRENCES
COLUMN 17 PEAK WIND IN M.P.H.
PRELIMINARY LOCAL CLIMATOLOGICAL DATA (WS FORM: F-6) , PAGE 2
STATION: SAN LUIS OBISPO AIRPORT CA
MONTH: FEBRUARY
YEAR: 2024
LATITUDE: 35 13 N
LONGITUDE: 120 38 W
[TEMPERATURE DATA] [PRECIPITATION DATA] SYMBOLS USED IN COLUMN 16
AVERAGE MONTHLY: 57.6 TOTAL FOR MONTH: 3.44 1 = FOG OR MIST
DPTR FM NORMAL: 3.8 DPTR FM NORMAL: -0.10 2 = FOG REDUCING VISIBILITY
HIGHEST: 77 ON 23 GRTST 24HR 1.33 ON 31- 1 TO 1/4 MILE OR LESS
LOWEST: 38 ON 11 3 = THUNDER
SNOW, ICE PELLETS, HAIL 4 = ICE PELLETS
TOTAL MONTH: M 5 = HAIL
GRTST 24HR M ON M 6 = FREEZING RAIN OR DRIZZLE
GRTST DEPTH: M ON M 7 = DUSTSTORM OR SANDSTORM:
VSBY 1/2 MILE OR LESS
8 = SMOKE OR HAZE
[NO. OF DAYS WITH] [WEATHER - DAYS WITH] 9 = BLOWING SNOW
X = TORNADO
MAX 32 OR BELOW: 0 0.01 INCH OR MORE: 12
MAX 90 OR ABOVE: 0 0.10 INCH OR MORE: 9
MIN 32 OR BELOW: 0 0.50 INCH OR MORE: 2
MIN 0 OR BELOW: 0 1.00 INCH OR MORE: 0
[HDD (BASE 65) ]
TOTAL THIS MO. 208 CLEAR (SCALE 0-3) 11
DPTR FM NORMAL -108 PTCLDY (SCALE 4-7) 12
TOTAL FM JUL 1 718 CLOUDY (SCALE 8-10) 6
DPTR FM NORMAL -788
[CDD (BASE 65) ]
TOTAL THIS MO. 0
DPTR FM NORMAL -2 [PRESSURE DATA]
TOTAL FM JAN 1 5 HIGHEST SLP 30.25 ON 22
DPTR FM NORMAL 3 LOWEST SLP 29.57 ON 4
[REMARKS]
#FINAL-02-24#