000
CXUS51 KAKQ 010710
CF6SBY
PRELIMINARY LOCAL CLIMATOLOGICAL DATA (WS FORM: F-6)
STATION: SALISBURY MD
MONTH: APRIL
YEAR: 2023
LATITUDE: 38 20 N
LONGITUDE: 75 30 W
TEMPERATURE IN F: :PCPN: SNOW: WIND :SUNSHINE: SKY :PK WND
================================================================================
1 2 3 4 5 6A 6B 7 8 9 10 11 12 13 14 15 16 17 18
12Z AVG MX 2MIN
DY MAX MIN AVG DEP HDD CDD WTR SNW DPTH SPD SPD DIR MIN PSBL S-S WX SPD DR
================================================================================
1 73 50 62 12 3 0 0.52 0.0 0 19.1 40 260 M M 8 13 52 270
2 56 35 46 -4 19 0 T 0.0 0 10.4 28 310 M M 1 36 320
3 67 32 50 -1 15 0 0.00 0.0 0 8.4 18 180 M M 0 27 180
4 79 54 67 16 0 2 0.00 0.0 0 8.1 17 170 M M 3 24 180
5 84 57 71 19 0 6 0.00 0.0 0 9.5 21 180 M M 0 1 29 190
6 86 55 71 19 0 6 1.41 0.0 0 9.4 33 270 M M 3 13 46 270
7 57 48 53 1 12 0 0.07 0.0 0 6.4 16 340 M M 9 23 320
8 52 42 47 -6 18 0 0.00 0.0 0 9.0 20 50 M M 0 25 60
9 58 35 47 -6 18 0 0.00 0.0 0 7.4 20 50 M M 0 27 50
10 64 32 48 -5 17 0 0.00 0.0 0 2.8 15 160 M M 0 20 150
11 71 33 52 -2 13 0 0.00 0.0 0 6.4 15 240 M M 0 21 220
12 83 55 69 15 0 4 0.00 0.0 0 9.9 21 230 M M 0 28 260
13 87 50 69 15 0 4 0.00 0.0 0 6.0 16 250 M M 0 22 260
14 82 56 69 14 0 4 0.00 0.0 0 9.2 18 190 M M 0 25 190
15 81 61 71 16 0 6 T 0.0 0 6.7 17 230 M M 6 32 190
16 81 54 68 13 0 3 T 0.0 0 5.7 14 200 M M 2 1 17 200
17 70 51 61 5 4 0 0.00 0.0 0 9.3 23 210 M M 4 33 200
18 73 41 57 1 8 0 0.00 0.0 0 9.2 26 250 M M 2 36 260
19 71 36 54 -2 11 0 0.00 0.0 0 5.4 17 240 M M 0 23 240
20 86 47 67 10 0 2 0.00 0.0 0 4.7 15 50 M M 0 18 70
21 89 52 71 14 0 6 0.00 0.0 0 8.8 22 210 M M 0 28 200
22 79 57 68 11 0 3 1.00 0.0 0 10.7 28 190 M M 5 13 38 200
23 69 52 61 3 4 0 0.07 0.0 0 8.9 16 330 M M 5 1 22 340
24 62 41 52 -6 13 0 T 0.0 0 6.0 17 310 M M 5 24 320
25 63 37 50 -8 15 0 0.00 0.0 0 3.3 16 310 M M 1 20 310
26 66 36 51 -8 14 0 0.00 0.0 0 6.0 18 120 M M 4 23 140
27 71 49 60 1 5 0 0.00 0.0 0 5.5 14 110 M M 6 1 16 120
28 62 56 59 0 6 0 0.48 0.0 0 15.2 26 110 M M 10 1 37 100
29 74 60 67 8 0 2 0.00 0.0 0 5.0 10 280 M M 7 12 15 120
30 67 57 62 2 3 0 1.39 0.0 0 9.3 23 290 M M 9 13 37 290
================================================================================
SM 2163 1421 198 48 4.94 0.0 241.7 M 90
================================================================================
AV 72.1 47.4 8.1 FASTST M M 3 MAX(MPH)
MISC ----> 40 260 52 270
================================================================================
NOTES:
# LAST OF SEVERAL OCCURRENCES
COLUMN 17 PEAK WIND IN M.P.H.
PRELIMINARY LOCAL CLIMATOLOGICAL DATA (WS FORM: F-6) , PAGE 2
STATION: SALISBURY MD
MONTH: APRIL
YEAR: 2023
LATITUDE: 38 20 N
LONGITUDE: 75 30 W
[TEMPERATURE DATA] [PRECIPITATION DATA] SYMBOLS USED IN COLUMN 16
AVERAGE MONTHLY: 59.7 TOTAL FOR MONTH: 4.94 1 = FOG OR MIST
DPTR FM NORMAL: 4.6 DPTR FM NORMAL: 1.52 2 = FOG REDUCING VISIBILITY
HIGHEST: 89 ON 21 GRTST 24HR 1.48 ON 6- 7 TO 1/4 MILE OR LESS
LOWEST: 32 ON 10, 3 3 = THUNDER
SNOW, ICE PELLETS, HAIL 4 = ICE PELLETS
TOTAL MONTH: 0.0 INCH 5 = HAIL
GRTST 24HR 0.0 6 = FREEZING RAIN OR DRIZZLE
GRTST DEPTH: 0 7 = DUSTSTORM OR SANDSTORM:
VSBY 1/2 MILE OR LESS
8 = SMOKE OR HAZE
[NO. OF DAYS WITH] [WEATHER - DAYS WITH] 9 = BLOWING SNOW
X = TORNADO
MAX 32 OR BELOW: 0 0.01 INCH OR MORE: 7
MAX 90 OR ABOVE: 0 0.10 INCH OR MORE: 5
MIN 32 OR BELOW: 2 0.50 INCH OR MORE: 4
MIN 0 OR BELOW: 0 1.00 INCH OR MORE: 3
[HDD (BASE 65) ]
TOTAL THIS MO. 198 CLEAR (SCALE 0-3) 17
DPTR FM NORMAL -121 PTCLDY (SCALE 4-7) 9
TOTAL FM JUL 1 3388 CLOUDY (SCALE 8-10) 4
DPTR FM NORMAL -684
[CDD (BASE 65) ]
TOTAL THIS MO. 48
DPTR FM NORMAL 26 [PRESSURE DATA]
TOTAL FM JAN 1 49 HIGHEST SLP M ON M
DPTR FM NORMAL 25 LOWEST SLP 29.09 ON 30
[REMARKS]
#FINAL-04-23#