585
CXUS51 KAKQ 032139
CF6SBY
PRELIMINARY LOCAL CLIMATOLOGICAL DATA (WS FORM: F-6)
STATION: SALISBURY MD
MONTH: MARCH
YEAR: 2021
LATITUDE: 38 20 N
LONGITUDE: 75 30 W
TEMPERATURE IN F: :PCPN: SNOW: WIND :SUNSHINE: SKY :PK WND
================================================================================
1 2 3 4 5 6A 6B 7 8 9 10 11 12 13 14 15 16 17 18
12Z AVG MX 2MIN
DY MAX MIN AVG DEP HDD CDD WTR SNW DPTH SPD SPD DIR MIN PSBL S-S WX SPD DR
================================================================================
1 56 42 49 9 16 0 0.30 0.0 0 8.0 28 310 M M 7 12 34 300
2 42 28 35 -6 30 0 0.00 0.0 0 10.7 28 300 M M 0 39 320
3 55 28 42 1 23 0 0.00 0.0 0 6.0 15 220 M M 0 21 250
4 55 31 43 2 22 0 0.00 0.0 0 10.9 26 320 M M 1 36 350
5 41 28 35 -7 30 0 0.00 0.0 0 12.9 25 320 M M 0 33 300
6 46 25 36 -6 29 0 0.00 0.0 0 7.9 21 320 M M 0 29 290
7 46 22 34 -8 31 0 0.00 0.0 0 3.9 16 330 M M 0 23 340
8 50 22 36 -6 29 0 0.00 0.0 0 3.5 18 310 M M 0 23 330
9 68 32 50 7 15 0 0.00 0.0 0 7.0 17 250 M M 0 23 240
10 72 36 54 11 11 0 0.00 0.0 0 6.9 15 160 M M 0 19 160
11 75 47 61 18 4 0 0.00 0.0 0 14.0 26 200 M M 0 35 190
12 73 55 64 20 1 0 T 0.0 0 9.0 18 230 M M 3 25 220
13 60 34 47 3 18 0 0.00 0.0 0 9.4 23 320 M M 0 30 320
14 64 29 47 3 18 0 0.00 0.0 0 10.9 26 290 M M 0 39 280
15 46 30 38 -6 27 0 0.00 0.0 0 9.9 20 340 M M 0 27 340
16 46 36 41 -4 24 0 0.01 0.0 0 5.4 13 120 M M 10 1 17 140
17 53 42 48 3 17 0 0.03 0.0 0 7.8 13 70 M M 10 1 17 70
18 61 46 54 9 11 0 1.60 0.0 0 7.4 20 60 M M 10 13 26 40
19 48 29 39 -7 26 0 0.01 0.0 0 12.5 26 10 M M 5 35 10
20 53 29 41 -5 24 0 0.00 0.0 0 6.1 15 60 M M 0 20 70
21 62 29 46 0 19 0 0.00 0.0 0 4.2 14 40 M M 0 18 100
22 64 36 50 4 15 0 0.00 0.0 0 8.3 18 80 M M 0 25 40
23 65 43 54 7 11 0 0.00 0.0 0 9.1 16 60 M M 5 1 20 60
24 62 51 57 10 8 0 1.22 0.0 0 8.5 17 110 M M 10 1 22 100
25 76 56 66 19 0 1 0.00 0.0 0 7.1 16 190 M M 4 12 19 210
26 83 59 71 23 0 6 0.01 0.0 0 15.6 30 250 M M 3 40 250
27 72 45 59 11 6 0 T 0.0 0 5.9 16 140 M M 2 22 130
28 76 53 65 17 0 0 0.37 0.0 0 12.3 31 310 M M 7 12 39 340
29 57 37 47 -2 18 0 0.00 0.0 0 10.7 25 300 M M 0 39 300
30 65 33 49 0 16 0 0.00 0.0 0 8.2 17 170 M M 0 26 140
31 76 56 66 17 0 1 0.61 0.0 0 8.5 21 200 M M 9 1 26 210
================================================================================
SM 1868 1169 499 8 4.16 0.0 268.5 M 86
================================================================================
AV 60.3 37.7 8.7 FASTST M M 3 MAX(MPH)
MISC ----> 31 310 40 250
================================================================================
NOTES:
# LAST OF SEVERAL OCCURRENCES
COLUMN 17 PEAK WIND IN M.P.H.
PRELIMINARY LOCAL CLIMATOLOGICAL DATA (WS FORM: F-6) , PAGE 2
STATION: SALISBURY MD
MONTH: MARCH
YEAR: 2021
LATITUDE: 38 20 N
LONGITUDE: 75 30 W
[TEMPERATURE DATA] [PRECIPITATION DATA] SYMBOLS USED IN COLUMN 16
AVERAGE MONTHLY: 49.0 TOTAL FOR MONTH: 4.16 1 = FOG OR MIST
DPTR FM NORMAL: 4.3 DPTR FM NORMAL: -0.26 2 = FOG REDUCING VISIBILITY
HIGHEST: 83 ON 26 GRTST 24HR 1.60 ON 18-18 TO 1/4 MILE OR LESS
LOWEST: 22 ON 8, 7 3 = THUNDER
SNOW, ICE PELLETS, HAIL 4 = ICE PELLETS
TOTAL MONTH: 0.0 INCH 5 = HAIL
GRTST 24HR 0.0 6 = FREEZING RAIN OR DRIZZLE
GRTST DEPTH: 0 7 = DUSTSTORM OR SANDSTORM:
VSBY 1/2 MILE OR LESS
8 = SMOKE OR HAZE
[NO. OF DAYS WITH] [WEATHER - DAYS WITH] 9 = BLOWING SNOW
X = TORNADO
MAX 32 OR BELOW: 0 0.01 INCH OR MORE: 9
MAX 90 OR ABOVE: 0 0.10 INCH OR MORE: 5
MIN 32 OR BELOW: 13 0.50 INCH OR MORE: 3
MIN 0 OR BELOW: 0 1.00 INCH OR MORE: 2
[HDD (BASE 65) ]
TOTAL THIS MO. 499 CLEAR (SCALE 0-3) 21
DPTR FM NORMAL -131 PTCLDY (SCALE 4-7) 5
TOTAL FM JUL 1 3334 CLOUDY (SCALE 8-10) 5
DPTR FM NORMAL -601
[CDD (BASE 65) ]
TOTAL THIS MO. 8
DPTR FM NORMAL 6 [PRESSURE DATA]
TOTAL FM JAN 1 8 HIGHEST SLP M ON M
DPTR FM NORMAL 6 LOWEST SLP 29.54 ON 28
[REMARKS]
#FINAL-03-21#